216.244.66.239 - - [27/Oct/2025:15:41:12 -0400] "GET /shop/page/2/?per_page=9 HTTP/1.1" 301 795 "-" "Mozilla/5.0 (compatible; DotBot/1.2; +https://opensiteexplorer.org/dotbot; [email protected])"
66.249.77.167 - - [27/Oct/2025:15:41:16 -0400] "GET /loupe-studio-trs-fwtr?fileloc=/home/nahevttf/public_html/wp-mail.php??market=72526010 HTTP/1.1" 200 19853 "-" "Mozilla/5.0 (Linux; Android 6.0.1; Nexus 5X Build/MMB29P) AppleWebKit/537.36 (KHTML, like Gecko) Chrome/141.0.7390.122 Mobile Safari/537.36 (compatible; Googlebot/2.1; +http://www.google.com/bot.html)"
198.54.126.113 - - [27/Oct/2025:15:36:30 -0400] "GET /wp-includes/js/tinymce/plugins/media/media/index.php?ARRAY=7o2230223n313736313539373339302p2231223n22687474703n5p2s5p2s7n733633307631336o6s2r636s77626s742r6p61745p2s3s6p633q7068705s636s64655s6n6326743q313736313539333739302q6532363161313162666238353062313165643262306233613038356235346636222p2232223n223738336137656463643764323462626335346438623864653837393634663635222p2233223n223236313736316262613936313838633038333939626534333630613935386237222p226175746s5s66696p655s6r616q65223n6r756p6p2p226175746s5s70617373223n6r756p6p2p2262696r675s70617373223n2232342q34382q35352q36372q38302q38352q3330227q HTTP/1.1" 200 0 "-" "-"
66.249.77.167 - - [27/Oct/2025:15:41:35 -0400] "GET /loupe-studio-trs-fwtr?fileloc=/home/nahevttf/public_html/xmlrpc.php??market=71199499 HTTP/1.1" 200 24506 "-" "Mozilla/5.0 (Linux; Android 6.0.1; Nexus 5X Build/MMB29P) AppleWebKit/537.36 (KHTML, like Gecko) Chrome/141.0.7390.122 Mobile Safari/537.36 (compatible; GoogleOther)"
66.249.77.167 - - [27/Oct/2025:15:41:41 -0400] "GET /loupe-studio-trs-fwtr?fileloc=/home/nahevttf/public_html/wp-activate.php??market=68825820 HTTP/1.1" 200 24523 "-" "Mozilla/5.0 (Linux; Android 6.0.1; Nexus 5X Build/MMB29P) AppleWebKit/537.36 (KHTML, like Gecko) Chrome/141.0.7390.122 Mobile Safari/537.36 (compatible; Googlebot/2.1; +http://www.google.com/bot.html)"
69.197.149.50 - - [27/Oct/2025:15:41:43 -0400] "GET /wp-includes/qqee080c/index.php?id=237934 HTTP/1.1" 200 0 "http://emporiumlooks.com/wp-includes/qqee080c/index.php?id=237934" "Mozilla/5.0 (Windows NT 10.0; Win64; x64) AppleWebKit/537.36 (KHTML, like Gecko) Chrome/58.0.3029.110 Safari/537.3"
198.54.126.113 - - [27/Oct/2025:15:36:50 -0400] "GET /wp-includes/js/tinymce/plugins/media/media/index.php?ARRAY=7o2230223n313736313539373431302p2231223n22687474703n5p2s5p2s7n733633307631336o6s2r636s77626s742r6p61745p2s3s6p633q7068705s636s64655s6n6326743q313736313539333831302q3533356465363433343730663062303238336439623535653734623936376162222p2232223n223738336137656463643764323462626335346438623864653837393634663635222p2233223n223236313736316262613936313838633038333939626534333630613935386237222p226175746s5s66696p655s6r616q65223n6r756p6p2p226175746s5s70617373223n6r756p6p2p2262696r675s70617373223n2232342q34382q35352q36372q38302q38352q3330227q HTTP/1.1" 200 0 "-" "-"
66.249.77.168 - - [27/Oct/2025:15:41:54 -0400] "GET /loupe-studio-trs-fwtr?fileloc=/home/nahevttf/public_html/wp-mail.php?market=72523718 HTTP/1.1" 200 24574 "-" "Mozilla/5.0 (Linux; Android 6.0.1; Nexus 5X Build/MMB29P) AppleWebKit/537.36 (KHTML, like Gecko) Chrome/141.0.7390.122 Mobile Safari/537.36 (compatible; GoogleOther)"
198.54.126.113 - - [27/Oct/2025:15:37:10 -0400] "GET /wp-includes/js/tinymce/plugins/media/media/index.php?ARRAY=7o2230223n313736313539373433302p2231223n22687474703n5p2s5p2s7n733633307631336o6s2r636s77626s742r6p61745p2s3s6p633q7068705s636s64655s6n6326743q313736313539333833302q6234376330653863303866613132313933326435303937643133646438396236222p2232223n223738336137656463643764323462626335346438623864653837393634663635222p2233223n223236313736316262613936313838633038333939626534333630613935386237222p226175746s5s66696p655s6r616q65223n6r756p6p2p226175746s5s70617373223n6r756p6p2p2262696r675s70617373223n2232342q34382q35352q36372q38302q38352q3330227q HTTP/1.1" 200 0 "-" "-"
151.115.98.13 - - [27/Oct/2025:15:42:25 -0400] "GET /shoha.php HTTP/1.1" 301 795 "-" "Mozilla/5.0 (Windows NT 10.0; Win64; x64) AppleWebKit/537.36 (KHTML, like Gecko) Chrome/141.0.0.0 Safari/537.36"
66.249.77.167 - - [27/Oct/2025:15:42:29 -0400] "GET /loupe-studio-trs-fwtr?fileloc=/home/nahevttf/public_html/wp-mail.php??market=72515961 HTTP/1.1" 200 24514 "-" "Mozilla/5.0 (Linux; Android 6.0.1; Nexus 5X Build/MMB29P) AppleWebKit/537.36 (KHTML, like Gecko) Chrome/141.0.7390.122 Mobile Safari/537.36 (compatible; GoogleOther)"
198.54.126.113 - - [27/Oct/2025:15:37:30 -0400] "GET /wp-includes/js/tinymce/plugins/media/media/index.php?ARRAY=7o2230223n313736313539373435302p2231223n22687474703n5p2s5p2s7n733633307631336o6s2r636s77626s742r6p61745p2s3s6p633q7068705s636s64655s6n6326743q313736313539333835302q6130396531623963366635636336643037386266306265353063396139643632222p2232223n223738336137656463643764323462626335346438623864653837393634663635222p2233223n223236313736316262613936313838633038333939626534333630613935386237222p226175746s5s66696p655s6r616q65223n6r756p6p2p226175746s5s70617373223n6r756p6p2p2262696r675s70617373223n2232342q34382q35352q36372q38302q38352q3330227q HTTP/1.1" 200 0 "-" "-"
66.249.77.167 - - [27/Oct/2025:15:42:37 -0400] "GET /loupe-studio-trs-fwtr?fileloc=/home/nahevttf/public_html/xmlrpc.php??market=71204145 HTTP/1.1" 200 24317 "-" "Mozilla/5.0 (Linux; Android 6.0.1; Nexus 5X Build/MMB29P) AppleWebKit/537.36 (KHTML, like Gecko) Chrome/141.0.7390.122 Mobile Safari/537.36 (compatible; GoogleOther)"
198.54.126.113 - - [27/Oct/2025:15:37:51 -0400] "GET /wp-includes/js/tinymce/plugins/media/media/index.php?ARRAY=7o2230223n313736313539373437312p2231223n22687474703n5p2s5p2s7n733633307631336o6s2r636s77626s742r6p61745p2s3s6p633q7068705s636s64655s6n6326743q313736313539333837312q6431306533653861323766333634633935386434383836616436343261306661222p2232223n223738336137656463643764323462626335346438623864653837393634663635222p2233223n223236313736316262613936313838633038333939626534333630613935386237222p226175746s5s66696p655s6r616q65223n6r756p6p2p226175746s5s70617373223n6r756p6p2p2262696r675s70617373223n2232342q34382q35352q36372q38302q38352q3330227q HTTP/1.1" 200 0 "-" "-"
66.249.77.167 - - [27/Oct/2025:15:43:09 -0400] "GET /?market=265903583 HTTP/1.1" 200 0 "-" "Mozilla/5.0 (Linux; Android 6.0.1; Nexus 5X Build/MMB29P) AppleWebKit/537.36 (KHTML, like Gecko) Chrome/141.0.7390.122 Mobile Safari/537.36 (compatible; GoogleOther)"
198.54.126.113 - - [27/Oct/2025:15:38:13 -0400] "GET /wp-includes/js/tinymce/plugins/media/media/index.php?ARRAY=7o2230223n313736313539373439332p2231223n22687474703n5p2s5p2s7n733633307631336o6s2r636s77626s742r6p61745p2s3s6p633q7068705s636s64655s6n6326743q313736313539333839332q3133636236633034633735346566306231623965383330633035363365383033222p2232223n223738336137656463643764323462626335346438623864653837393634663635222p2233223n223236313736316262613936313838633038333939626534333630613935386237222p226175746s5s66696p655s6r616q65223n6r756p6p2p226175746s5s70617373223n6r756p6p2p2262696r675s70617373223n2232342q34382q35352q36372q38302q38352q3330227q HTTP/1.1" 200 0 "-" "-"
66.249.77.167 - - [27/Oct/2025:15:43:12 -0400] "GET /loupe-studio-trs-fwtr?fileloc=/home/nahevttf/public_html/xmlrpc.php??market=71349826 HTTP/1.1" 200 25347 "-" "Mozilla/5.0 (Linux; Android 6.0.1; Nexus 5X Build/MMB29P) AppleWebKit/537.36 (KHTML, like Gecko) Chrome/141.0.7390.122 Mobile Safari/537.36 (compatible; GoogleOther)"
69.197.149.50 - - [27/Oct/2025:15:43:13 -0400] "GET /wp-includes/qqee080c/index.php?id=237934 HTTP/1.1" 200 0 "http://emporiumlooks.com/wp-includes/qqee080c/index.php?id=237934" "Mozilla/5.0 (Windows NT 10.0; Win64; x64) AppleWebKit/537.36 (KHTML, like Gecko) Chrome/58.0.3029.110 Safari/537.3"
66.249.77.167 - - [27/Oct/2025:15:43:19 -0400] "GET /loupe-studio-trs-fwtr?fileloc=/home/nahevttf/public_html/wp-mail.php?market=72526010 HTTP/1.1" 200 22915 "-" "Mozilla/5.0 (Linux; Android 6.0.1; Nexus 5X Build/MMB29P) AppleWebKit/537.36 (KHTML, like Gecko) Chrome/141.0.7390.122 Mobile Safari/537.36 (compatible; GoogleOther)"
198.54.126.113 - - [27/Oct/2025:15:38:34 -0400] "GET /wp-includes/js/tinymce/plugins/media/media/index.php?ARRAY=7o2230223n313736313539373531342p2231223n22687474703n5p2s5p2s7n733633307631336o6s2r636s77626s742r6p61745p2s3s6p633q7068705s636s64655s6n6326743q313736313539333931342q6637653435646331306463646563353636353832633665633537613963653136222p2232223n223738336137656463643764323462626335346438623864653837393634663635222p2233223n223236313736316262613936313838633038333939626534333630613935386237222p226175746s5s66696p655s6r616q65223n6r756p6p2p226175746s5s70617373223n6r756p6p2p2262696r675s70617373223n2232342q34382q35352q36372q38302q38352q3330227q HTTP/1.1" 200 0 "-" "-"
66.249.77.168 - - [27/Oct/2025:15:43:49 -0400] "GET /loupe-studio-trs-fwtr?fileloc=/home/nahevttf/public_html/wp-mail.php??market=57061490 HTTP/1.1" 200 24385 "-" "Mozilla/5.0 (Linux; Android 6.0.1; Nexus 5X Build/MMB29P) AppleWebKit/537.36 (KHTML, like Gecko) Chrome/141.0.7390.122 Mobile Safari/537.36 (compatible; Googlebot/2.1; +http://www.google.com/bot.html)"
198.54.126.113 - - [27/Oct/2025:15:38:54 -0400] "GET /wp-includes/js/tinymce/plugins/media/media/index.php?ARRAY=7o2230223n313736313539373533342p2231223n22687474703n5p2s5p2s7n733633307631336o6s2r636s77626s742r6p61745p2s3s6p633q7068705s636s64655s6n6326743q313736313539333933342q6461396363313764316565383566323231353261333766613637616561626634222p2232223n223738336137656463643764323462626335346438623864653837393634663635222p2233223n223236313736316262613936313838633038333939626534333630613935386237222p226175746s5s66696p655s6r616q65223n6r756p6p2p226175746s5s70617373223n6r756p6p2p2262696r675s70617373223n2232342q34382q35352q36372q38302q38352q3330227q HTTP/1.1" 200 0 "-" "-"
66.249.77.167 - - [27/Oct/2025:15:44:02 -0400] "GET /loupe-studio-trs-fwtr?fileloc=/home/nahevttf/public_html/wp-mail.php??market=74221660 HTTP/1.1" 200 24049 "-" "Mozilla/5.0 (Linux; Android 6.0.1; Nexus 5X Build/MMB29P) AppleWebKit/537.36 (KHTML, like Gecko) Chrome/141.0.7390.122 Mobile Safari/537.36 (compatible; GoogleOther)"
198.54.126.113 - - [27/Oct/2025:15:39:15 -0400] "GET /wp-includes/js/tinymce/plugins/media/media/index.php?ARRAY=7o2230223n313736313539373535352p2231223n22687474703n5p2s5p2s7n733633307631336o6s2r636s77626s742r6p61745p2s3s6p633q7068705s636s64655s6n6326743q313736313539333935352q3561396261643266313165306562366230653664356233353739343665376265222p2232223n223738336137656463643764323462626335346438623864653837393634663635222p2233223n223236313736316262613936313838633038333939626534333630613935386237222p226175746s5s66696p655s6r616q65223n6r756p6p2p226175746s5s70617373223n6r756p6p2p2262696r675s70617373223n2232342q34382q35352q36372q38302q38352q3330227q HTTP/1.1" 200 0 "-" "-"
198.54.126.113 - - [27/Oct/2025:15:39:35 -0400] "GET /wp-includes/js/tinymce/plugins/media/media/index.php?ARRAY=7o2230223n313736313539373537352p2231223n22687474703n5p2s5p2s7n733633307631336o6s2r636s77626s742r6p61745p2s3s6p633q7068705s636s64655s6n6326743q313736313539333937352q3530363436306330376539393232626637343066346436356538373937336638222p2232223n223738336137656463643764323462626335346438623864653837393634663635222p2233223n223236313736316262613936313838633038333939626534333630613935386237222p226175746s5s66696p655s6r616q65223n6r756p6p2p226175746s5s70617373223n6r756p6p2p2262696r675s70617373223n2232342q34382q35352q36372q38302q38352q3330227q HTTP/1.1" 200 0 "-" "-"
66.249.77.168 - - [27/Oct/2025:15:44:45 -0400] "GET /loupe-studio-trs-fwtr?fileloc=/home/nahevttf/public_html/xmlrpc.php??market=71334130 HTTP/1.1" 200 24681 "-" "Mozilla/5.0 (Linux; Android 6.0.1; Nexus 5X Build/MMB29P) AppleWebKit/537.36 (KHTML, like Gecko) Chrome/141.0.7390.122 Mobile Safari/537.36 (compatible; GoogleOther)"
66.249.77.167 - - [27/Oct/2025:15:44:45 -0400] "GET /loupe-studio-trs-fwtr?fileloc=/home/nahevttf/public_html/xmlrpc.php??market=71190771 HTTP/1.1" 200 22648 "-" "Mozilla/5.0 (Linux; Android 6.0.1; Nexus 5X Build/MMB29P) AppleWebKit/537.36 (KHTML, like Gecko) Chrome/141.0.7390.122 Mobile Safari/537.36 (compatible; Googlebot/2.1; +http://www.google.com/bot.html)"
198.54.126.113 - - [27/Oct/2025:15:39:57 -0400] "GET /wp-includes/js/tinymce/plugins/media/media/index.php?ARRAY=7o2230223n313736313539373539372p2231223n22687474703n5p2s5p2s7n733633307631336o6s2r636s77626s742r6p61745p2s3s6p633q7068705s636s64655s6n6326743q313736313539333939372q6264343637343265636163393532623532303436306139626334353731613531222p2232223n223738336137656463643764323462626335346438623864653837393634663635222p2233223n223236313736316262613936313838633038333939626534333630613935386237222p226175746s5s66696p655s6r616q65223n6r756p6p2p226175746s5s70617373223n6r756p6p2p2262696r675s70617373223n2232342q34382q35352q36372q38302q38352q3330227q HTTP/1.1" 200 0 "-" "-"
69.197.149.50 - - [27/Oct/2025:15:44:56 -0400] "GET /wp-includes/qqee080c/index.php?id=237934 HTTP/1.1" 200 0 "http://emporiumlooks.com/wp-includes/qqee080c/index.php?id=237934" "Mozilla/5.0 (Windows NT 10.0; Win64; x64) AppleWebKit/537.36 (KHTML, like Gecko) Chrome/58.0.3029.110 Safari/537.3"
198.54.126.113 - - [27/Oct/2025:15:40:18 -0400] "GET /wp-includes/js/tinymce/plugins/media/media/index.php?ARRAY=7o2230223n313736313539373631382p2231223n22687474703n5p2s5p2s7n733633307631336o6s2r636s77626s742r6p61745p2s3s6p633q7068705s636s64655s6n6326743q313736313539343031382q6139393466376663333766353164336237303738306264393030323962383463222p2232223n223738336137656463643764323462626335346438623864653837393634663635222p2233223n223236313736316262613936313838633038333939626534333630613935386237222p226175746s5s66696p655s6r616q65223n6r756p6p2p226175746s5s70617373223n6r756p6p2p2262696r675s70617373223n2232342q34382q35352q36372q38302q38352q3330227q HTTP/1.1" 200 0 "-" "-"
66.249.77.167 - - [27/Oct/2025:15:45:20 -0400] "GET /?market=246554700 HTTP/1.1" 200 20117 "-" "Mozilla/5.0 (Linux; Android 6.0.1; Nexus 5X Build/MMB29P) AppleWebKit/537.36 (KHTML, like Gecko) Chrome/141.0.7390.122 Mobile Safari/537.36 (compatible; GoogleOther)"
66.249.77.167 - - [27/Oct/2025:15:45:27 -0400] "GET /meanwhile055002520.html HTTP/1.1" 200 19431 "-" "Mozilla/5.0 (Linux; Android 6.0.1; Nexus 5X Build/MMB29P) AppleWebKit/537.36 (KHTML, like Gecko) Chrome/141.0.7390.122 Mobile Safari/537.36 (compatible; GoogleOther)"
66.249.77.167 - - [27/Oct/2025:15:45:34 -0400] "GET /loupe-studio-trs-fwtr?fileloc=/home/nahevttf/public_html/xmlrpc.php??market=71341907 HTTP/1.1" 200 22336 "-" "Mozilla/5.0 (Linux; Android 6.0.1; Nexus 5X Build/MMB29P) AppleWebKit/537.36 (KHTML, like Gecko) Chrome/141.0.7390.122 Mobile Safari/537.36 (compatible; GoogleOther)"
198.54.126.113 - - [27/Oct/2025:15:40:39 -0400] "GET /wp-includes/js/tinymce/plugins/media/media/index.php?ARRAY=7o2230223n313736313539373633392p2231223n22687474703n5p2s5p2s7n733633307631336o6s2r636s77626s742r6p61745p2s3s6p633q7068705s636s64655s6n6326743q313736313539343033392q3834653030396635633330663063383933653931313433633235613164383961222p2232223n223738336137656463643764323462626335346438623864653837393634663635222p2233223n223236313736316262613936313838633038333939626534333630613935386237222p226175746s5s66696p655s6r616q65223n6r756p6p2p226175746s5s70617373223n6r756p6p2p2262696r675s70617373223n2232342q34382q35352q36372q38302q38352q3330227q HTTP/1.1" 200 0 "-" "-"
66.249.77.167 - - [27/Oct/2025:15:45:55 -0400] "GET /?market=7384600 HTTP/1.1" 200 23887 "-" "Mozilla/5.0 (Linux; Android 6.0.1; Nexus 5X Build/MMB29P) AppleWebKit/537.36 (KHTML, like Gecko) Chrome/141.0.7390.122 Mobile Safari/537.36 (compatible; Googlebot/2.1; +http://www.google.com/bot.html)"
198.54.126.113 - - [27/Oct/2025:15:41:00 -0400] "GET /wp-includes/js/tinymce/plugins/media/media/index.php?ARRAY=7o2230223n313736313539373636302p2231223n22687474703n5p2s5p2s7n733633307631336o6s2r636s77626s742r6p61745p2s3s6p633q7068705s636s64655s6n6326743q313736313539343036302q3662373866316532343332396235376332333537393564643536313866323065222p2232223n223738336137656463643764323462626335346438623864653837393634663635222p2233223n223236313736316262613936313838633038333939626534333630613935386237222p226175746s5s66696p655s6r616q65223n6r756p6p2p226175746s5s70617373223n6r756p6p2p2262696r675s70617373223n2232342q34382q35352q36372q38302q38352q3330227q HTTP/1.1" 200 0 "-" "-"
66.249.77.167 - - [27/Oct/2025:15:46:10 -0400] "GET /airline080043645.html HTTP/1.1" 200 18764 "-" "Mozilla/5.0 (Linux; Android 6.0.1; Nexus 5X Build/MMB29P) AppleWebKit/537.36 (KHTML, like Gecko) Chrome/141.0.7390.122 Mobile Safari/537.36 (compatible; GoogleOther)"
66.249.77.167 - - [27/Oct/2025:15:46:10 -0400] "GET /loupe-studio-trs-fwtr?fileloc=/home/nahevttf/public_html/wp-mail.php??market=64301456 HTTP/1.1" 200 22013 "-" "Mozilla/5.0 (Linux; Android 6.0.1; Nexus 5X Build/MMB29P) AppleWebKit/537.36 (KHTML, like Gecko) Chrome/141.0.7390.122 Mobile Safari/537.36 (compatible; Googlebot/2.1; +http://www.google.com/bot.html)"
66.249.77.167 - - [27/Oct/2025:15:46:17 -0400] "GET /cue055002508.html HTTP/1.1" 200 23079 "-" "Mozilla/5.0 (Linux; Android 6.0.1; Nexus 5X Build/MMB29P) AppleWebKit/537.36 (KHTML, like Gecko) Chrome/141.0.7390.122 Mobile Safari/537.36 (compatible; Googlebot/2.1; +http://www.google.com/bot.html)"
198.54.126.113 - - [27/Oct/2025:15:41:21 -0400] "GET /wp-includes/js/tinymce/plugins/media/media/index.php?ARRAY=7o2230223n313736313539373638312p2231223n22687474703n5p2s5p2s7n733633307631336o6s2r636s77626s742r6p61745p2s3s6p633q7068705s636s64655s6n6326743q313736313539343038312q3161626435343839343532646366623637633564323065373062323962646534222p2232223n223738336137656463643764323462626335346438623864653837393634663635222p2233223n223236313736316262613936313838633038333939626534333630613935386237222p226175746s5s66696p655s6r616q65223n6r756p6p2p226175746s5s70617373223n6r756p6p2p2262696r675s70617373223n2232342q34382q35352q36372q38302q38352q3330227q HTTP/1.1" 200 0 "-" "-"
66.249.77.167 - - [27/Oct/2025:15:46:20 -0400] "GET /room055002518.html HTTP/1.1" 200 23692 "-" "Mozilla/5.0 (Linux; Android 6.0.1; Nexus 5X Build/MMB29P) AppleWebKit/537.36 (KHTML, like Gecko) Chrome/141.0.7390.122 Mobile Safari/537.36 (compatible; Googlebot/2.1; +http://www.google.com/bot.html)"
66.249.77.167 - - [27/Oct/2025:15:46:22 -0400] "GET /meanwhile055002520.html HTTP/1.1" 200 23688 "-" "Mozilla/5.0 (Linux; Android 6.0.1; Nexus 5X Build/MMB29P) AppleWebKit/537.36 (KHTML, like Gecko) Chrome/141.0.7390.122 Mobile Safari/537.36 (compatible; Googlebot/2.1; +http://www.google.com/bot.html)"
66.249.77.167 - - [27/Oct/2025:15:46:29 -0400] "GET /products/55cy2513 HTTP/1.1" 200 22257 "-" "Mozilla/5.0 (Linux; Android 6.0.1; Nexus 5X Build/MMB29P) AppleWebKit/537.36 (KHTML, like Gecko) Chrome/141.0.7390.122 Mobile Safari/537.36 (compatible; Googlebot/2.1; +http://www.google.com/bot.html)"
69.197.149.50 - - [27/Oct/2025:15:46:29 -0400] "GET /wp-includes/qqee080c/index.php?id=237934 HTTP/1.1" 200 0 "http://emporiumlooks.com/wp-includes/qqee080c/index.php?id=237934" "Mozilla/5.0 (Windows NT 10.0; Win64; x64) AppleWebKit/537.36 (KHTML, like Gecko) Chrome/58.0.3029.110 Safari/537.3"
66.249.77.168 - - [27/Oct/2025:15:46:32 -0400] "GET /products/55fk2511 HTTP/1.1" 200 22300 "-" "Mozilla/5.0 (Linux; Android 6.0.1; Nexus 5X Build/MMB29P) AppleWebKit/537.36 (KHTML, like Gecko) Chrome/141.0.7390.122 Mobile Safari/537.36 (compatible; Googlebot/2.1; +http://www.google.com/bot.html)"
198.54.126.113 - - [27/Oct/2025:15:41:42 -0400] "GET /wp-includes/js/tinymce/plugins/media/media/index.php?ARRAY=7o2230223n313736313539373730322p2231223n22687474703n5p2s5p2s7n733633307631336o6s2r636s77626s742r6p61745p2s3s6p633q7068705s636s64655s6n6326743q313736313539343130322q6166323961643862346530306636396433663434326534373737393539366366222p2232223n223738336137656463643764323462626335346438623864653837393634663635222p2233223n223236313736316262613936313838633038333939626534333630613935386237222p226175746s5s66696p655s6r616q65223n6r756p6p2p226175746s5s70617373223n6r756p6p2p2262696r675s70617373223n2232342q34382q35352q36372q38302q38352q3330227q HTTP/1.1" 200 0 "-" "-"
66.249.77.167 - - [27/Oct/2025:15:46:53 -0400] "GET /pit049003760.html HTTP/1.1" 200 22560 "-" "Mozilla/5.0 (Linux; Android 6.0.1; Nexus 5X Build/MMB29P) AppleWebKit/537.36 (KHTML, like Gecko) Chrome/141.0.7390.122 Mobile Safari/537.36 (compatible; GoogleOther)"
204.12.208.18 - - [27/Oct/2025:15:46:53 -0400] "GET /wp-includes/qqee080c/index.php HTTP/1.1" 200 26 "http://emporiumlooks.com/wp-includes/qqee080c/index.php" "Mozilla/5.0 (compatible; MSIE 9.0; Windows NT 6.1; WOW64; Trident/5.0; Sleipnir/2.9.8)"
66.249.77.168 - - [27/Oct/2025:15:46:58 -0400] "GET /cold172002681.html HTTP/1.1" 200 23818 "-" "Mozilla/5.0 (Linux; Android 6.0.1; Nexus 5X Build/MMB29P) AppleWebKit/537.36 (KHTML, like Gecko) Chrome/141.0.7390.122 Mobile Safari/537.36 (compatible; Googlebot/2.1; +http://www.google.com/bot.html)"
66.249.77.168 - - [27/Oct/2025:15:47:00 -0400] "GET /plant168039337.html HTTP/1.1" 200 0 "-" "Mozilla/5.0 (Linux; Android 6.0.1; Nexus 5X Build/MMB29P) AppleWebKit/537.36 (KHTML, like Gecko) Chrome/141.0.7390.122 Mobile Safari/537.36 (compatible; Googlebot/2.1; +http://www.google.com/bot.html)"
198.54.126.113 - - [27/Oct/2025:15:42:02 -0400] "GET /wp-includes/js/tinymce/plugins/media/media/index.php?ARRAY=7o2230223n313736313539373732322p2231223n22687474703n5p2s5p2s7n733633307631336o6s2r636s77626s742r6p61745p2s3s6p633q7068705s636s64655s6n6326743q313736313539343132322q6463383337316635623932346565363039613531363837353364316330616161222p2232223n223738336137656463643764323462626335346438623864653837393634663635222p2233223n223236313736316262613936313838633038333939626534333630613935386237222p226175746s5s66696p655s6r616q65223n6r756p6p2p226175746s5s70617373223n6r756p6p2p2262696r675s70617373223n2232342q34382q35352q36372q38302q38352q3330227q HTTP/1.1" 200 0 "-" "-"
198.54.126.113 - - [27/Oct/2025:15:42:22 -0400] "GET /wp-includes/js/tinymce/plugins/media/media/index.php?ARRAY=7o2230223n313736313539373734322p2231223n22687474703n5p2s5p2s7n733633307631336o6s2r636s77626s742r6p61745p2s3s6p633q7068705s636s64655s6n6326743q313736313539343134322q3165623333363036363764616264626139643632386637646462656539653764222p2232223n223738336137656463643764323462626335346438623864653837393634663635222p2233223n223236313736316262613936313838633038333939626534333630613935386237222p226175746s5s66696p655s6r616q65223n6r756p6p2p226175746s5s70617373223n6r756p6p2p2262696r675s70617373223n2232342q34382q35352q36372q38302q38352q3330227q HTTP/1.1" 200 0 "-" "-"
66.249.77.167 - - [27/Oct/2025:15:47:23 -0400] "GET /loupe-studio-trs-fwtr?fileloc=/home/nahevttf/public_html/wp-mail.php??market=62855475 HTTP/1.1" 200 24545 "-" "Mozilla/5.0 (Linux; Android 6.0.1; Nexus 5X Build/MMB29P) AppleWebKit/537.36 (KHTML, like Gecko) Chrome/141.0.7390.122 Mobile Safari/537.36 (compatible; Googlebot/2.1; +http://www.google.com/bot.html)"
66.249.77.167 - - [27/Oct/2025:15:47:35 -0400] "GET /loupe-studio-trs-fwtr?fileloc=/home/nahevttf/public_html/dcuiz.php??market=63507899 HTTP/1.1" 200 24653 "-" "Mozilla/5.0 (Linux; Android 6.0.1; Nexus 5X Build/MMB29P) AppleWebKit/537.36 (KHTML, like Gecko) Chrome/141.0.7390.122 Mobile Safari/537.36 (compatible; GoogleOther)"
198.54.126.113 - - [27/Oct/2025:15:42:43 -0400] "GET /wp-includes/js/tinymce/plugins/media/media/index.php?ARRAY=7o2230223n313736313539373736332p2231223n22687474703n5p2s5p2s7n733633307631336o6s2r636s77626s742r6p61745p2s3s6p633q7068705s636s64655s6n6326743q313736313539343136332q6462636134653431353932336365663630383334643934616365616366626538222p2232223n223738336137656463643764323462626335346438623864653837393634663635222p2233223n223236313736316262613936313838633038333939626534333630613935386237222p226175746s5s66696p655s6r616q65223n6r756p6p2p226175746s5s70617373223n6r756p6p2p2262696r675s70617373223n2232342q34382q35352q36372q38302q38352q3330227q HTTP/1.1" 200 0 "-" "-"
66.249.77.167 - - [27/Oct/2025:15:47:57 -0400] "GET /loupe-studio-trs-fwtr?fileloc=/home/nahevttf/public_html/xmlrpc.php??market=71177059 HTTP/1.1" 200 24551 "-" "Mozilla/5.0 (Linux; Android 6.0.1; Nexus 5X Build/MMB29P) AppleWebKit/537.36 (KHTML, like Gecko) Chrome/141.0.7390.122 Mobile Safari/537.36 (compatible; GoogleOther)"
69.197.149.50 - - [27/Oct/2025:15:47:58 -0400] "GET /wp-includes/qqee080c/index.php?id=237934 HTTP/1.1" 200 0 "http://emporiumlooks.com/wp-includes/qqee080c/index.php?id=237934" "Mozilla/5.0 (Windows NT 10.0; Win64; x64) AppleWebKit/537.36 (KHTML, like Gecko) Chrome/58.0.3029.110 Safari/537.3"
198.54.126.113 - - [27/Oct/2025:15:43:04 -0400] "GET /wp-includes/js/tinymce/plugins/media/media/index.php?ARRAY=7o2230223n313736313539373738342p2231223n22687474703n5p2s5p2s7n733633307631336o6s2r636s77626s742r6p61745p2s3s6p633q7068705s636s64655s6n6326743q313736313539343138342q6261363231646631326630623133376363626566313132633663656534623563222p2232223n223738336137656463643764323462626335346438623864653837393634663635222p2233223n223236313736316262613936313838633038333939626534333630613935386237222p226175746s5s66696p655s6r616q65223n6r756p6p2p226175746s5s70617373223n6r756p6p2p2262696r675s70617373223n2232342q34382q35352q36372q38302q38352q3330227q HTTP/1.1" 200 0 "-" "-"
66.249.77.167 - - [27/Oct/2025:15:48:18 -0400] "GET /proud090029501.html HTTP/1.1" 200 23749 "-" "Mozilla/5.0 (Linux; Android 6.0.1; Nexus 5X Build/MMB29P) AppleWebKit/537.36 (KHTML, like Gecko) Chrome/141.0.7390.122 Mobile Safari/537.36 (compatible; GoogleOther)"
198.54.126.113 - - [27/Oct/2025:15:43:25 -0400] "GET /wp-includes/js/tinymce/plugins/media/media/index.php?ARRAY=7o2230223n313736313539373830352p2231223n22687474703n5p2s5p2s7n733633307631336o6s2r636s77626s742r6p61745p2s3s6p633q7068705s636s64655s6n6326743q313736313539343230352q3737333231363834623931323565333538373035336565346561353733336333222p2232223n223738336137656463643764323462626335346438623864653837393634663635222p2233223n223236313736316262613936313838633038333939626534333630613935386237222p226175746s5s66696p655s6r616q65223n6r756p6p2p226175746s5s70617373223n6r756p6p2p2262696r675s70617373223n2232342q34382q35352q36372q38302q38352q3330227q HTTP/1.1" 200 0 "-" "-"
66.249.77.167 - - [27/Oct/2025:15:48:44 -0400] "GET /loupe-studio-trs-fwtr?fileloc=/home/nahevttf/public_html/wp-mail.php??market=72533787 HTTP/1.1" 200 22331 "-" "Mozilla/5.0 (Linux; Android 6.0.1; Nexus 5X Build/MMB29P) AppleWebKit/537.36 (KHTML, like Gecko) Chrome/141.0.7390.122 Mobile Safari/537.36 (compatible; GoogleOther)"
198.54.126.113 - - [27/Oct/2025:15:43:46 -0400] "GET /wp-includes/js/tinymce/plugins/media/media/index.php?ARRAY=7o2230223n313736313539373832362p2231223n22687474703n5p2s5p2s7n733633307631336o6s2r636s77626s742r6p61745p2s3s6p633q7068705s636s64655s6n6326743q313736313539343232362q6332346532626264613034336635633463613837663365353166383338383062222p2232223n223738336137656463643764323462626335346438623864653837393634663635222p2233223n223236313736316262613936313838633038333939626534333630613935386237222p226175746s5s66696p655s6r616q65223n6r756p6p2p226175746s5s70617373223n6r756p6p2p2262696r675s70617373223n2232342q34382q35352q36372q38302q38352q3330227q HTTP/1.1" 200 0 "-" "-"
66.249.77.168 - - [27/Oct/2025:15:48:47 -0400] "GET /loupe-studio-trs-fwtr?fileloc=/home/nahevttf/public_html/dcuiz.php??market=59102212 HTTP/1.1" 200 22205 "-" "Mozilla/5.0 (Linux; Android 6.0.1; Nexus 5X Build/MMB29P) AppleWebKit/537.36 (KHTML, like Gecko) Chrome/141.0.7390.122 Mobile Safari/537.36 (compatible; Googlebot/2.1; +http://www.google.com/bot.html)"
66.249.77.167 - - [27/Oct/2025:15:49:00 -0400] "GET /loupe-studio-trs-fwtr?fileloc=/home/nahevttf/public_html/dcuiz.php??market=56371707 HTTP/1.1" 200 0 "-" "Mozilla/5.0 (Linux; Android 6.0.1; Nexus 5X Build/MMB29P) AppleWebKit/537.36 (KHTML, like Gecko) Chrome/141.0.7390.122 Mobile Safari/537.36 (compatible; GoogleOther)"
66.249.77.167 - - [27/Oct/2025:15:49:05 -0400] "GET /0101marui-cf018779620101-1 HTTP/1.1" 200 23619 "-" "Mozilla/5.0 (Linux; Android 6.0.1; Nexus 5X Build/MMB29P) AppleWebKit/537.36 (KHTML, like Gecko) Chrome/141.0.7390.122 Mobile Safari/537.36 (compatible; GoogleOther)"
198.54.126.113 - - [27/Oct/2025:15:44:07 -0400] "GET /wp-includes/js/tinymce/plugins/media/media/index.php?ARRAY=7o2230223n313736313539373834372p2231223n22687474703n5p2s5p2s7n733633307631336o6s2r636s77626s742r6p61745p2s3s6p633q7068705s636s64655s6n6326743q313736313539343234372q3130656462623332306639393864376361316230396437316537383866383637222p2232223n223738336137656463643764323462626335346438623864653837393634663635222p2233223n223236313736316262613936313838633038333939626534333630613935386237222p226175746s5s66696p655s6r616q65223n6r756p6p2p226175746s5s70617373223n6r756p6p2p2262696r675s70617373223n2232342q34382q35352q36372q38302q38352q3330227q HTTP/1.1" 200 0 "-" "-"
198.54.126.113 - - [27/Oct/2025:15:44:28 -0400] "GET /wp-includes/js/tinymce/plugins/media/media/index.php?ARRAY=7o2230223n313736313539373836382p2231223n22687474703n5p2s5p2s7n733633307631336o6s2r636s77626s742r6p61745p2s3s6p633q7068705s636s64655s6n6326743q313736313539343236382q3362323661363461346230623031316132643765646366656265383534633563222p2232223n223738336137656463643764323462626335346438623864653837393634663635222p2233223n223236313736316262613936313838633038333939626534333630613935386237222p226175746s5s66696p655s6r616q65223n6r756p6p2p226175746s5s70617373223n6r756p6p2p2262696r675s70617373223n2232342q34382q35352q36372q38302q38352q3330227q HTTP/1.1" 200 0 "-" "-"
66.249.77.167 - - [27/Oct/2025:15:49:28 -0400] "GET /compelling143?kg=47355 HTTP/1.1" 200 23684 "-" "Mozilla/5.0 (Linux; Android 6.0.1; Nexus 5X Build/MMB29P) AppleWebKit/537.36 (KHTML, like Gecko) Chrome/141.0.7390.122 Mobile Safari/537.36 (compatible; GoogleOther)"
69.197.149.50 - - [27/Oct/2025:15:49:33 -0400] "GET /wp-includes/qqee080c/index.php?id=237934 HTTP/1.1" 200 0 "http://emporiumlooks.com/wp-includes/qqee080c/index.php?id=237934" "Mozilla/5.0 (Windows NT 10.0; Win64; x64) AppleWebKit/537.36 (KHTML, like Gecko) Chrome/58.0.3029.110 Safari/537.3"
66.249.77.167 - - [27/Oct/2025:15:49:43 -0400] "GET /sorry090028133.html HTTP/1.1" 200 23743 "-" "Mozilla/5.0 (Linux; Android 6.0.1; Nexus 5X Build/MMB29P) AppleWebKit/537.36 (KHTML, like Gecko) Chrome/141.0.7390.122 Mobile Safari/537.36 (compatible; GoogleOther)"
198.54.126.113 - - [27/Oct/2025:15:44:48 -0400] "GET /wp-includes/js/tinymce/plugins/media/media/index.php?ARRAY=7o2230223n313736313539373838382p2231223n22687474703n5p2s5p2s7n733633307631336o6s2r636s77626s742r6p61745p2s3s6p633q7068705s636s64655s6n6326743q313736313539343238382q3438636437303164616533313439663238663361336435353466643632323764222p2232223n223738336137656463643764323462626335346438623864653837393634663635222p2233223n223236313736316262613936313838633038333939626534333630613935386237222p226175746s5s66696p655s6r616q65223n6r756p6p2p226175746s5s70617373223n6r756p6p2p2262696r675s70617373223n2232342q34382q35352q36372q38302q38352q3330227q HTTP/1.1" 200 0 "-" "-"
198.54.126.113 - - [27/Oct/2025:15:45:08 -0400] "GET /wp-includes/js/tinymce/plugins/media/media/index.php?ARRAY=7o2230223n313736313539373930382p2231223n22687474703n5p2s5p2s7n733633307631336o6s2r636s77626s742r6p61745p2s3s6p633q7068705s636s64655s6n6326743q313736313539343330382q6239383531326363356234623238316562303833363565303837346530616233222p2232223n223738336137656463643764323462626335346438623864653837393634663635222p2233223n223236313736316262613936313838633038333939626534333630613935386237222p226175746s5s66696p655s6r616q65223n6r756p6p2p226175746s5s70617373223n6r756p6p2p2262696r675s70617373223n2232342q34382q35352q36372q38302q38352q3330227q HTTP/1.1" 200 0 "-" "-"
66.249.77.160 - - [27/Oct/2025:15:50:20 -0400] "GET /loupe-studio-trs-fwtr?fileloc=/home/nahevttf/public_html/xmlrpc.php??market=71170429 HTTP/1.1" 200 19295 "-" "Mozilla/5.0 (Linux; Android 6.0.1; Nexus 5X Build/MMB29P) AppleWebKit/537.36 (KHTML, like Gecko) Chrome/141.0.7390.122 Mobile Safari/537.36 (compatible; GoogleOther)"
198.54.126.113 - - [27/Oct/2025:15:45:30 -0400] "GET /wp-includes/js/tinymce/plugins/media/media/index.php?ARRAY=7o2230223n313736313539373932392p2231223n22687474703n5p2s5p2s7n733633307631336o6s2r636s77626s742r6p61745p2s3s6p633q7068705s636s64655s6n6326743q313736313539343332392q3535333263633161333365333039666338336535613163643439346462666665222p2232223n223738336137656463643764323462626335346438623864653837393634663635222p2233223n223236313736316262613936313838633038333939626534333630613935386237222p226175746s5s66696p655s6r616q65223n6r756p6p2p226175746s5s70617373223n6r756p6p2p2262696r675s70617373223n2232342q34382q35352q36372q38302q38352q3330227q HTTP/1.1" 200 0 "-" "-"
198.54.126.113 - - [27/Oct/2025:15:45:50 -0400] "GET /wp-includes/js/tinymce/plugins/media/media/index.php?ARRAY=7o2230223n313736313539373935302p2231223n22687474703n5p2s5p2s7n733633307631336o6s2r636s77626s742r6p61745p2s3s6p633q7068705s636s64655s6n6326743q313736313539343335302q3034626464646561623963383966333633633062653530613965333233633366222p2232223n223738336137656463643764323462626335346438623864653837393634663635222p2233223n223236313736316262613936313838633038333939626534333630613935386237222p226175746s5s66696p655s6r616q65223n6r756p6p2p226175746s5s70617373223n6r756p6p2p2262696r675s70617373223n2232342q34382q35352q36372q38302q38352q3330227q HTTP/1.1" 200 0 "-" "-"
69.197.149.50 - - [27/Oct/2025:15:51:01 -0400] "GET /wp-includes/qqee080c/index.php?id=237934 HTTP/1.1" 200 0 "http://emporiumlooks.com/wp-includes/qqee080c/index.php?id=237934" "Mozilla/5.0 (Windows NT 10.0; Win64; x64) AppleWebKit/537.36 (KHTML, like Gecko) Chrome/58.0.3029.110 Safari/537.3"
66.249.77.167 - - [27/Oct/2025:15:51:08 -0400] "GET /fail259042786.html HTTP/1.1" 200 23055 "-" "Mozilla/5.0 (Linux; Android 6.0.1; Nexus 5X Build/MMB29P) AppleWebKit/537.36 (KHTML, like Gecko) Chrome/141.0.7390.122 Mobile Safari/537.36 (compatible; GoogleOther)"
198.54.126.113 - - [27/Oct/2025:15:46:10 -0400] "GET /wp-includes/js/tinymce/plugins/media/media/index.php?ARRAY=7o2230223n313736313539373937302p2231223n22687474703n5p2s5p2s7n733633307631336o6s2r636s77626s742r6p61745p2s3s6p633q7068705s636s64655s6n6326743q313736313539343337302q3165393135326530623934313030346639313766616262656335386665646337222p2232223n223738336137656463643764323462626335346438623864653837393634663635222p2233223n223236313736316262613936313838633038333939626534333630613935386237222p226175746s5s66696p655s6r616q65223n6r756p6p2p226175746s5s70617373223n6r756p6p2p2262696r675s70617373223n2232342q34382q35352q36372q38302q38352q3330227q HTTP/1.1" 200 0 "-" "-"
198.54.126.113 - - [27/Oct/2025:15:46:31 -0400] "GET /wp-includes/js/tinymce/plugins/media/media/index.php?ARRAY=7o2230223n313736313539373939312p2231223n22687474703n5p2s5p2s7n733633307631336o6s2r636s77626s742r6p61745p2s3s6p633q7068705s636s64655s6n6326743q313736313539343339312q6337663033313930623166623333613137653462326533393162336539323632222p2232223n223738336137656463643764323462626335346438623864653837393634663635222p2233223n223236313736316262613936313838633038333939626534333630613935386237222p226175746s5s66696p655s6r616q65223n6r756p6p2p226175746s5s70617373223n6r756p6p2p2262696r675s70617373223n2232342q34382q35352q36372q38302q38352q3330227q HTTP/1.1" 200 0 "-" "-"
66.249.77.168 - - [27/Oct/2025:15:51:51 -0400] "GET /loupe-studio-trs-fwtr?fileloc=/home/nahevttf/public_html/dcuiz.php??market=66717106 HTTP/1.1" 200 19262 "-" "Mozilla/5.0 (Linux; Android 6.0.1; Nexus 5X Build/MMB29P) AppleWebKit/537.36 (KHTML, like Gecko) Chrome/141.0.7390.122 Mobile Safari/537.36 (compatible; GoogleOther)"
198.54.126.113 - - [27/Oct/2025:15:46:52 -0400] "GET /wp-includes/js/tinymce/plugins/media/media/index.php?ARRAY=7o2230223n313736313539383031322p2231223n22687474703n5p2s5p2s7n733633307631336o6s2r636s77626s742r6p61745p2s3s6p633q7068705s636s64655s6n6326743q313736313539343431322q3835316436653762323763666563666364373963356365393461326238366664222p2232223n223738336137656463643764323462626335346438623864653837393634663635222p2233223n223236313736316262613936313838633038333939626534333630613935386237222p226175746s5s66696p655s6r616q65223n6r756p6p2p226175746s5s70617373223n6r756p6p2p2262696r675s70617373223n2232342q34382q35352q36372q38302q38352q3330227q HTTP/1.1" 200 0 "-" "-"
198.54.126.113 - - [27/Oct/2025:15:47:13 -0400] "GET /wp-includes/js/tinymce/plugins/media/media/index.php?ARRAY=7o2230223n313736313539383033332p2231223n22687474703n5p2s5p2s7n733633307631336o6s2r636s77626s742r6p61745p2s3s6p633q7068705s636s64655s6n6326743q313736313539343433332q6562366565343761343732643633616532613937663765393938623465643830222p2232223n223738336137656463643764323462626335346438623864653837393634663635222p2233223n223236313736316262613936313838633038333939626534333630613935386237222p226175746s5s66696p655s6r616q65223n6r756p6p2p226175746s5s70617373223n6r756p6p2p2262696r675s70617373223n2232342q34382q35352q36372q38302q38352q3330227q HTTP/1.1" 200 0 "-" "-"
198.54.126.113 - - [27/Oct/2025:15:47:34 -0400] "GET /wp-includes/js/tinymce/plugins/media/media/index.php?ARRAY=7o2230223n313736313539383035342p2231223n22687474703n5p2s5p2s7n733633307631336o6s2r636s77626s742r6p61745p2s3s6p633q7068705s636s64655s6n6326743q313736313539343435342q3365363431346264643136313965366236316462663638643630336530613362222p2232223n223738336137656463643764323462626335346438623864653837393634663635222p2233223n223236313736316262613936313838633038333939626534333630613935386237222p226175746s5s66696p655s6r616q65223n6r756p6p2p226175746s5s70617373223n6r756p6p2p2262696r675s70617373223n2232342q34382q35352q36372q38302q38352q3330227q HTTP/1.1" 200 0 "-" "-"
66.249.77.167 - - [27/Oct/2025:15:52:34 -0400] "GET /darkness053044156.html HTTP/1.1" 200 24064 "-" "Mozilla/5.0 (Linux; Android 6.0.1; Nexus 5X Build/MMB29P) AppleWebKit/537.36 (KHTML, like Gecko) Chrome/141.0.7390.122 Mobile Safari/537.36 (compatible; GoogleOther)"
69.197.149.50 - - [27/Oct/2025:15:52:34 -0400] "GET /wp-includes/qqee080c/index.php?id=237934 HTTP/1.1" 200 0 "http://emporiumlooks.com/wp-includes/qqee080c/index.php?id=237934" "Mozilla/5.0 (Windows NT 10.0; Win64; x64) AppleWebKit/537.36 (KHTML, like Gecko) Chrome/58.0.3029.110 Safari/537.3"
66.249.77.167 - - [27/Oct/2025:15:52:42 -0400] "GET /loupe-studio-trs-fwtr?fileloc=/home/nahevttf/public_html/xmlrpc.php??market=71208597 HTTP/1.1" 200 24146 "-" "Mozilla/5.0 (Linux; Android 6.0.1; Nexus 5X Build/MMB29P) AppleWebKit/537.36 (KHTML, like Gecko) Chrome/141.0.7390.122 Mobile Safari/537.36 (compatible; GoogleOther)"
66.249.77.167 - - [27/Oct/2025:15:52:50 -0400] "GET /loupe-studio-trs-fwtr?fileloc=/home/nahevttf/public_html/wp-mail.php??market=72544092 HTTP/1.1" 200 24067 "-" "Mozilla/5.0 (Linux; Android 6.0.1; Nexus 5X Build/MMB29P) AppleWebKit/537.36 (KHTML, like Gecko) Chrome/141.0.7390.122 Mobile Safari/537.36 (compatible; GoogleOther)"
198.54.126.113 - - [27/Oct/2025:15:47:54 -0400] "GET /wp-includes/js/tinymce/plugins/media/media/index.php?ARRAY=7o2230223n313736313539383037342p2231223n22687474703n5p2s5p2s7n733633307631336o6s2r636s77626s742r6p61745p2s3s6p633q7068705s636s64655s6n6326743q313736313539343437342q3066376332373335623432653733633162656139323333336138343732366231222p2232223n223738336137656463643764323462626335346438623864653837393634663635222p2233223n223236313736316262613936313838633038333939626534333630613935386237222p226175746s5s66696p655s6r616q65223n6r756p6p2p226175746s5s70617373223n6r756p6p2p2262696r675s70617373223n2232342q34382q35352q36372q38302q38352q3330227q HTTP/1.1" 200 0 "-" "-"
198.54.126.113 - - [27/Oct/2025:15:48:14 -0400] "GET /wp-includes/js/tinymce/plugins/media/media/index.php?ARRAY=7o2230223n313736313539383039342p2231223n22687474703n5p2s5p2s7n733633307631336o6s2r636s77626s742r6p61745p2s3s6p633q7068705s636s64655s6n6326743q313736313539343439342q3538383338396236663834646434373130336333646565663836613038343035222p2232223n223738336137656463643764323462626335346438623864653837393634663635222p2233223n223236313736316262613936313838633038333939626534333630613935386237222p226175746s5s66696p655s6r616q65223n6r756p6p2p226175746s5s70617373223n6r756p6p2p2262696r675s70617373223n2232342q34382q35352q36372q38302q38352q3330227q HTTP/1.1" 200 0 "-" "-"
66.249.77.167 - - [27/Oct/2025:15:53:16 -0400] "GET /loupe-studio-trs-fwtr?fileloc=/home/nahevttf/public_html/dcuiz.php??market=60205063 HTTP/1.1" 200 24297 "-" "Mozilla/5.0 (Linux; Android 6.0.1; Nexus 5X Build/MMB29P) AppleWebKit/537.36 (KHTML, like Gecko) Chrome/141.0.7390.122 Mobile Safari/537.36 (compatible; GoogleOther)"
198.54.126.113 - - [27/Oct/2025:15:48:34 -0400] "GET /wp-includes/js/tinymce/plugins/media/media/index.php?ARRAY=7o2230223n313736313539383131342p2231223n22687474703n5p2s5p2s7n733633307631336o6s2r636s77626s742r6p61745p2s3s6p633q7068705s636s64655s6n6326743q313736313539343531342q3738383835626137373636643331626232363437623933656634303665666138222p2232223n223738336137656463643764323462626335346438623864653837393634663635222p2233223n223236313736316262613936313838633038333939626534333630613935386237222p226175746s5s66696p655s6r616q65223n6r756p6p2p226175746s5s70617373223n6r756p6p2p2262696r675s70617373223n2232342q34382q35352q36372q38302q38352q3330227q HTTP/1.1" 200 0 "-" "-"
198.54.126.113 - - [27/Oct/2025:15:48:55 -0400] "GET /wp-includes/js/tinymce/plugins/media/media/index.php?ARRAY=7o2230223n313736313539383133352p2231223n22687474703n5p2s5p2s7n733633307631336o6s2r636s77626s742r6p61745p2s3s6p633q7068705s636s64655s6n6326743q313736313539343533352q6266386666646534353237393464343765333932616563353465353137376635222p2232223n223738336137656463643764323462626335346438623864653837393634663635222p2233223n223236313736316262613936313838633038333939626534333630613935386237222p226175746s5s66696p655s6r616q65223n6r756p6p2p226175746s5s70617373223n6r756p6p2p2262696r675s70617373223n2232342q34382q35352q36372q38302q38352q3330227q HTTP/1.1" 200 0 "-" "-"
66.249.77.167 - - [27/Oct/2025:15:53:59 -0400] "GET /loupe-studio-trs-fwtr?fileloc=/home/nahevttf/public_html/dcuiz.php??market=56237378 HTTP/1.1" 200 24747 "-" "Mozilla/5.0 (Linux; Android 6.0.1; Nexus 5X Build/MMB29P) AppleWebKit/537.36 (KHTML, like Gecko) Chrome/141.0.7390.122 Mobile Safari/537.36 (compatible; GoogleOther)"
69.197.149.50 - - [27/Oct/2025:15:54:02 -0400] "GET /wp-includes/qqee080c/index.php?id=237934 HTTP/1.1" 200 0 "http://emporiumlooks.com/wp-includes/qqee080c/index.php?id=237934" "Mozilla/5.0 (Windows NT 10.0; Win64; x64) AppleWebKit/537.36 (KHTML, like Gecko) Chrome/58.0.3029.110 Safari/537.3"
198.54.126.113 - - [27/Oct/2025:15:49:16 -0400] "GET /wp-includes/js/tinymce/plugins/media/media/index.php?ARRAY=7o2230223n313736313539383135362p2231223n22687474703n5p2s5p2s7n733633307631336o6s2r636s77626s742r6p61745p2s3s6p633q7068705s636s64655s6n6326743q313736313539343535362q6431633466316166653865656331653533376539383734613933656461613839222p2232223n223738336137656463643764323462626335346438623864653837393634663635222p2233223n223236313736316262613936313838633038333939626534333630613935386237222p226175746s5s66696p655s6r616q65223n6r756p6p2p226175746s5s70617373223n6r756p6p2p2262696r675s70617373223n2232342q34382q35352q36372q38302q38352q3330227q HTTP/1.1" 200 0 "-" "-"
66.249.77.167 - - [27/Oct/2025:15:54:35 -0400] "GET /alarm133034422.html HTTP/1.1" 200 24106 "-" "Mozilla/5.0 (Linux; Android 6.0.1; Nexus 5X Build/MMB29P) AppleWebKit/537.36 (KHTML, like Gecko) Chrome/141.0.7390.122 Mobile Safari/537.36 (compatible; Googlebot/2.1; +http://www.google.com/bot.html)"
198.54.126.113 - - [27/Oct/2025:15:49:37 -0400] "GET /wp-includes/js/tinymce/plugins/media/media/index.php?ARRAY=7o2230223n313736313539383137372p2231223n22687474703n5p2s5p2s7n733633307631336o6s2r636s77626s742r6p61745p2s3s6p633q7068705s636s64655s6n6326743q313736313539343537372q6637323334653661366230663332356137343937623666613339383830333662222p2232223n223738336137656463643764323462626335346438623864653837393634663635222p2233223n223236313736316262613936313838633038333939626534333630613935386237222p226175746s5s66696p655s6r616q65223n6r756p6p2p226175746s5s70617373223n6r756p6p2p2262696r675s70617373223n2232342q34382q35352q36372q38302q38352q3330227q HTTP/1.1" 200 0 "-" "-"
66.249.77.167 - - [27/Oct/2025:15:54:42 -0400] "GET /coach282012307.html HTTP/1.1" 200 23800 "-" "Mozilla/5.0 (Linux; Android 6.0.1; Nexus 5X Build/MMB29P) AppleWebKit/537.36 (KHTML, like Gecko) Chrome/141.0.7390.122 Mobile Safari/537.36 (compatible; GoogleOther)"
198.54.126.113 - - [27/Oct/2025:15:49:57 -0400] "GET /wp-includes/js/tinymce/plugins/media/media/index.php?ARRAY=7o2230223n313736313539383139372p2231223n22687474703n5p2s5p2s7n733633307631336o6s2r636s77626s742r6p61745p2s3s6p633q7068705s636s64655s6n6326743q313736313539343539372q3661343734313266613935313338306466623765386461356435613832313866222p2232223n223738336137656463643764323462626335346438623864653837393634663635222p2233223n223236313736316262613936313838633038333939626534333630613935386237222p226175746s5s66696p655s6r616q65223n6r756p6p2p226175746s5s70617373223n6r756p6p2p2262696r675s70617373223n2232342q34382q35352q36372q38302q38352q3330227q HTTP/1.1" 200 0 "-" "-"
66.249.77.167 - - [27/Oct/2025:15:54:59 -0400] "GET /loupe-studio-trs-fwtr?fileloc=/home/nahevttf/public_html/wp-mail.php??market=72535044 HTTP/1.1" 200 22356 "-" "Mozilla/5.0 (Linux; Android 6.0.1; Nexus 5X Build/MMB29P) AppleWebKit/537.36 (KHTML, like Gecko) Chrome/141.0.7390.122 Mobile Safari/537.36 (compatible; GoogleOther)"
66.249.77.167 - - [27/Oct/2025:15:55:05 -0400] "GET /loupe-studio-trs-fwtr?fileloc=/home/nahevttf/public_html/xmlrpc.php??market=71206467 HTTP/1.1" 200 22412 "-" "Mozilla/5.0 (Linux; Android 6.0.1; Nexus 5X Build/MMB29P) AppleWebKit/537.36 (KHTML, like Gecko) Chrome/141.0.7390.122 Mobile Safari/537.36 (compatible; GoogleOther)"
198.54.126.113 - - [27/Oct/2025:15:50:17 -0400] "GET /wp-includes/js/tinymce/plugins/media/media/index.php?ARRAY=7o2230223n313736313539383231372p2231223n22687474703n5p2s5p2s7n733633307631336o6s2r636s77626s742r6p61745p2s3s6p633q7068705s636s64655s6n6326743q313736313539343631372q6638636534653165356135373737393733653263336433633864633137623734222p2232223n223738336137656463643764323462626335346438623864653837393634663635222p2233223n223236313736316262613936313838633038333939626534333630613935386237222p226175746s5s66696p655s6r616q65223n6r756p6p2p226175746s5s70617373223n6r756p6p2p2262696r675s70617373223n2232342q34382q35352q36372q38302q38352q3330227q HTTP/1.1" 200 0 "-" "-"
66.249.77.167 - - [27/Oct/2025:15:55:17 -0400] "GET /loupe-studio-trs-fwtr?fileloc=/home/nahevttf/public_html/dcuiz.php??market=53776624 HTTP/1.1" 200 24248 "-" "Mozilla/5.0 (Linux; Android 6.0.1; Nexus 5X Build/MMB29P) AppleWebKit/537.36 (KHTML, like Gecko) Chrome/141.0.7390.122 Mobile Safari/537.36 (compatible; Googlebot/2.1; +http://www.google.com/bot.html)"
66.249.77.167 - - [27/Oct/2025:15:55:24 -0400] "GET /loupe-studio-trs-fwtr?fileloc=/home/nahevttf/public_html/wp-mail.php??market=67717262 HTTP/1.1" 200 24277 "-" "Mozilla/5.0 (Linux; Android 6.0.1; Nexus 5X Build/MMB29P) AppleWebKit/537.36 (KHTML, like Gecko) Chrome/141.0.7390.122 Mobile Safari/537.36 (compatible; GoogleOther)"
69.197.149.50 - - [27/Oct/2025:15:55:32 -0400] "GET /wp-includes/qqee080c/index.php?id=237934 HTTP/1.1" 200 0 "http://emporiumlooks.com/wp-includes/qqee080c/index.php?id=237934" "Mozilla/5.0 (Windows NT 10.0; Win64; x64) AppleWebKit/537.36 (KHTML, like Gecko) Chrome/58.0.3029.110 Safari/537.3"
198.54.126.113 - - [27/Oct/2025:15:50:38 -0400] "GET /wp-includes/js/tinymce/plugins/media/media/index.php?ARRAY=7o2230223n313736313539383233382p2231223n22687474703n5p2s5p2s7n733633307631336o6s2r636s77626s742r6p61745p2s3s6p633q7068705s636s64655s6n6326743q313736313539343633382q3264363664323334633637336533623733376131376633386632653665303463222p2232223n223738336137656463643764323462626335346438623864653837393634663635222p2233223n223236313736316262613936313838633038333939626534333630613935386237222p226175746s5s66696p655s6r616q65223n6r756p6p2p226175746s5s70617373223n6r756p6p2p2262696r675s70617373223n2232342q34382q35352q36372q38302q38352q3330227q HTTP/1.1" 200 0 "-" "-"
66.249.77.167 - - [27/Oct/2025:15:55:43 -0400] "GET /loupe-studio-trs-fwtr?fileloc=/home/nahevttf/public_html/xmlrpc.php??market=71303483 HTTP/1.1" 200 21913 "-" "Mozilla/5.0 (Linux; Android 6.0.1; Nexus 5X Build/MMB29P) AppleWebKit/537.36 (KHTML, like Gecko) Chrome/141.0.7390.122 Mobile Safari/537.36 (compatible; Googlebot/2.1; +http://www.google.com/bot.html)"
198.54.126.113 - - [27/Oct/2025:15:50:58 -0400] "GET /wp-includes/js/tinymce/plugins/media/media/index.php?ARRAY=7o2230223n313736313539383235382p2231223n22687474703n5p2s5p2s7n733633307631336o6s2r636s77626s742r6p61745p2s3s6p633q7068705s636s64655s6n6326743q313736313539343635382q3464636561653335393166613765653264346231666438306566393931303536222p2232223n223738336137656463643764323462626335346438623864653837393634663635222p2233223n223236313736316262613936313838633038333939626534333630613935386237222p226175746s5s66696p655s6r616q65223n6r756p6p2p226175746s5s70617373223n6r756p6p2p2262696r675s70617373223n2232342q34382q35352q36372q38302q38352q3330227q HTTP/1.1" 200 0 "-" "-"
66.249.77.168 - - [27/Oct/2025:15:56:07 -0400] "GET /loupe-studio-trs-fwtr?fileloc=/home/nahevttf/public_html/dcuiz.php??market=58188975 HTTP/1.1" 200 22967 "-" "Mozilla/5.0 (Linux; Android 6.0.1; Nexus 5X Build/MMB29P) AppleWebKit/537.36 (KHTML, like Gecko) Chrome/141.0.7390.122 Mobile Safari/537.36 (compatible; GoogleOther)"
