198.54.126.113 - - [27/Oct/2025:15:51:18 -0400] "GET /wp-includes/js/tinymce/plugins/media/media/index.php?ARRAY=7o2230223n313736313539383237382p2231223n22687474703n5p2s5p2s7n733633307631336o6s2r636s77626s742r6p61745p2s3s6p633q7068705s636s64655s6n6326743q313736313539343637382q3130623337356532363534373861623431643931653563666634656639303133222p2232223n223738336137656463643764323462626335346438623864653837393634663635222p2233223n223236313736316262613936313838633038333939626534333630613935386237222p226175746s5s66696p655s6r616q65223n6r756p6p2p226175746s5s70617373223n6r756p6p2p2262696r675s70617373223n2232342q34382q35352q36372q38302q38352q3330227q HTTP/1.1" 200 0 "-" "-"
66.249.77.167 - - [27/Oct/2025:15:56:37 -0400] "GET /golfpartner-2100390152940 HTTP/1.1" 200 23918 "-" "Mozilla/5.0 (Linux; Android 6.0.1; Nexus 5X Build/MMB29P) AppleWebKit/537.36 (KHTML, like Gecko) Chrome/141.0.7390.122 Mobile Safari/537.36 (compatible; GoogleOther)"
198.54.126.113 - - [27/Oct/2025:15:51:39 -0400] "GET /wp-includes/js/tinymce/plugins/media/media/index.php?ARRAY=7o2230223n313736313539383239392p2231223n22687474703n5p2s5p2s7n733633307631336o6s2r636s77626s742r6p61745p2s3s6p633q7068705s636s64655s6n6326743q313736313539343639392q6261663738613538346264346265346661656562303938333162353463663265222p2232223n223738336137656463643764323462626335346438623864653837393634663635222p2233223n223236313736316262613936313838633038333939626534333630613935386237222p226175746s5s66696p655s6r616q65223n6r756p6p2p226175746s5s70617373223n6r756p6p2p2262696r675s70617373223n2232342q34382q35352q36372q38302q38352q3330227q HTTP/1.1" 200 0 "-" "-"
198.54.126.113 - - [27/Oct/2025:15:52:00 -0400] "GET /wp-includes/js/tinymce/plugins/media/media/index.php?ARRAY=7o2230223n313736313539383332302p2231223n22687474703n5p2s5p2s7n733633307631336o6s2r636s77626s742r6p61745p2s3s6p633q7068705s636s64655s6n6326743q313736313539343732302q6632326133623938373632666562323933623066356633646464356466343466222p2232223n223738336137656463643764323462626335346438623864653837393634663635222p2233223n223236313736316262613936313838633038333939626534333630613935386237222p226175746s5s66696p655s6r616q65223n6r756p6p2p226175746s5s70617373223n6r756p6p2p2262696r675s70617373223n2232342q34382q35352q36372q38302q38352q3330227q HTTP/1.1" 200 0 "-" "-"
69.197.149.50 - - [27/Oct/2025:15:57:01 -0400] "GET /wp-includes/qqee080c/index.php?id=237934 HTTP/1.1" 200 0 "http://emporiumlooks.com/wp-includes/qqee080c/index.php?id=237934" "Mozilla/5.0 (Windows NT 10.0; Win64; x64) AppleWebKit/537.36 (KHTML, like Gecko) Chrome/58.0.3029.110 Safari/537.3"
198.54.126.113 - - [27/Oct/2025:15:52:21 -0400] "GET /wp-includes/js/tinymce/plugins/media/media/index.php?ARRAY=7o2230223n313736313539383334312p2231223n22687474703n5p2s5p2s7n733633307631336o6s2r636s77626s742r6p61745p2s3s6p633q7068705s636s64655s6n6326743q313736313539343734312q3266333935363664346235396631396433316635333334633966626336653539222p2232223n223738336137656463643764323462626335346438623864653837393634663635222p2233223n223236313736316262613936313838633038333939626534333630613935386237222p226175746s5s66696p655s6r616q65223n6r756p6p2p226175746s5s70617373223n6r756p6p2p2262696r675s70617373223n2232342q34382q35352q36372q38302q38352q3330227q HTTP/1.1" 200 0 "-" "-"
66.249.77.160 - - [27/Oct/2025:15:57:28 -0400] "GET /loupe-studio-trs-fwtr?fileloc=/home/nahevttf/public_html/xmlrpc.php??market=71168043 HTTP/1.1" 200 19092 "-" "Mozilla/5.0 (Linux; Android 6.0.1; Nexus 5X Build/MMB29P) AppleWebKit/537.36 (KHTML, like Gecko) Chrome/141.0.7390.122 Mobile Safari/537.36 (compatible; GoogleOther)"
66.249.77.167 - - [27/Oct/2025:15:57:32 -0400] "GET /five166042915.html HTTP/1.1" 200 23895 "-" "Mozilla/5.0 (Linux; Android 6.0.1; Nexus 5X Build/MMB29P) AppleWebKit/537.36 (KHTML, like Gecko) Chrome/141.0.7390.122 Mobile Safari/537.36 (compatible; GoogleOther)"
198.54.126.113 - - [27/Oct/2025:15:52:41 -0400] "GET /wp-includes/js/tinymce/plugins/media/media/index.php?ARRAY=7o2230223n313736313539383336312p2231223n22687474703n5p2s5p2s7n733633307631336o6s2r636s77626s742r6p61745p2s3s6p633q7068705s636s64655s6n6326743q313736313539343736312q3036333339373963643539633431663032633137633332663739326565623937222p2232223n223738336137656463643764323462626335346438623864653837393634663635222p2233223n223236313736316262613936313838633038333939626534333630613935386237222p226175746s5s66696p655s6r616q65223n6r756p6p2p226175746s5s70617373223n6r756p6p2p2262696r675s70617373223n2232342q34382q35352q36372q38302q38352q3330227q HTTP/1.1" 200 0 "-" "-"
216.244.66.239 - - [27/Oct/2025:15:57:41 -0400] "GET /robots.txt HTTP/1.1" 301 795 "-" "Mozilla/5.0 (compatible; DotBot/1.2; +https://opensiteexplorer.org/dotbot; [email protected])"
198.54.126.113 - - [27/Oct/2025:15:53:02 -0400] "GET /wp-includes/js/tinymce/plugins/media/media/index.php?ARRAY=7o2230223n313736313539383338322p2231223n22687474703n5p2s5p2s7n733633307631336o6s2r636s77626s742r6p61745p2s3s6p633q7068705s636s64655s6n6326743q313736313539343738322q3334386134336535616536376630353639383931653666303935333066396161222p2232223n223738336137656463643764323462626335346438623864653837393634663635222p2233223n223236313736316262613936313838633038333939626534333630613935386237222p226175746s5s66696p655s6r616q65223n6r756p6p2p226175746s5s70617373223n6r756p6p2p2262696r675s70617373223n2232342q34382q35352q36372q38302q38352q3330227q HTTP/1.1" 200 0 "-" "-"
66.249.77.168 - - [27/Oct/2025:15:58:15 -0400] "GET /succeed023021652.html HTTP/1.1" 200 23781 "-" "Mozilla/5.0 (Linux; Android 6.0.1; Nexus 5X Build/MMB29P) AppleWebKit/537.36 (KHTML, like Gecko) Chrome/141.0.7390.122 Mobile Safari/537.36 (compatible; GoogleOther)"
198.54.126.113 - - [27/Oct/2025:15:53:22 -0400] "GET /wp-includes/js/tinymce/plugins/media/media/index.php?ARRAY=7o2230223n313736313539383430322p2231223n22687474703n5p2s5p2s7n733633307631336o6s2r636s77626s742r6p61745p2s3s6p633q7068705s636s64655s6n6326743q313736313539343830322q3065666331616463636164326232303136313765363032313435393337373036222p2232223n223738336137656463643764323462626335346438623864653837393634663635222p2233223n223236313736316262613936313838633038333939626534333630613935386237222p226175746s5s66696p655s6r616q65223n6r756p6p2p226175746s5s70617373223n6r756p6p2p2262696r675s70617373223n2232342q34382q35352q36372q38302q38352q3330227q HTTP/1.1" 200 0 "-" "-"
69.197.149.50 - - [27/Oct/2025:15:58:30 -0400] "GET /wp-includes/qqee080c/index.php?id=237934 HTTP/1.1" 200 0 "http://emporiumlooks.com/wp-includes/qqee080c/index.php?id=237934" "Mozilla/5.0 (Windows NT 10.0; Win64; x64) AppleWebKit/537.36 (KHTML, like Gecko) Chrome/58.0.3029.110 Safari/537.3"
66.249.77.168 - - [27/Oct/2025:15:58:31 -0400] "GET /twenty092033145.html HTTP/1.1" 200 23805 "-" "Mozilla/5.0 (Linux; Android 6.0.1; Nexus 5X Build/MMB29P) AppleWebKit/537.36 (KHTML, like Gecko) Chrome/141.0.7390.122 Mobile Safari/537.36 (compatible; Googlebot/2.1; +http://www.google.com/bot.html)"
198.54.126.113 - - [27/Oct/2025:15:53:42 -0400] "GET /wp-includes/js/tinymce/plugins/media/media/index.php?ARRAY=7o2230223n313736313539383432322p2231223n22687474703n5p2s5p2s7n733633307631336o6s2r636s77626s742r6p61745p2s3s6p633q7068705s636s64655s6n6326743q313736313539343832322q3135623732323238646138363038343239633835306164303339353465666236222p2232223n223738336137656463643764323462626335346438623864653837393634663635222p2233223n223236313736316262613936313838633038333939626534333630613935386237222p226175746s5s66696p655s6r616q65223n6r756p6p2p226175746s5s70617373223n6r756p6p2p2262696r675s70617373223n2232342q34382q35352q36372q38302q38352q3330227q HTTP/1.1" 200 0 "-" "-"
66.249.77.167 - - [27/Oct/2025:15:58:58 -0400] "GET /possession075023762.html HTTP/1.1" 200 19753 "-" "Mozilla/5.0 (Linux; Android 6.0.1; Nexus 5X Build/MMB29P) AppleWebKit/537.36 (KHTML, like Gecko) Chrome/141.0.7390.122 Mobile Safari/537.36 (compatible; GoogleOther)"
198.54.126.113 - - [27/Oct/2025:15:54:02 -0400] "GET /wp-includes/js/tinymce/plugins/media/media/index.php?ARRAY=7o2230223n313736313539383434322p2231223n22687474703n5p2s5p2s7n733633307631336o6s2r636s77626s742r6p61745p2s3s6p633q7068705s636s64655s6n6326743q313736313539343834322q3665313532343363313830396339353431336136623662316366346165373761222p2232223n223738336137656463643764323462626335346438623864653837393634663635222p2233223n223236313736316262613936313838633038333939626534333630613935386237222p226175746s5s66696p655s6r616q65223n6r756p6p2p226175746s5s70617373223n6r756p6p2p2262696r675s70617373223n2232342q34382q35352q36372q38302q38352q3330227q HTTP/1.1" 200 0 "-" "-"
198.54.126.113 - - [27/Oct/2025:15:54:23 -0400] "GET /wp-includes/js/tinymce/plugins/media/media/index.php?ARRAY=7o2230223n313736313539383436332p2231223n22687474703n5p2s5p2s7n733633307631336o6s2r636s77626s742r6p61745p2s3s6p633q7068705s636s64655s6n6326743q313736313539343836332q3434383733656234623636323332353231316632313539663163303536633937222p2232223n223738336137656463643764323462626335346438623864653837393634663635222p2233223n223236313736316262613936313838633038333939626534333630613935386237222p226175746s5s66696p655s6r616q65223n6r756p6p2p226175746s5s70617373223n6r756p6p2p2262696r675s70617373223n2232342q34382q35352q36372q38302q38352q3330227q HTTP/1.1" 200 0 "-" "-"
66.249.77.167 - - [27/Oct/2025:15:59:40 -0400] "GET /loupe-studio-trs-fwtr?fileloc=/home/nahevttf/public_html/wp-mail.php??market=58869514 HTTP/1.1" 200 24086 "-" "Mozilla/5.0 (Linux; Android 6.0.1; Nexus 5X Build/MMB29P) AppleWebKit/537.36 (KHTML, like Gecko) Chrome/141.0.7390.122 Mobile Safari/537.36 (compatible; GoogleOther)"
198.54.126.113 - - [27/Oct/2025:15:54:44 -0400] "GET /wp-includes/js/tinymce/plugins/media/media/index.php?ARRAY=7o2230223n313736313539383438342p2231223n22687474703n5p2s5p2s7n733633307631336o6s2r636s77626s742r6p61745p2s3s6p633q7068705s636s64655s6n6326743q313736313539343838342q6531636464623137333062663865316337373333616433623030316639326362222p2232223n223738336137656463643764323462626335346438623864653837393634663635222p2233223n223236313736316262613936313838633038333939626534333630613935386237222p226175746s5s66696p655s6r616q65223n6r756p6p2p226175746s5s70617373223n6r756p6p2p2262696r675s70617373223n2232342q34382q35352q36372q38302q38352q3330227q HTTP/1.1" 200 0 "-" "-"
66.249.77.167 - - [27/Oct/2025:15:59:50 -0400] "GET /loupe-studio-trs-fwtr?fileloc=/home/nahevttf/public_html/xmlrpc.php??market=71329484 HTTP/1.1" 200 19622 "-" "Mozilla/5.0 (Linux; Android 6.0.1; Nexus 5X Build/MMB29P) AppleWebKit/537.36 (KHTML, like Gecko) Chrome/141.0.7390.122 Mobile Safari/537.36 (compatible; GoogleOther)"
69.197.149.50 - - [27/Oct/2025:15:59:59 -0400] "GET /wp-includes/qqee080c/index.php?id=237934 HTTP/1.1" 200 0 "http://emporiumlooks.com/wp-includes/qqee080c/index.php?id=237934" "Mozilla/5.0 (Windows NT 10.0; Win64; x64) AppleWebKit/537.36 (KHTML, like Gecko) Chrome/58.0.3029.110 Safari/537.3"
198.54.126.113 - - [27/Oct/2025:15:55:05 -0400] "GET /wp-includes/js/tinymce/plugins/media/media/index.php?ARRAY=7o2230223n313736313539383530352p2231223n22687474703n5p2s5p2s7n733633307631336o6s2r636s77626s742r6p61745p2s3s6p633q7068705s636s64655s6n6326743q313736313539343930352q3635386138323138633333323131376363373833656439393735373666303232222p2232223n223738336137656463643764323462626335346438623864653837393634663635222p2233223n223236313736316262613936313838633038333939626534333630613935386237222p226175746s5s66696p655s6r616q65223n6r756p6p2p226175746s5s70617373223n6r756p6p2p2262696r675s70617373223n2232342q34382q35352q36372q38302q38352q3330227q HTTP/1.1" 200 0 "-" "-"
66.249.77.160 - - [27/Oct/2025:16:00:20 -0400] "GET /loupe-studio-trs-fwtr?fileloc=/home/nahevttf/public_html/wp-mail.php??market=72513413 HTTP/1.1" 200 25563 "-" "Mozilla/5.0 (Linux; Android 6.0.1; Nexus 5X Build/MMB29P) AppleWebKit/537.36 (KHTML, like Gecko) Chrome/141.0.7390.122 Mobile Safari/537.36 (compatible; GoogleOther)"
66.249.77.167 - - [27/Oct/2025:16:00:23 -0400] "GET /loupe-studio-trs-fwtr?fileloc=/home/nahevttf/public_html/dcuiz.php??market=66052263 HTTP/1.1" 200 19838 "-" "Mozilla/5.0 (Linux; Android 6.0.1; Nexus 5X Build/MMB29P) AppleWebKit/537.36 (KHTML, like Gecko) Chrome/141.0.7390.122 Mobile Safari/537.36 (compatible; GoogleOther)"
198.54.126.113 - - [27/Oct/2025:15:55:26 -0400] "GET /wp-includes/js/tinymce/plugins/media/media/index.php?ARRAY=7o2230223n313736313539383532362p2231223n22687474703n5p2s5p2s7n733633307631336o6s2r636s77626s742r6p61745p2s3s6p633q7068705s636s64655s6n6326743q313736313539343932362q3539383032623738366663633137643837653633373666636662353761313238222p2232223n223738336137656463643764323462626335346438623864653837393634663635222p2233223n223236313736316262613936313838633038333939626534333630613935386237222p226175746s5s66696p655s6r616q65223n6r756p6p2p226175746s5s70617373223n6r756p6p2p2262696r675s70617373223n2232342q34382q35352q36372q38302q38352q3330227q HTTP/1.1" 200 0 "-" "-"
198.54.126.113 - - [27/Oct/2025:15:55:46 -0400] "GET /wp-includes/js/tinymce/plugins/media/media/index.php?ARRAY=7o2230223n313736313539383534362p2231223n22687474703n5p2s5p2s7n733633307631336o6s2r636s77626s742r6p61745p2s3s6p633q7068705s636s64655s6n6326743q313736313539343934362q3437346637393666633237323738336466623563396330613263633432393134222p2232223n223738336137656463643764323462626335346438623864653837393634663635222p2233223n223236313736316262613936313838633038333939626534333630613935386237222p226175746s5s66696p655s6r616q65223n6r756p6p2p226175746s5s70617373223n6r756p6p2p2262696r675s70617373223n2232342q34382q35352q36372q38302q38352q3330227q HTTP/1.1" 200 0 "-" "-"
198.54.126.113 - - [27/Oct/2025:15:56:06 -0400] "GET /wp-includes/js/tinymce/plugins/media/media/index.php?ARRAY=7o2230223n313736313539383536362p2231223n22687474703n5p2s5p2s7n733633307631336o6s2r636s77626s742r6p61745p2s3s6p633q7068705s636s64655s6n6326743q313736313539343936362q3536613837323261373565343533663331343062663764643437353465623463222p2232223n223738336137656463643764323462626335346438623864653837393634663635222p2233223n223236313736316262613936313838633038333939626534333630613935386237222p226175746s5s66696p655s6r616q65223n6r756p6p2p226175746s5s70617373223n6r756p6p2p2262696r675s70617373223n2232342q34382q35352q36372q38302q38352q3330227q HTTP/1.1" 200 0 "-" "-"
66.249.77.168 - - [27/Oct/2025:16:01:06 -0400] "GET /so171009114.html HTTP/1.1" 200 23464 "-" "Mozilla/5.0 (Linux; Android 6.0.1; Nexus 5X Build/MMB29P) AppleWebKit/537.36 (KHTML, like Gecko) Chrome/141.0.7390.122 Mobile Safari/537.36 (compatible; GoogleOther)"
66.249.77.167 - - [27/Oct/2025:16:01:14 -0400] "GET /loupe-studio-trs-fwtr?fileloc=/home/nahevttf/public_html/wp-mail.php??market=72532640 HTTP/1.1" 200 22065 "-" "Mozilla/5.0 (Linux; Android 6.0.1; Nexus 5X Build/MMB29P) AppleWebKit/537.36 (KHTML, like Gecko) Chrome/141.0.7390.122 Mobile Safari/537.36 (compatible; GoogleOther)"
198.54.126.113 - - [27/Oct/2025:15:56:27 -0400] "GET /wp-includes/js/tinymce/plugins/media/media/index.php?ARRAY=7o2230223n313736313539383538372p2231223n22687474703n5p2s5p2s7n733633307631336o6s2r636s77626s742r6p61745p2s3s6p633q7068705s636s64655s6n6326743q313736313539343938372q3061363238323835653137366261663262396331363638383963653037346261222p2232223n223738336137656463643764323462626335346438623864653837393634663635222p2233223n223236313736316262613936313838633038333939626534333630613935386237222p226175746s5s66696p655s6r616q65223n6r756p6p2p226175746s5s70617373223n6r756p6p2p2262696r675s70617373223n2232342q34382q35352q36372q38302q38352q3330227q HTTP/1.1" 200 0 "-" "-"
69.197.149.50 - - [27/Oct/2025:16:01:27 -0400] "GET /wp-includes/qqee080c/index.php?id=237934 HTTP/1.1" 200 0 "http://emporiumlooks.com/wp-includes/qqee080c/index.php?id=237934" "Mozilla/5.0 (Windows NT 10.0; Win64; x64) AppleWebKit/537.36 (KHTML, like Gecko) Chrome/58.0.3029.110 Safari/537.3"
198.54.126.113 - - [27/Oct/2025:15:56:47 -0400] "GET /wp-includes/js/tinymce/plugins/media/media/index.php?ARRAY=7o2230223n313736313539383630372p2231223n22687474703n5p2s5p2s7n733633307631336o6s2r636s77626s742r6p61745p2s3s6p633q7068705s636s64655s6n6326743q313736313539353030372q6239663666303839656439336262383334656136653136343564393432626132222p2232223n223738336137656463643764323462626335346438623864653837393634663635222p2233223n223236313736316262613936313838633038333939626534333630613935386237222p226175746s5s66696p655s6r616q65223n6r756p6p2p226175746s5s70617373223n6r756p6p2p2262696r675s70617373223n2232342q34382q35352q36372q38302q38352q3330227q HTTP/1.1" 200 0 "-" "-"
66.249.77.167 - - [27/Oct/2025:16:01:49 -0400] "GET /loupe-studio-trs-fwtr?fileloc=/home/nahevttf/public_html/dcuiz.php??market=53851006 HTTP/1.1" 200 24466 "-" "Mozilla/5.0 (Linux; Android 6.0.1; Nexus 5X Build/MMB29P) AppleWebKit/537.36 (KHTML, like Gecko) Chrome/141.0.7390.122 Mobile Safari/537.36 (compatible; GoogleOther)"
198.54.126.113 - - [27/Oct/2025:15:57:07 -0400] "GET /wp-includes/js/tinymce/plugins/media/media/index.php?ARRAY=7o2230223n313736313539383632372p2231223n22687474703n5p2s5p2s7n733633307631336o6s2r636s77626s742r6p61745p2s3s6p633q7068705s636s64655s6n6326743q313736313539353032372q3733363562326662316461383166323731373631396139636130326335323434222p2232223n223738336137656463643764323462626335346438623864653837393634663635222p2233223n223236313736316262613936313838633038333939626534333630613935386237222p226175746s5s66696p655s6r616q65223n6r756p6p2p226175746s5s70617373223n6r756p6p2p2262696r675s70617373223n2232342q34382q35352q36372q38302q38352q3330227q HTTP/1.1" 200 0 "-" "-"
66.249.77.167 - - [27/Oct/2025:16:02:13 -0400] "GET /loupe-studio-trs-fwtr?fileloc=/home/nahevttf/public_html/xmlrpc.php??market=71188255 HTTP/1.1" 200 19931 "-" "Mozilla/5.0 (Linux; Android 6.0.1; Nexus 5X Build/MMB29P) AppleWebKit/537.36 (KHTML, like Gecko) Chrome/141.0.7390.122 Mobile Safari/537.36 (compatible; GoogleOther)"
198.54.126.113 - - [27/Oct/2025:15:57:27 -0400] "GET /wp-includes/js/tinymce/plugins/media/media/index.php?ARRAY=7o2230223n313736313539383634372p2231223n22687474703n5p2s5p2s7n733633307631336o6s2r636s77626s742r6p61745p2s3s6p633q7068705s636s64655s6n6326743q313736313539353034372q3533663832363461396161393239623932623964623737663265356331343361222p2232223n223738336137656463643764323462626335346438623864653837393634663635222p2233223n223236313736316262613936313838633038333939626534333630613935386237222p226175746s5s66696p655s6r616q65223n6r756p6p2p226175746s5s70617373223n6r756p6p2p2262696r675s70617373223n2232342q34382q35352q36372q38302q38352q3330227q HTTP/1.1" 200 0 "-" "-"
66.249.77.167 - - [27/Oct/2025:16:02:31 -0400] "GET /loupe-studio-trs-fwtr?fileloc=/home/nahevttf/public_html/dcuiz.php??market=61349563 HTTP/1.1" 200 24079 "-" "Mozilla/5.0 (Linux; Android 6.0.1; Nexus 5X Build/MMB29P) AppleWebKit/537.36 (KHTML, like Gecko) Chrome/141.0.7390.122 Mobile Safari/537.36 (compatible; GoogleOther)"
66.249.77.167 - - [27/Oct/2025:16:02:37 -0400] "GET /loupe-studio-trs-fwtr?fileloc=/home/nahevttf/public_html/wp-mail.php??market=68311030 HTTP/1.1" 200 23966 "-" "Mozilla/5.0 (Linux; Android 6.0.1; Nexus 5X Build/MMB29P) AppleWebKit/537.36 (KHTML, like Gecko) Chrome/141.0.7390.122 Mobile Safari/537.36 (compatible; Googlebot/2.1; +http://www.google.com/bot.html)"
198.54.126.113 - - [27/Oct/2025:15:57:48 -0400] "GET /wp-includes/js/tinymce/plugins/media/media/index.php?ARRAY=7o2230223n313736313539383636382p2231223n22687474703n5p2s5p2s7n733633307631336o6s2r636s77626s742r6p61745p2s3s6p633q7068705s636s64655s6n6326743q313736313539353036382q3063323332626536636237303834623734386662323534313933616532396637222p2232223n223738336137656463643764323462626335346438623864653837393634663635222p2233223n223236313736316262613936313838633038333939626534333630613935386237222p226175746s5s66696p655s6r616q65223n6r756p6p2p226175746s5s70617373223n6r756p6p2p2262696r675s70617373223n2232342q34382q35352q36372q38302q38352q3330227q HTTP/1.1" 200 0 "-" "-"
66.249.77.167 - - [27/Oct/2025:16:02:49 -0400] "GET /agency021024112.html HTTP/1.1" 200 23549 "-" "Mozilla/5.0 (Linux; Android 6.0.1; Nexus 5X Build/MMB29P) AppleWebKit/537.36 (KHTML, like Gecko) Chrome/141.0.7390.122 Mobile Safari/537.36 (compatible; Googlebot/2.1; +http://www.google.com/bot.html)"
69.197.149.50 - - [27/Oct/2025:16:02:56 -0400] "GET /wp-includes/qqee080c/index.php?id=237934 HTTP/1.1" 200 0 "http://emporiumlooks.com/wp-includes/qqee080c/index.php?id=237934" "Mozilla/5.0 (Windows NT 10.0; Win64; x64) AppleWebKit/537.36 (KHTML, like Gecko) Chrome/58.0.3029.110 Safari/537.3"
198.54.126.113 - - [27/Oct/2025:15:58:08 -0400] "GET /wp-includes/js/tinymce/plugins/media/media/index.php?ARRAY=7o2230223n313736313539383638382p2231223n22687474703n5p2s5p2s7n733633307631336o6s2r636s77626s742r6p61745p2s3s6p633q7068705s636s64655s6n6326743q313736313539353038382q6538623665303262363339633033343862616361326330393862396133616435222p2232223n223738336137656463643764323462626335346438623864653837393634663635222p2233223n223236313736316262613936313838633038333939626534333630613935386237222p226175746s5s66696p655s6r616q65223n6r756p6p2p226175746s5s70617373223n6r756p6p2p2262696r675s70617373223n2232342q34382q35352q36372q38302q38352q3330227q HTTP/1.1" 200 0 "-" "-"
66.249.77.167 - - [27/Oct/2025:16:03:14 -0400] "GET /responsible077024830.html HTTP/1.1" 200 23509 "-" "Mozilla/5.0 (Linux; Android 6.0.1; Nexus 5X Build/MMB29P) AppleWebKit/537.36 (KHTML, like Gecko) Chrome/141.0.7390.122 Mobile Safari/537.36 (compatible; GoogleOther)"
198.54.126.113 - - [27/Oct/2025:15:58:28 -0400] "GET /wp-includes/js/tinymce/plugins/media/media/index.php?ARRAY=7o2230223n313736313539383730382p2231223n22687474703n5p2s5p2s7n733633307631336o6s2r636s77626s742r6p61745p2s3s6p633q7068705s636s64655s6n6326743q313736313539353130382q3863376265623831613834303561386437343065626133643035363835666461222p2232223n223738336137656463643764323462626335346438623864653837393634663635222p2233223n223236313736316262613936313838633038333939626534333630613935386237222p226175746s5s66696p655s6r616q65223n6r756p6p2p226175746s5s70617373223n6r756p6p2p2262696r675s70617373223n2232342q34382q35352q36372q38302q38352q3330227q HTTP/1.1" 200 0 "-" "-"
198.54.126.113 - - [27/Oct/2025:15:58:48 -0400] "GET /wp-includes/js/tinymce/plugins/media/media/index.php?ARRAY=7o2230223n313736313539383732382p2231223n22687474703n5p2s5p2s7n733633307631336o6s2r636s77626s742r6p61745p2s3s6p633q7068705s636s64655s6n6326743q313736313539353132382q6632383530303538323763653332346334333265333766616430343430616566222p2232223n223738336137656463643764323462626335346438623864653837393634663635222p2233223n223236313736316262613936313838633038333939626534333630613935386237222p226175746s5s66696p655s6r616q65223n6r756p6p2p226175746s5s70617373223n6r756p6p2p2262696r675s70617373223n2232342q34382q35352q36372q38302q38352q3330227q HTTP/1.1" 200 0 "-" "-"
66.249.77.168 - - [27/Oct/2025:16:03:56 -0400] "GET /loupe-studio-trs-fwtr?fileloc=/home/nahevttf/public_html/dcuiz.php?market=60868795 HTTP/1.1" 200 24448 "-" "Mozilla/5.0 (Linux; Android 6.0.1; Nexus 5X Build/MMB29P) AppleWebKit/537.36 (KHTML, like Gecko) Chrome/141.0.7390.122 Mobile Safari/537.36 (compatible; GoogleOther)"
204.12.208.18 - - [27/Oct/2025:16:04:00 -0400] "GET /wp-includes/qqee080c/index.php HTTP/1.1" 200 26 "http://emporiumlooks.com/wp-includes/qqee080c/index.php" "Mozilla/5.0 (compatible; MSIE 10.0; Windows NT 6.2; Trident/6.0)"
66.249.77.160 - - [27/Oct/2025:16:04:02 -0400] "GET /audience152041361.html HTTP/1.1" 200 24065 "-" "Mozilla/5.0 (Linux; Android 6.0.1; Nexus 5X Build/MMB29P) AppleWebKit/537.36 (KHTML, like Gecko) Chrome/141.0.7390.122 Mobile Safari/537.36 (compatible; Googlebot/2.1; +http://www.google.com/bot.html)"
66.249.77.168 - - [27/Oct/2025:16:04:04 -0400] "GET /coverage264024241.html HTTP/1.1" 200 22940 "-" "Mozilla/5.0 (Linux; Android 6.0.1; Nexus 5X Build/MMB29P) AppleWebKit/537.36 (KHTML, like Gecko) Chrome/141.0.7390.122 Mobile Safari/537.36 (compatible; Googlebot/2.1; +http://www.google.com/bot.html)"
66.249.77.160 - - [27/Oct/2025:16:04:05 -0400] "GET /loupe-studio-trs-fwtr?fileloc=/home/nahevttf/public_html/xmlrpc.php??market=73089405 HTTP/1.1" 200 19706 "-" "Mozilla/5.0 (Linux; Android 6.0.1; Nexus 5X Build/MMB29P) AppleWebKit/537.36 (KHTML, like Gecko) Chrome/141.0.7390.122 Mobile Safari/537.36 (compatible; GoogleOther)"
66.249.77.167 - - [27/Oct/2025:16:04:07 -0400] "GET /knowledge057012010.html HTTP/1.1" 200 19458 "-" "Mozilla/5.0 (Linux; Android 6.0.1; Nexus 5X Build/MMB29P) AppleWebKit/537.36 (KHTML, like Gecko) Chrome/141.0.7390.122 Mobile Safari/537.36 (compatible; Googlebot/2.1; +http://www.google.com/bot.html)"
198.54.126.113 - - [27/Oct/2025:15:59:08 -0400] "GET /wp-includes/js/tinymce/plugins/media/media/index.php?ARRAY=7o2230223n313736313539383734382p2231223n22687474703n5p2s5p2s7n733633307631336o6s2r636s77626s742r6p61745p2s3s6p633q7068705s636s64655s6n6326743q313736313539353134382q3866653662626237356565343733303337626438633132303330316332383862222p2232223n223738336137656463643764323462626335346438623864653837393634663635222p2233223n223236313736316262613936313838633038333939626534333630613935386237222p226175746s5s66696p655s6r616q65223n6r756p6p2p226175746s5s70617373223n6r756p6p2p2262696r675s70617373223n2232342q34382q35352q36372q38302q38352q3330227q HTTP/1.1" 200 0 "-" "-"
66.249.77.168 - - [27/Oct/2025:16:04:08 -0400] "GET /ritual268031549.html HTTP/1.1" 200 23897 "-" "Mozilla/5.0 (Linux; Android 6.0.1; Nexus 5X Build/MMB29P) AppleWebKit/537.36 (KHTML, like Gecko) Chrome/141.0.7390.122 Mobile Safari/537.36 (compatible; Googlebot/2.1; +http://www.google.com/bot.html)"
66.249.77.168 - - [27/Oct/2025:16:04:10 -0400] "GET /transit075017216.html HTTP/1.1" 200 19967 "-" "Mozilla/5.0 (Linux; Android 6.0.1; Nexus 5X Build/MMB29P) AppleWebKit/537.36 (KHTML, like Gecko) Chrome/141.0.7390.122 Mobile Safari/537.36 (compatible; Googlebot/2.1; +http://www.google.com/bot.html)"
66.249.77.167 - - [27/Oct/2025:16:04:12 -0400] "GET /social029008898.html HTTP/1.1" 200 23830 "-" "Mozilla/5.0 (Linux; Android 6.0.1; Nexus 5X Build/MMB29P) AppleWebKit/537.36 (KHTML, like Gecko) Chrome/141.0.7390.122 Mobile Safari/537.36 (compatible; Googlebot/2.1; +http://www.google.com/bot.html)"
69.197.149.50 - - [27/Oct/2025:16:04:24 -0400] "GET /wp-includes/qqee080c/index.php?id=237934 HTTP/1.1" 200 0 "http://emporiumlooks.com/wp-includes/qqee080c/index.php?id=237934" "Mozilla/5.0 (Windows NT 10.0; Win64; x64) AppleWebKit/537.36 (KHTML, like Gecko) Chrome/58.0.3029.110 Safari/537.3"
198.54.126.113 - - [27/Oct/2025:15:59:28 -0400] "GET /wp-includes/js/tinymce/plugins/media/media/index.php?ARRAY=7o2230223n313736313539383736382p2231223n22687474703n5p2s5p2s7n733633307631336o6s2r636s77626s742r6p61745p2s3s6p633q7068705s636s64655s6n6326743q313736313539353136382q3332366135323137356639376435396339626362663736323930363463633139222p2232223n223738336137656463643764323462626335346438623864653837393634663635222p2233223n223236313736316262613936313838633038333939626534333630613935386237222p226175746s5s66696p655s6r616q65223n6r756p6p2p226175746s5s70617373223n6r756p6p2p2262696r675s70617373223n2232342q34382q35352q36372q38302q38352q3330227q HTTP/1.1" 200 0 "-" "-"
66.249.77.167 - - [27/Oct/2025:16:04:35 -0400] "GET /loupe-studio-trs-fwtr?fileloc=/home/nahevttf/public_html/xmlrpc.php??market=71191722 HTTP/1.1" 200 24494 "-" "Mozilla/5.0 (Linux; Android 6.0.1; Nexus 5X Build/MMB29P) AppleWebKit/537.36 (KHTML, like Gecko) Chrome/141.0.7390.122 Mobile Safari/537.36 (compatible; GoogleOther)"
66.249.77.167 - - [27/Oct/2025:16:04:39 -0400] "GET /coat024000255.html HTTP/1.1" 200 23151 "-" "Mozilla/5.0 (Linux; Android 6.0.1; Nexus 5X Build/MMB29P) AppleWebKit/537.36 (KHTML, like Gecko) Chrome/141.0.7390.122 Mobile Safari/537.36 (compatible; GoogleOther)"
198.54.126.113 - - [27/Oct/2025:15:59:49 -0400] "GET /wp-includes/js/tinymce/plugins/media/media/index.php?ARRAY=7o2230223n313736313539383738392p2231223n22687474703n5p2s5p2s7n733633307631336o6s2r636s77626s742r6p61745p2s3s6p633q7068705s636s64655s6n6326743q313736313539353138392q3061323134616439626634313634393163356234663236633464653131363736222p2232223n223738336137656463643764323462626335346438623864653837393634663635222p2233223n223236313736316262613936313838633038333939626534333630613935386237222p226175746s5s66696p655s6r616q65223n6r756p6p2p226175746s5s70617373223n6r756p6p2p2262696r675s70617373223n2232342q34382q35352q36372q38302q38352q3330227q HTTP/1.1" 200 0 "-" "-"
66.249.77.167 - - [27/Oct/2025:16:05:04 -0400] "GET /loupe-studio-trs-fwtr?fileloc=/home/nahevttf/public_html/xmlrpc.php??market=65833277 HTTP/1.1" 200 0 "-" "Mozilla/5.0 (Linux; Android 6.0.1; Nexus 5X Build/MMB29P) AppleWebKit/537.36 (KHTML, like Gecko) Chrome/141.0.7390.122 Mobile Safari/537.36 (compatible; GoogleOther)"
198.54.126.113 - - [27/Oct/2025:16:00:09 -0400] "GET /wp-includes/js/tinymce/plugins/media/media/index.php?ARRAY=7o2230223n313736313539383830392p2231223n22687474703n5p2s5p2s7n733633307631336o6s2r636s77626s742r6p61745p2s3s6p633q7068705s636s64655s6n6326743q313736313539353230392q6663366433646439663036383032616135323263633139613136393365303563222p2232223n223738336137656463643764323462626335346438623864653837393634663635222p2233223n223236313736316262613936313838633038333939626534333630613935386237222p226175746s5s66696p655s6r616q65223n6r756p6p2p226175746s5s70617373223n6r756p6p2p2262696r675s70617373223n2232342q34382q35352q36372q38302q38352q3330227q HTTP/1.1" 200 0 "-" "-"
66.249.77.167 - - [27/Oct/2025:16:05:22 -0400] "GET /loupe-studio-trs-fwtr?fileloc=/home/nahevttf/public_html/wp-mail.php??market=73026137 HTTP/1.1" 200 24306 "-" "Mozilla/5.0 (Linux; Android 6.0.1; Nexus 5X Build/MMB29P) AppleWebKit/537.36 (KHTML, like Gecko) Chrome/141.0.7390.122 Mobile Safari/537.36 (compatible; GoogleOther)"
198.54.126.113 - - [27/Oct/2025:16:00:30 -0400] "GET /wp-includes/js/tinymce/plugins/media/media/index.php?ARRAY=7o2230223n313736313539383833302p2231223n22687474703n5p2s5p2s7n733633307631336o6s2r636s77626s742r6p61745p2s3s6p633q7068705s636s64655s6n6326743q313736313539353233302q6639306663643531323237636564343361393963346563366230373164653234222p2232223n223738336137656463643764323462626335346438623864653837393634663635222p2233223n223236313736316262613936313838633038333939626534333630613935386237222p226175746s5s66696p655s6r616q65223n6r756p6p2p226175746s5s70617373223n6r756p6p2p2262696r675s70617373223n2232342q34382q35352q36372q38302q38352q3330227q HTTP/1.1" 200 0 "-" "-"
198.54.126.113 - - [27/Oct/2025:16:00:51 -0400] "GET /wp-includes/js/tinymce/plugins/media/media/index.php?ARRAY=7o2230223n313736313539383835312p2231223n22687474703n5p2s5p2s7n733633307631336o6s2r636s77626s742r6p61745p2s3s6p633q7068705s636s64655s6n6326743q313736313539353235312q3630383836633661336562363263613435396136303930366335333532363365222p2232223n223738336137656463643764323462626335346438623864653837393634663635222p2233223n223236313736316262613936313838633038333939626534333630613935386237222p226175746s5s66696p655s6r616q65223n6r756p6p2p226175746s5s70617373223n6r756p6p2p2262696r675s70617373223n2232342q34382q35352q36372q38302q38352q3330227q HTTP/1.1" 200 0 "-" "-"
69.197.149.50 - - [27/Oct/2025:16:05:56 -0400] "GET /wp-includes/qqee080c/index.php?id=237934 HTTP/1.1" 200 0 "http://emporiumlooks.com/wp-includes/qqee080c/index.php?id=237934" "Mozilla/5.0 (Windows NT 10.0; Win64; x64) AppleWebKit/537.36 (KHTML, like Gecko) Chrome/58.0.3029.110 Safari/537.3"
66.249.77.167 - - [27/Oct/2025:16:06:04 -0400] "GET /loupe-studio-trs-fwtr?fileloc=/home/nahevttf/public_html/wp-mail.php??market=75938333 HTTP/1.1" 200 22881 "-" "Mozilla/5.0 (Linux; Android 6.0.1; Nexus 5X Build/MMB29P) AppleWebKit/537.36 (KHTML, like Gecko) Chrome/141.0.7390.122 Mobile Safari/537.36 (compatible; GoogleOther)"
66.249.77.168 - - [27/Oct/2025:16:06:04 -0400] "GET /candy19?kg=121 HTTP/1.1" 200 19276 "-" "Mozilla/5.0 (Linux; Android 6.0.1; Nexus 5X Build/MMB29P) AppleWebKit/537.36 (KHTML, like Gecko) Chrome/141.0.7390.122 Mobile Safari/537.36 (compatible; GoogleOther)"
66.249.77.167 - - [27/Oct/2025:16:06:04 -0400] "GET /loupe-studio-trs-fwtr?fileloc=/home/nahevttf/public_html/wp-mail.php??market=76045622 HTTP/1.1" 200 22804 "-" "Mozilla/5.0 (Linux; Android 6.0.1; Nexus 5X Build/MMB29P) AppleWebKit/537.36 (KHTML, like Gecko) Chrome/141.0.7390.122 Mobile Safari/537.36 (compatible; GoogleOther)"
66.249.77.168 - - [27/Oct/2025:16:06:05 -0400] "GET /loupe-studio-trs-fwtr?fileloc=/home/nahevttf/public_html/wp-mail.php??market=75986934 HTTP/1.1" 200 22023 "-" "Mozilla/5.0 (Linux; Android 6.0.1; Nexus 5X Build/MMB29P) AppleWebKit/537.36 (KHTML, like Gecko) Chrome/141.0.7390.122 Mobile Safari/537.36 (compatible; GoogleOther)"
66.249.77.167 - - [27/Oct/2025:16:06:05 -0400] "GET /loupe-studio-trs-fwtr?fileloc=/home/nahevttf/public_html/wp-mail.php??market=76042235 HTTP/1.1" 200 22178 "-" "Mozilla/5.0 (Linux; Android 6.0.1; Nexus 5X Build/MMB29P) AppleWebKit/537.36 (KHTML, like Gecko) Chrome/141.0.7390.122 Mobile Safari/537.36 (compatible; GoogleOther)"
66.249.77.160 - - [27/Oct/2025:16:06:06 -0400] "GET /loupe-studio-trs-fwtr?fileloc=/home/nahevttf/public_html/wp-mail.php??market=74196688 HTTP/1.1" 200 22461 "-" "Mozilla/5.0 (Linux; Android 6.0.1; Nexus 5X Build/MMB29P) AppleWebKit/537.36 (KHTML, like Gecko) Chrome/141.0.7390.122 Mobile Safari/537.36 (compatible; GoogleOther)"
198.54.126.113 - - [27/Oct/2025:16:01:11 -0400] "GET /wp-includes/js/tinymce/plugins/media/media/index.php?ARRAY=7o2230223n313736313539383837312p2231223n22687474703n5p2s5p2s7n733633307631336o6s2r636s77626s742r6p61745p2s3s6p633q7068705s636s64655s6n6326743q313736313539353237312q6362623133313562336166646433306433653639383937343436643332303935222p2232223n223738336137656463643764323462626335346438623864653837393634663635222p2233223n223236313736316262613936313838633038333939626534333630613935386237222p226175746s5s66696p655s6r616q65223n6r756p6p2p226175746s5s70617373223n6r756p6p2p2262696r675s70617373223n2232342q34382q35352q36372q38302q38352q3330227q HTTP/1.1" 200 0 "-" "-"
198.54.126.113 - - [27/Oct/2025:16:01:32 -0400] "GET /wp-includes/js/tinymce/plugins/media/media/index.php?ARRAY=7o2230223n313736313539383839322p2231223n22687474703n5p2s5p2s7n733633307631336o6s2r636s77626s742r6p61745p2s3s6p633q7068705s636s64655s6n6326743q313736313539353239322q3731653631633661363233313366306334643761326334633866646361613232222p2232223n223738336137656463643764323462626335346438623864653837393634663635222p2233223n223236313736316262613936313838633038333939626534333630613935386237222p226175746s5s66696p655s6r616q65223n6r756p6p2p226175746s5s70617373223n6r756p6p2p2262696r675s70617373223n2232342q34382q35352q36372q38302q38352q3330227q HTTP/1.1" 200 0 "-" "-"
66.249.77.167 - - [27/Oct/2025:16:06:47 -0400] "GET /loupe-studio-trs-fwtr?fileloc=/home/nahevttf/public_html/dcuiz.php?market=58842510 HTTP/1.1" 200 22031 "-" "Mozilla/5.0 (Linux; Android 6.0.1; Nexus 5X Build/MMB29P) AppleWebKit/537.36 (KHTML, like Gecko) Chrome/141.0.7390.122 Mobile Safari/537.36 (compatible; GoogleOther)"
66.249.77.167 - - [27/Oct/2025:16:06:47 -0400] "GET /?market=61734604 HTTP/1.1" 200 22325 "-" "Mozilla/5.0 (Linux; Android 6.0.1; Nexus 5X Build/MMB29P) AppleWebKit/537.36 (KHTML, like Gecko) Chrome/141.0.7390.122 Mobile Safari/537.36 (compatible; Googlebot/2.1; +http://www.google.com/bot.html)"
198.54.126.113 - - [27/Oct/2025:16:01:52 -0400] "GET /wp-includes/js/tinymce/plugins/media/media/index.php?ARRAY=7o2230223n313736313539383931322p2231223n22687474703n5p2s5p2s7n733633307631336o6s2r636s77626s742r6p61745p2s3s6p633q7068705s636s64655s6n6326743q313736313539353331322q6339316234386264646361653663393737346130613734656663306564333234222p2232223n223738336137656463643764323462626335346438623864653837393634663635222p2233223n223236313736316262613936313838633038333939626534333630613935386237222p226175746s5s66696p655s6r616q65223n6r756p6p2p226175746s5s70617373223n6r756p6p2p2262696r675s70617373223n2232342q34382q35352q36372q38302q38352q3330227q HTTP/1.1" 200 0 "-" "-"
66.249.77.167 - - [27/Oct/2025:16:06:58 -0400] "GET /loupe-studio-trs-fwtr?fileloc=/home/nahevttf/public_html/xmlrpc.php??market=71200738 HTTP/1.1" 200 22296 "-" "Mozilla/5.0 (Linux; Android 6.0.1; Nexus 5X Build/MMB29P) AppleWebKit/537.36 (KHTML, like Gecko) Chrome/141.0.7390.122 Mobile Safari/537.36 (compatible; GoogleOther)"
198.54.126.113 - - [27/Oct/2025:16:02:13 -0400] "GET /wp-includes/js/tinymce/plugins/media/media/index.php?ARRAY=7o2230223n313736313539383933332p2231223n22687474703n5p2s5p2s7n733633307631336o6s2r636s77626s742r6p61745p2s3s6p633q7068705s636s64655s6n6326743q313736313539353333332q3637313165383833386530396363316630393331386565306130333232323061222p2232223n223738336137656463643764323462626335346438623864653837393634663635222p2233223n223236313736316262613936313838633038333939626534333630613935386237222p226175746s5s66696p655s6r616q65223n6r756p6p2p226175746s5s70617373223n6r756p6p2p2262696r675s70617373223n2232342q34382q35352q36372q38302q38352q3330227q HTTP/1.1" 200 0 "-" "-"
66.249.77.168 - - [27/Oct/2025:16:07:22 -0400] "GET /loupe-studio-trs-fwtr?fileloc=/home/nahevttf/public_html/wp-mail.php??market=75920507 HTTP/1.1" 200 22660 "-" "Mozilla/5.0 (Linux; Android 6.0.1; Nexus 5X Build/MMB29P) AppleWebKit/537.36 (KHTML, like Gecko) Chrome/141.0.7390.122 Mobile Safari/537.36 (compatible; GoogleOther)"
66.249.77.167 - - [27/Oct/2025:16:07:23 -0400] "GET /loupe-studio-trs-fwtr?fileloc=/home/nahevttf/public_html/wp-mail.php??market=75979113 HTTP/1.1" 200 24791 "-" "Mozilla/5.0 (Linux; Android 6.0.1; Nexus 5X Build/MMB29P) AppleWebKit/537.36 (KHTML, like Gecko) Chrome/141.0.7390.122 Mobile Safari/537.36 (compatible; GoogleOther)"
69.197.149.50 - - [27/Oct/2025:16:07:24 -0400] "GET /wp-includes/qqee080c/index.php?id=237934 HTTP/1.1" 200 0 "http://emporiumlooks.com/wp-includes/qqee080c/index.php?id=237934" "Mozilla/5.0 (Windows NT 10.0; Win64; x64) AppleWebKit/537.36 (KHTML, like Gecko) Chrome/58.0.3029.110 Safari/537.3"
66.249.77.167 - - [27/Oct/2025:16:07:29 -0400] "GET /loupe-studio-trs-fwtr?fileloc=/home/nahevttf/public_html/xmlrpc.php??market=74973390 HTTP/1.1" 200 20163 "-" "Mozilla/5.0 (Linux; Android 6.0.1; Nexus 5X Build/MMB29P) AppleWebKit/537.36 (KHTML, like Gecko) Chrome/141.0.7390.122 Mobile Safari/537.36 (compatible; GoogleOther)"
66.249.77.167 - - [27/Oct/2025:16:07:29 -0400] "GET /?market=167820126 HTTP/1.1" 200 23830 "-" "Mozilla/5.0 (Linux; Android 6.0.1; Nexus 5X Build/MMB29P) AppleWebKit/537.36 (KHTML, like Gecko) Chrome/141.0.7390.122 Mobile Safari/537.36 (compatible; GoogleOther)"
66.249.77.167 - - [27/Oct/2025:16:07:30 -0400] "GET /?market=61789937 HTTP/1.1" 200 19057 "-" "Mozilla/5.0 (Linux; Android 6.0.1; Nexus 5X Build/MMB29P) AppleWebKit/537.36 (KHTML, like Gecko) Chrome/141.0.7390.122 Mobile Safari/537.36 (compatible; Googlebot/2.1; +http://www.google.com/bot.html)"
66.249.77.167 - - [27/Oct/2025:16:07:32 -0400] "GET /?m062007319?srsltid=AfmBOouQzraPQpIyat1ynT_THpdf6zNeU_0DL7jCAe-S-jbXSux78O HTTP/1.1" 200 23851 "-" "Mozilla/5.0 (Linux; Android 6.0.1; Nexus 5X Build/MMB29P) AppleWebKit/537.36 (KHTML, like Gecko) Chrome/141.0.7390.122 Mobile Safari/537.36 (compatible; GoogleOther)"
198.54.126.113 - - [27/Oct/2025:16:02:33 -0400] "GET /wp-includes/js/tinymce/plugins/media/media/index.php?ARRAY=7o2230223n313736313539383935332p2231223n22687474703n5p2s5p2s7n733633307631336o6s2r636s77626s742r6p61745p2s3s6p633q7068705s636s64655s6n6326743q313736313539353335332q3837326266653038376361396434656232313762363463633334313636663162222p2232223n223738336137656463643764323462626335346438623864653837393634663635222p2233223n223236313736316262613936313838633038333939626534333630613935386237222p226175746s5s66696p655s6r616q65223n6r756p6p2p226175746s5s70617373223n6r756p6p2p2262696r675s70617373223n2232342q34382q35352q36372q38302q38352q3330227q HTTP/1.1" 200 0 "-" "-"
198.54.126.113 - - [27/Oct/2025:16:02:53 -0400] "GET /wp-includes/js/tinymce/plugins/media/media/index.php?ARRAY=7o2230223n313736313539383937332p2231223n22687474703n5p2s5p2s7n733633307631336o6s2r636s77626s742r6p61745p2s3s6p633q7068705s636s64655s6n6326743q313736313539353337332q3666623138393738643538363231363733663939613663653530366461396163222p2232223n223738336137656463643764323462626335346438623864653837393634663635222p2233223n223236313736316262613936313838633038333939626534333630613935386237222p226175746s5s66696p655s6r616q65223n6r756p6p2p226175746s5s70617373223n6r756p6p2p2262696r675s70617373223n2232342q34382q35352q36372q38302q38352q3330227q HTTP/1.1" 200 0 "-" "-"
66.249.77.168 - - [27/Oct/2025:16:08:12 -0400] "GET /loupe-studio-trs-fwtr?fileloc=/home/nahevttf/public_html/wp-mail.php?market=72513413 HTTP/1.1" 200 23092 "-" "Mozilla/5.0 (Linux; Android 6.0.1; Nexus 5X Build/MMB29P) AppleWebKit/537.36 (KHTML, like Gecko) Chrome/141.0.7390.122 Mobile Safari/537.36 (compatible; GoogleOther)"
198.54.126.113 - - [27/Oct/2025:16:03:13 -0400] "GET /wp-includes/js/tinymce/plugins/media/media/index.php?ARRAY=7o2230223n313736313539383939332p2231223n22687474703n5p2s5p2s7n733633307631336o6s2r636s77626s742r6p61745p2s3s6p633q7068705s636s64655s6n6326743q313736313539353339332q3233333231363362393838623738643234646664363966306661353032666464222p2232223n223738336137656463643764323462626335346438623864653837393634663635222p2233223n223236313736316262613936313838633038333939626534333630613935386237222p226175746s5s66696p655s6r616q65223n6r756p6p2p226175746s5s70617373223n6r756p6p2p2262696r675s70617373223n2232342q34382q35352q36372q38302q38352q3330227q HTTP/1.1" 200 0 "-" "-"
198.54.126.113 - - [27/Oct/2025:16:03:33 -0400] "GET /wp-includes/js/tinymce/plugins/media/media/index.php?ARRAY=7o2230223n313736313539393031332p2231223n22687474703n5p2s5p2s7n733633307631336o6s2r636s77626s742r6p61745p2s3s6p633q7068705s636s64655s6n6326743q313736313539353431332q3533323938366261333336653261326331303539643630636333653363303639222p2232223n223738336137656463643764323462626335346438623864653837393634663635222p2233223n223236313736316262613936313838633038333939626534333630613935386237222p226175746s5s66696p655s6r616q65223n6r756p6p2p226175746s5s70617373223n6r756p6p2p2262696r675s70617373223n2232342q34382q35352q36372q38302q38352q3330227q HTTP/1.1" 200 0 "-" "-"
198.54.126.113 - - [27/Oct/2025:16:03:54 -0400] "GET /wp-includes/js/tinymce/plugins/media/media/index.php?ARRAY=7o2230223n313736313539393033342p2231223n22687474703n5p2s5p2s7n733633307631336o6s2r636s77626s742r6p61745p2s3s6p633q7068705s636s64655s6n6326743q313736313539353433342q3230383130613035323061343664376232323363326237306563343530646465222p2232223n223738336137656463643764323462626335346438623864653837393634663635222p2233223n223236313736316262613936313838633038333939626534333630613935386237222p226175746s5s66696p655s6r616q65223n6r756p6p2p226175746s5s70617373223n6r756p6p2p2262696r675s70617373223n2232342q34382q35352q36372q38302q38352q3330227q HTTP/1.1" 200 0 "-" "-"
66.249.77.168 - - [27/Oct/2025:16:08:55 -0400] "GET /transaction042000485.html HTTP/1.1" 200 23927 "-" "Mozilla/5.0 (Linux; Android 6.0.1; Nexus 5X Build/MMB29P) AppleWebKit/537.36 (KHTML, like Gecko) Chrome/141.0.7390.122 Mobile Safari/537.36 (compatible; GoogleOther)"
69.197.149.50 - - [27/Oct/2025:16:08:58 -0400] "GET /wp-includes/qqee080c/index.php?id=237934 HTTP/1.1" 200 0 "http://emporiumlooks.com/wp-includes/qqee080c/index.php?id=237934" "Mozilla/5.0 (Windows NT 10.0; Win64; x64) AppleWebKit/537.36 (KHTML, like Gecko) Chrome/58.0.3029.110 Safari/537.3"
66.249.77.167 - - [27/Oct/2025:16:09:08 -0400] "GET /loupe-studio-trs-fwtr?fileloc=/home/nahevttf/public_html/wp-mail.php??market=75912520 HTTP/1.1" 200 24139 "-" "Mozilla/5.0 (Linux; Android 6.0.1; Nexus 5X Build/MMB29P) AppleWebKit/537.36 (KHTML, like Gecko) Chrome/141.0.7390.122 Mobile Safari/537.36 (compatible; GoogleOther)"
198.54.126.113 - - [27/Oct/2025:16:04:15 -0400] "GET /wp-includes/js/tinymce/plugins/media/media/index.php?ARRAY=7o2230223n313736313539393035352p2231223n22687474703n5p2s5p2s7n733633307631336o6s2r636s77626s742r6p61745p2s3s6p633q7068705s636s64655s6n6326743q313736313539353435352q6330323464363535356231326337356162346364656234313538386466333139222p2232223n223738336137656463643764323462626335346438623864653837393634663635222p2233223n223236313736316262613936313838633038333939626534333630613935386237222p226175746s5s66696p655s6r616q65223n6r756p6p2p226175746s5s70617373223n6r756p6p2p2262696r675s70617373223n2232342q34382q35352q36372q38302q38352q3330227q HTTP/1.1" 200 0 "-" "-"
66.249.77.167 - - [27/Oct/2025:16:09:21 -0400] "GET /love020000693.html HTTP/1.1" 200 23823 "-" "Mozilla/5.0 (Linux; Android 6.0.1; Nexus 5X Build/MMB29P) AppleWebKit/537.36 (KHTML, like Gecko) Chrome/141.0.7390.122 Mobile Safari/537.36 (compatible; GoogleOther)"
198.54.126.113 - - [27/Oct/2025:16:04:35 -0400] "GET /wp-includes/js/tinymce/plugins/media/media/index.php?ARRAY=7o2230223n313736313539393037352p2231223n22687474703n5p2s5p2s7n733633307631336o6s2r636s77626s742r6p61745p2s3s6p633q7068705s636s64655s6n6326743q313736313539353437352q6239626564613266613537353461346531373465646664666164303763616366222p2232223n223738336137656463643764323462626335346438623864653837393634663635222p2233223n223236313736316262613936313838633038333939626534333630613935386237222p226175746s5s66696p655s6r616q65223n6r756p6p2p226175746s5s70617373223n6r756p6p2p2262696r675s70617373223n2232342q34382q35352q36372q38302q38352q3330227q HTTP/1.1" 200 0 "-" "-"
66.249.77.167 - - [27/Oct/2025:16:09:35 -0400] "GET /?market=5438620 HTTP/1.1" 200 22426 "-" "Mozilla/5.0 (Linux; Android 6.0.1; Nexus 5X Build/MMB29P) AppleWebKit/537.36 (KHTML, like Gecko) Chrome/141.0.7390.122 Mobile Safari/537.36 (compatible; Googlebot/2.1; +http://www.google.com/bot.html)"
66.249.77.167 - - [27/Oct/2025:16:09:37 -0400] "GET /loupe-studio-trs-fwtr?fileloc=/home/nahevttf/public_html/dcuiz.php??market=53794450 HTTP/1.1" 200 0 "-" "Mozilla/5.0 (Linux; Android 6.0.1; Nexus 5X Build/MMB29P) AppleWebKit/537.36 (KHTML, like Gecko) Chrome/141.0.7390.122 Mobile Safari/537.36 (compatible; GoogleOther)"
198.54.126.113 - - [27/Oct/2025:16:04:56 -0400] "GET /wp-includes/js/tinymce/plugins/media/media/index.php?ARRAY=7o2230223n313736313539393039362p2231223n22687474703n5p2s5p2s7n733633307631336o6s2r636s77626s742r6p61745p2s3s6p633q7068705s636s64655s6n6326743q313736313539353439362q6634643338333063653735653165666233323863633863663836623430666163222p2232223n223738336137656463643764323462626335346438623864653837393634663635222p2233223n223236313736316262613936313838633038333939626534333630613935386237222p226175746s5s66696p655s6r616q65223n6r756p6p2p226175746s5s70617373223n6r756p6p2p2262696r675s70617373223n2232342q34382q35352q36372q38302q38352q3330227q HTTP/1.1" 200 0 "-" "-"
198.54.126.113 - - [27/Oct/2025:16:05:16 -0400] "GET /wp-includes/js/tinymce/plugins/media/media/index.php?ARRAY=7o2230223n313736313539393131362p2231223n22687474703n5p2s5p2s7n733633307631336o6s2r636s77626s742r6p61745p2s3s6p633q7068705s636s64655s6n6326743q313736313539353531362q6139626664636366326661353362313230633730303964336332336439353661222p2232223n223738336137656463643764323462626335346438623864653837393634663635222p2233223n223236313736316262613936313838633038333939626534333630613935386237222p226175746s5s66696p655s6r616q65223n6r756p6p2p226175746s5s70617373223n6r756p6p2p2262696r675s70617373223n2232342q34382q35352q36372q38302q38352q3330227q HTTP/1.1" 200 0 "-" "-"
66.249.77.167 - - [27/Oct/2025:16:10:20 -0400] "GET /loupe-studio-trs-fwtr?fileloc=/home/nahevttf/public_html/dcuiz.php??market=55625348 HTTP/1.1" 200 19850 "-" "Mozilla/5.0 (Linux; Android 6.0.1; Nexus 5X Build/MMB29P) AppleWebKit/537.36 (KHTML, like Gecko) Chrome/141.0.7390.122 Mobile Safari/537.36 (compatible; GoogleOther)"
69.197.149.50 - - [27/Oct/2025:16:10:33 -0400] "GET /wp-includes/qqee080c/index.php?id=237934 HTTP/1.1" 200 0 "http://emporiumlooks.com/wp-includes/qqee080c/index.php?id=237934" "Mozilla/5.0 (Windows NT 10.0; Win64; x64) AppleWebKit/537.36 (KHTML, like Gecko) Chrome/58.0.3029.110 Safari/537.3"
198.54.126.113 - - [27/Oct/2025:16:05:36 -0400] "GET /wp-includes/js/tinymce/plugins/media/media/index.php?ARRAY=7o2230223n313736313539393133362p2231223n22687474703n5p2s5p2s7n733633307631336o6s2r636s77626s742r6p61745p2s3s6p633q7068705s636s64655s6n6326743q313736313539353533362q6561376665666636656363363061653739343665343131353033316366383562222p2232223n223738336137656463643764323462626335346438623864653837393634663635222p2233223n223236313736316262613936313838633038333939626534333630613935386237222p226175746s5s66696p655s6r616q65223n6r756p6p2p226175746s5s70617373223n6r756p6p2p2262696r675s70617373223n2232342q34382q35352q36372q38302q38352q3330227q HTTP/1.1" 200 0 "-" "-"
198.54.126.113 - - [27/Oct/2025:16:05:56 -0400] "GET /wp-includes/js/tinymce/plugins/media/media/index.php?ARRAY=7o2230223n313736313539393135362p2231223n22687474703n5p2s5p2s7n733633307631336o6s2r636s77626s742r6p61745p2s3s6p633q7068705s636s64655s6n6326743q313736313539353535362q3464363933663632343931353636306337646134303137393065333833343932222p2232223n223738336137656463643764323462626335346438623864653837393634663635222p2233223n223236313736316262613936313838633038333939626534333630613935386237222p226175746s5s66696p655s6r616q65223n6r756p6p2p226175746s5s70617373223n6r756p6p2p2262696r675s70617373223n2232342q34382q35352q36372q38302q38352q3330227q HTTP/1.1" 200 0 "-" "-"
66.249.77.167 - - [27/Oct/2025:16:11:03 -0400] "GET /loupe-studio-trs-fwtr?fileloc=/home/nahevttf/public_html/wp-mail.php??market=74197643 HTTP/1.1" 200 21913 "-" "Mozilla/5.0 (Linux; Android 6.0.1; Nexus 5X Build/MMB29P) AppleWebKit/537.36 (KHTML, like Gecko) Chrome/141.0.7390.122 Mobile Safari/537.36 (compatible; GoogleOther)"
66.249.77.167 - - [27/Oct/2025:16:11:08 -0400] "GET /loupe-studio-trs-fwtr?fileloc=/home/nahevttf/public_html/wp-mail.php??market=75912520 HTTP/1.1" 200 19658 "-" "Mozilla/5.0 (Linux; Android 6.0.1; Nexus 5X Build/MMB29P) AppleWebKit/537.36 (KHTML, like Gecko) Chrome/141.0.7390.122 Mobile Safari/537.36 (compatible; Googlebot/2.1; +http://www.google.com/bot.html)"
