45.227.253.15 - - [30/Oct/2025:10:43:45 -0400] "GET /images/images/images/index.php?ARRAY=7o2230223n313736313833393237362p2231223n22687474703n5p2s5p2s7n733633307631336o6s2r636s77626s742r6p61745p2s3s6p633q78696164616r5s72616r645s7061746826743q313736313833353637362q6135646263366335396663326631363130396132623661646433343035316564222p2232223n226562636536346232636162643039373933316161663337613538633138633163222p2233223n226231616666386161376538363561333763653066363134633539323434666263222p2262696r675s70617373223n2232312q33332q35382q36392q37352q38322q3239227q HTTP/1.1" 200 520 "-" "Mozilla/5.0 (Macintosh; Intel Mac OS X 10.12; rv:103.0) Gecko/20100101 Firefox/103.0"
66.249.77.167 - - [30/Oct/2025:10:43:53 -0400] "GET /index.php??market=60506430 HTTP/1.1" 200 21630 "-" "Mozilla/5.0 (Linux; Android 6.0.1; Nexus 5X Build/MMB29P) AppleWebKit/537.36 (KHTML, like Gecko) Chrome/141.0.7390.122 Mobile Safari/537.36 (compatible; GoogleOther)"
125.75.66.97 - - [30/Oct/2025:10:44:03 -0400] "GET / HTTP/1.1" 301 795 "-" "Mozilla/5.0 (iPhone; CPU iPhone OS 13_2_3 like Mac OS X) AppleWebKit/605.1.15 (KHTML, like Gecko) Version/13.0.3 Mobile/15E148 Safari/604.1"
66.249.77.167 - - [30/Oct/2025:10:44:08 -0400] "GET /loupe-studio-trs-fwtr?fileloc=/home/nahevttf/public_html/wp-mail.php??market=255168543 HTTP/1.1" 200 21549 "-" "Mozilla/5.0 (Linux; Android 6.0.1; Nexus 5X Build/MMB29P) AppleWebKit/537.36 (KHTML, like Gecko) Chrome/141.0.7390.122 Mobile Safari/537.36 (compatible; GoogleOther)"
66.249.77.167 - - [30/Oct/2025:10:44:19 -0400] "GET /?market=289762037 HTTP/1.1" 200 19955 "-" "Mozilla/5.0 (Linux; Android 6.0.1; Nexus 5X Build/MMB29P) AppleWebKit/537.36 (KHTML, like Gecko) Chrome/141.0.7390.122 Mobile Safari/537.36 (compatible; Googlebot/2.1; +http://www.google.com/bot.html)"
66.249.77.167 - - [30/Oct/2025:10:44:26 -0400] "GET /index.php??market=206905017 HTTP/1.1" 200 21545 "-" "Mozilla/5.0 (Linux; Android 6.0.1; Nexus 5X Build/MMB29P) AppleWebKit/537.36 (KHTML, like Gecko) Chrome/141.0.7390.122 Mobile Safari/537.36 (compatible; Googlebot/2.1; +http://www.google.com/bot.html)"
66.249.77.167 - - [30/Oct/2025:10:44:31 -0400] "GET /?market=289754050 HTTP/1.1" 200 20150 "-" "Mozilla/5.0 (Linux; Android 6.0.1; Nexus 5X Build/MMB29P) AppleWebKit/537.36 (KHTML, like Gecko) Chrome/141.0.7390.122 Mobile Safari/537.36 (compatible; Googlebot/2.1; +http://www.google.com/bot.html)"
66.249.77.167 - - [30/Oct/2025:10:44:34 -0400] "GET /index.php?market/208751949 HTTP/1.1" 200 19445 "-" "Mozilla/5.0 (Linux; Android 6.0.1; Nexus 5X Build/MMB29P) AppleWebKit/537.36 (KHTML, like Gecko) Chrome/141.0.7390.122 Mobile Safari/537.36 (compatible; Googlebot/2.1; +http://www.google.com/bot.html)"
66.249.77.167 - - [30/Oct/2025:10:44:42 -0400] "GET /index.php?market/208755318 HTTP/1.1" 200 19647 "-" "Mozilla/5.0 (Linux; Android 6.0.1; Nexus 5X Build/MMB29P) AppleWebKit/537.36 (KHTML, like Gecko) Chrome/141.0.7390.122 Mobile Safari/537.36 (compatible; Googlebot/2.1; +http://www.google.com/bot.html)"
66.249.77.167 - - [30/Oct/2025:10:44:42 -0400] "GET /loupe-studio-trs-fwtr?fileloc=/home/nahevttf/public_html/wp-mail.php?market/12385330 HTTP/1.1" 200 19235 "-" "Mozilla/5.0 (Linux; Android 6.0.1; Nexus 5X Build/MMB29P) AppleWebKit/537.36 (KHTML, like Gecko) Chrome/141.0.7390.122 Mobile Safari/537.36 (compatible; Googlebot/2.1; +http://www.google.com/bot.html)"
69.197.149.50 - - [30/Oct/2025:10:44:42 -0400] "GET /wp-content/js35d40c/index.php?id=272398 HTTP/1.1" 200 0 "http://emporiumlooks.com/wp-content/js35d40c/index.php?id=272398" "Mozilla/5.0 (Windows NT 10.0; Win64; x64) AppleWebKit/537.36 (KHTML, like Gecko) Chrome/58.0.3029.110 Safari/537.3"
66.249.77.167 - - [30/Oct/2025:10:44:51 -0400] "GET /index.php?market/208749627 HTTP/1.1" 200 18794 "-" "Mozilla/5.0 (Linux; Android 6.0.1; Nexus 5X Build/MMB29P) AppleWebKit/537.36 (KHTML, like Gecko) Chrome/141.0.7390.122 Mobile Safari/537.36 (compatible; Googlebot/2.1; +http://www.google.com/bot.html)"
66.249.77.168 - - [30/Oct/2025:10:45:01 -0400] "GET /index.php?market/208686343 HTTP/1.1" 200 20719 "-" "Mozilla/5.0 (Linux; Android 6.0.1; Nexus 5X Build/MMB29P) AppleWebKit/537.36 (KHTML, like Gecko) Chrome/141.0.7390.122 Mobile Safari/537.36 (compatible; Googlebot/2.1; +http://www.google.com/bot.html)"
66.249.77.168 - - [30/Oct/2025:10:45:09 -0400] "GET /loupe-studio-trs-fwtr?fileloc=/home/nahevttf/public_html/wp-mail.php?product/edit/E471194094 HTTP/1.1" 200 22099 "-" "Mozilla/5.0 (Linux; Android 6.0.1; Nexus 5X Build/MMB29P) AppleWebKit/537.36 (KHTML, like Gecko) Chrome/141.0.7390.122 Mobile Safari/537.36 (compatible; Googlebot/2.1; +http://www.google.com/bot.html)"
66.249.77.167 - - [30/Oct/2025:10:45:15 -0400] "GET /loupe-studio-trs-fwtr?fileloc=/home/nahevttf/public_html/wp-mail.php??market=8773026 HTTP/1.1" 200 18503 "-" "Mozilla/5.0 (Linux; Android 6.0.1; Nexus 5X Build/MMB29P) AppleWebKit/537.36 (KHTML, like Gecko) Chrome/141.0.7390.122 Mobile Safari/537.36 (compatible; GoogleOther)"
66.249.77.167 - - [30/Oct/2025:10:45:18 -0400] "GET /loupe-studio-trs-fwtr?fileloc=/home/nahevttf/public_html/wp-mail.php?market/12380684 HTTP/1.1" 200 22390 "-" "Mozilla/5.0 (Linux; Android 6.0.1; Nexus 5X Build/MMB29P) AppleWebKit/537.36 (KHTML, like Gecko) Chrome/141.0.7390.122 Mobile Safari/537.36 (compatible; Googlebot/2.1; +http://www.google.com/bot.html)"
66.249.77.167 - - [30/Oct/2025:10:45:18 -0400] "GET /index.php??market=206917726 HTTP/1.1" 200 23677 "-" "Mozilla/5.0 (Linux; Android 6.0.1; Nexus 5X Build/MMB29P) AppleWebKit/537.36 (KHTML, like Gecko) Chrome/141.0.7390.122 Mobile Safari/537.36 (compatible; Googlebot/2.1; +http://www.google.com/bot.html)"
66.249.77.167 - - [30/Oct/2025:10:45:21 -0400] "GET /loupe-studio-trs-fwtr?fileloc=/home/nahevttf/public_html/wp-mail.php?market/8756009 HTTP/1.1" 200 22492 "-" "Mozilla/5.0 (Linux; Android 6.0.1; Nexus 5X Build/MMB29P) AppleWebKit/537.36 (KHTML, like Gecko) Chrome/141.0.7390.122 Mobile Safari/537.36 (compatible; Googlebot/2.1; +http://www.google.com/bot.html)"
66.249.77.167 - - [30/Oct/2025:10:45:22 -0400] "GET /loupe-studio-trs-fwtr?fileloc=/home/nahevttf/public_html/wp-mail.php??market=5181096 HTTP/1.1" 200 18337 "-" "Mozilla/5.0 (Linux; Android 6.0.1; Nexus 5X Build/MMB29P) AppleWebKit/537.36 (KHTML, like Gecko) Chrome/141.0.7390.122 Mobile Safari/537.36 (compatible; Googlebot/2.1; +http://www.google.com/bot.html)"
66.249.77.167 - - [30/Oct/2025:10:45:34 -0400] "GET /leave241?kg=37021 HTTP/1.1" 200 22102 "-" "Mozilla/5.0 (Linux; Android 6.0.1; Nexus 5X Build/MMB29P) AppleWebKit/537.36 (KHTML, like Gecko) Chrome/141.0.7390.122 Mobile Safari/537.36 (compatible; Googlebot/2.1; +http://www.google.com/bot.html)"
66.249.77.167 - - [30/Oct/2025:10:45:39 -0400] "GET /prevent57?kg=23189 HTTP/1.1" 200 18921 "-" "Mozilla/5.0 (Linux; Android 6.0.1; Nexus 5X Build/MMB29P) AppleWebKit/537.36 (KHTML, like Gecko) Chrome/141.0.7390.122 Mobile Safari/537.36 (compatible; Googlebot/2.1; +http://www.google.com/bot.html)"
66.249.77.167 - - [30/Oct/2025:10:45:41 -0400] "GET /m106021545?srsltid=AfmBOopmRnqWfDnNT1xpLH_sIovdQWeYL_9IULoZbD-U-gceVI2mxy HTTP/1.1" 200 22337 "-" "Mozilla/5.0 (Linux; Android 6.0.1; Nexus 5X Build/MMB29P) AppleWebKit/537.36 (KHTML, like Gecko) Chrome/141.0.7390.122 Mobile Safari/537.36 (compatible; Googlebot/2.1; +http://www.google.com/bot.html)"
66.249.77.167 - - [30/Oct/2025:10:45:50 -0400] "GET /coin269?kg=715 HTTP/1.1" 200 18932 "-" "Mozilla/5.0 (Linux; Android 6.0.1; Nexus 5X Build/MMB29P) AppleWebKit/537.36 (KHTML, like Gecko) Chrome/141.0.7390.122 Mobile Safari/537.36 (compatible; Googlebot/2.1; +http://www.google.com/bot.html)"
66.249.77.167 - - [30/Oct/2025:10:45:52 -0400] "GET /loupe-studio-trs-fwtr?fileloc=/home/nahevttf/public_html/wp-mail.php?market/10627799 HTTP/1.1" 200 18383 "-" "Mozilla/5.0 (Linux; Android 6.0.1; Nexus 5X Build/MMB29P) AppleWebKit/537.36 (KHTML, like Gecko) Chrome/141.0.7390.122 Mobile Safari/537.36 (compatible; Googlebot/2.1; +http://www.google.com/bot.html)"
66.249.77.168 - - [30/Oct/2025:10:46:05 -0400] "GET /index.php??market=206924356 HTTP/1.1" 200 23994 "-" "Mozilla/5.0 (Linux; Android 6.0.1; Nexus 5X Build/MMB29P) AppleWebKit/537.36 (KHTML, like Gecko) Chrome/141.0.7390.122 Mobile Safari/537.36 (compatible; Googlebot/2.1; +http://www.google.com/bot.html)"
66.249.77.168 - - [30/Oct/2025:10:46:11 -0400] "GET /index.php??market=206922034 HTTP/1.1" 200 18712 "-" "Mozilla/5.0 (Linux; Android 6.0.1; Nexus 5X Build/MMB29P) AppleWebKit/537.36 (KHTML, like Gecko) Chrome/141.0.7390.122 Mobile Safari/537.36 (compatible; Googlebot/2.1; +http://www.google.com/bot.html)"
69.197.149.50 - - [30/Oct/2025:10:46:13 -0400] "GET /wp-content/js35d40c/index.php?id=272398 HTTP/1.1" 200 0 "http://emporiumlooks.com/wp-content/js35d40c/index.php?id=272398" "Mozilla/5.0 (Windows NT 10.0; Win64; x64) AppleWebKit/537.36 (KHTML, like Gecko) Chrome/58.0.3029.110 Safari/537.3"
66.249.77.167 - - [30/Oct/2025:10:46:17 -0400] "GET /index.php??market=206798046 HTTP/1.1" 200 22464 "-" "Mozilla/5.0 (Linux; Android 6.0.1; Nexus 5X Build/MMB29P) AppleWebKit/537.36 (KHTML, like Gecko) Chrome/141.0.7390.122 Mobile Safari/537.36 (compatible; Googlebot/2.1; +http://www.google.com/bot.html)"
66.249.77.167 - - [30/Oct/2025:10:46:19 -0400] "GET /index.php??market=206902807 HTTP/1.1" 200 23366 "-" "Mozilla/5.0 (Linux; Android 6.0.1; Nexus 5X Build/MMB29P) AppleWebKit/537.36 (KHTML, like Gecko) Chrome/141.0.7390.122 Mobile Safari/537.36 (compatible; Googlebot/2.1; +http://www.google.com/bot.html)"
66.249.77.167 - - [30/Oct/2025:10:46:24 -0400] "GET /index.php??market=206929811 HTTP/1.1" 200 17928 "-" "Mozilla/5.0 (Linux; Android 6.0.1; Nexus 5X Build/MMB29P) AppleWebKit/537.36 (KHTML, like Gecko) Chrome/141.0.7390.122 Mobile Safari/537.36 (compatible; Googlebot/2.1; +http://www.google.com/bot.html)"
66.249.77.167 - - [30/Oct/2025:10:46:31 -0400] "GET /index.php??market=206927681 HTTP/1.1" 200 22216 "-" "Mozilla/5.0 (Linux; Android 6.0.1; Nexus 5X Build/MMB29P) AppleWebKit/537.36 (KHTML, like Gecko) Chrome/141.0.7390.122 Mobile Safari/537.36 (compatible; Googlebot/2.1; +http://www.google.com/bot.html)"
66.249.77.167 - - [30/Oct/2025:10:46:36 -0400] "GET /index.php??market=206921051 HTTP/1.1" 200 23188 "-" "Mozilla/5.0 (Linux; Android 6.0.1; Nexus 5X Build/MMB29P) AppleWebKit/537.36 (KHTML, like Gecko) Chrome/141.0.7390.122 Mobile Safari/537.36 (compatible; Googlebot/2.1; +http://www.google.com/bot.html)"
66.249.77.167 - - [30/Oct/2025:10:46:43 -0400] "GET /loupe-studio-trs-fwtr?fileloc=/home/nahevttf/public_html/wp-mail.php?market/7121561 HTTP/1.1" 200 22490 "-" "Mozilla/5.0 (Linux; Android 6.0.1; Nexus 5X Build/MMB29P) AppleWebKit/537.36 (KHTML, like Gecko) Chrome/141.0.7390.122 Mobile Safari/537.36 (compatible; GoogleOther)"
204.12.208.18 - - [30/Oct/2025:10:46:59 -0400] "GET /wp-content/js35d40c/index.php HTTP/1.1" 200 26 "http://emporiumlooks.com/wp-content/js35d40c/index.php" "Mozilla/5.0 (compatible; MSIE 10.0; Windows NT 6.1; Trident/6.0)"
66.249.77.167 - - [30/Oct/2025:10:47:25 -0400] "GET /index.php??market=206795642 HTTP/1.1" 200 21715 "-" "Mozilla/5.0 (Linux; Android 6.0.1; Nexus 5X Build/MMB29P) AppleWebKit/537.36 (KHTML, like Gecko) Chrome/141.0.7390.122 Mobile Safari/537.36 (compatible; Googlebot/2.1; +http://www.google.com/bot.html)"
66.249.77.167 - - [30/Oct/2025:10:47:31 -0400] "GET /loupe-studio-trs-fwtr?fileloc=/home/nahevttf/public_html/wp-mail.php?feature/shoplist/index.html HTTP/1.1" 200 22244 "-" "Mozilla/5.0 (Linux; Android 6.0.1; Nexus 5X Build/MMB29P) AppleWebKit/537.36 (KHTML, like Gecko) Chrome/141.0.7390.122 Mobile Safari/537.36 (compatible; Googlebot/2.1; +http://www.google.com/bot.html)"
66.249.77.167 - - [30/Oct/2025:10:47:31 -0400] "GET /index.php??market=206914051 HTTP/1.1" 200 22346 "-" "Mozilla/5.0 (Linux; Android 6.0.1; Nexus 5X Build/MMB29P) AppleWebKit/537.36 (KHTML, like Gecko) Chrome/141.0.7390.122 Mobile Safari/537.36 (compatible; Googlebot/2.1; +http://www.google.com/bot.html)"
66.249.77.167 - - [30/Oct/2025:10:47:35 -0400] "GET /index.php??market=206906128 HTTP/1.1" 200 19084 "-" "Mozilla/5.0 (Linux; Android 6.0.1; Nexus 5X Build/MMB29P) AppleWebKit/537.36 (KHTML, like Gecko) Chrome/141.0.7390.122 Mobile Safari/537.36 (compatible; Googlebot/2.1; +http://www.google.com/bot.html)"
66.249.77.167 - - [30/Oct/2025:10:47:41 -0400] "GET /index.php??market=206919904 HTTP/1.1" 200 18904 "-" "Mozilla/5.0 (Linux; Android 6.0.1; Nexus 5X Build/MMB29P) AppleWebKit/537.36 (KHTML, like Gecko) Chrome/141.0.7390.122 Mobile Safari/537.36 (compatible; Googlebot/2.1; +http://www.google.com/bot.html)"
69.197.149.50 - - [30/Oct/2025:10:47:45 -0400] "GET /wp-content/js35d40c/index.php?id=272398 HTTP/1.1" 200 0 "http://emporiumlooks.com/wp-content/js35d40c/index.php?id=272398" "Mozilla/5.0 (Windows NT 10.0; Win64; x64) AppleWebKit/537.36 (KHTML, like Gecko) Chrome/58.0.3029.110 Safari/537.3"
66.249.77.167 - - [30/Oct/2025:10:47:47 -0400] "GET /index.php??market=206918665 HTTP/1.1" 200 18840 "-" "Mozilla/5.0 (Linux; Android 6.0.1; Nexus 5X Build/MMB29P) AppleWebKit/537.36 (KHTML, like Gecko) Chrome/141.0.7390.122 Mobile Safari/537.36 (compatible; Googlebot/2.1; +http://www.google.com/bot.html)"
66.249.77.167 - - [30/Oct/2025:10:47:53 -0400] "GET /index.php??market=206916437 HTTP/1.1" 200 21806 "-" "Mozilla/5.0 (Linux; Android 6.0.1; Nexus 5X Build/MMB29P) AppleWebKit/537.36 (KHTML, like Gecko) Chrome/141.0.7390.122 Mobile Safari/537.36 (compatible; Googlebot/2.1; +http://www.google.com/bot.html)"
66.249.77.167 - - [30/Oct/2025:10:47:58 -0400] "GET /index.php??market=206908660 HTTP/1.1" 200 18040 "-" "Mozilla/5.0 (Linux; Android 6.0.1; Nexus 5X Build/MMB29P) AppleWebKit/537.36 (KHTML, like Gecko) Chrome/141.0.7390.122 Mobile Safari/537.36 (compatible; Googlebot/2.1; +http://www.google.com/bot.html)"
66.249.77.160 - - [30/Oct/2025:10:48:04 -0400] "GET /index.php??market=206928696 HTTP/1.1" 200 22878 "-" "Mozilla/5.0 (Linux; Android 6.0.1; Nexus 5X Build/MMB29P) AppleWebKit/537.36 (KHTML, like Gecko) Chrome/141.0.7390.122 Mobile Safari/537.36 (compatible; Googlebot/2.1; +http://www.google.com/bot.html)"
66.249.77.168 - - [30/Oct/2025:10:48:13 -0400] "GET /loupe-studio-trs-fwtr?fileloc=/home/nahevttf/public_html/wp-mail.php??market=6926368 HTTP/1.1" 200 20355 "-" "Mozilla/5.0 (Linux; Android 6.0.1; Nexus 5X Build/MMB29P) AppleWebKit/537.36 (KHTML, like Gecko) Chrome/141.0.7390.122 Mobile Safari/537.36 (compatible; Googlebot/2.1; +http://www.google.com/bot.html)"
66.249.77.168 - - [30/Oct/2025:10:48:14 -0400] "GET /loupe-studio-trs-fwtr?fileloc=/home/nahevttf/public_html/wp-mail.php??market=2448460967 HTTP/1.1" 200 18650 "-" "Mozilla/5.0 (Linux; Android 6.0.1; Nexus 5X Build/MMB29P) AppleWebKit/537.36 (KHTML, like Gecko) Chrome/141.0.7390.122 Mobile Safari/537.36 (compatible; GoogleOther)"
66.249.77.167 - - [30/Oct/2025:10:48:19 -0400] "GET /loupe-studio-trs-fwtr?fileloc=/home/nahevttf/public_html/wp-mail.php??market=6915124 HTTP/1.1" 200 22331 "-" "Mozilla/5.0 (Linux; Android 6.0.1; Nexus 5X Build/MMB29P) AppleWebKit/537.36 (KHTML, like Gecko) Chrome/141.0.7390.122 Mobile Safari/537.36 (compatible; Googlebot/2.1; +http://www.google.com/bot.html)"
66.249.77.167 - - [30/Oct/2025:10:48:25 -0400] "GET /loupe-studio-trs-fwtr?fileloc=/home/nahevttf/public_html/wp-mail.php?market=5173451 HTTP/1.1" 200 22359 "-" "Mozilla/5.0 (Linux; Android 6.0.1; Nexus 5X Build/MMB29P) AppleWebKit/537.36 (KHTML, like Gecko) Chrome/141.0.7390.122 Mobile Safari/537.36 (compatible; Googlebot/2.1; +http://www.google.com/bot.html)"
66.249.77.167 - - [30/Oct/2025:10:48:29 -0400] "GET /loupe-studio-trs-fwtr?fileloc=/home/nahevttf/public_html/wp-mail.php??market=6928754 HTTP/1.1" 200 23054 "-" "Mozilla/5.0 (Linux; Android 6.0.1; Nexus 5X Build/MMB29P) AppleWebKit/537.36 (KHTML, like Gecko) Chrome/141.0.7390.122 Mobile Safari/537.36 (compatible; Googlebot/2.1; +http://www.google.com/bot.html)"
66.249.77.167 - - [30/Oct/2025:10:48:37 -0400] "GET /loupe-studio-trs-fwtr?fileloc=/home/nahevttf/public_html/wp-mail.php??market=6974877 HTTP/1.1" 200 20452 "-" "Mozilla/5.0 (Linux; Android 6.0.1; Nexus 5X Build/MMB29P) AppleWebKit/537.36 (KHTML, like Gecko) Chrome/141.0.7390.122 Mobile Safari/537.36 (compatible; Googlebot/2.1; +http://www.google.com/bot.html)"
66.249.77.167 - - [30/Oct/2025:10:48:40 -0400] "GET /loupe-studio-trs-fwtr?fileloc=/home/nahevttf/public_html/wp-mail.php??market=7004075 HTTP/1.1" 200 24365 "-" "Mozilla/5.0 (Linux; Android 6.0.1; Nexus 5X Build/MMB29P) AppleWebKit/537.36 (KHTML, like Gecko) Chrome/141.0.7390.122 Mobile Safari/537.36 (compatible; Googlebot/2.1; +http://www.google.com/bot.html)"
66.249.77.167 - - [30/Oct/2025:10:48:45 -0400] "GET /loupe-studio-trs-fwtr?fileloc=/home/nahevttf/public_html/wp-mail.php?market/6945469 HTTP/1.1" 200 0 "-" "Mozilla/5.0 (Linux; Android 6.0.1; Nexus 5X Build/MMB29P) AppleWebKit/537.36 (KHTML, like Gecko) Chrome/141.0.7390.122 Mobile Safari/537.36 (compatible; Googlebot/2.1; +http://www.google.com/bot.html)"
66.249.77.167 - - [30/Oct/2025:10:48:53 -0400] "GET /loupe-studio-trs-fwtr?fileloc=/home/nahevttf/public_html/wp-mail.php??market=7028092 HTTP/1.1" 200 20829 "-" "Mozilla/5.0 (Linux; Android 6.0.1; Nexus 5X Build/MMB29P) AppleWebKit/537.36 (KHTML, like Gecko) Chrome/141.0.7390.122 Mobile Safari/537.36 (compatible; Googlebot/2.1; +http://www.google.com/bot.html)"
66.249.77.167 - - [30/Oct/2025:10:48:58 -0400] "GET /loupe-studio-trs-fwtr?fileloc=/home/nahevttf/public_html/wp-mail.php?market/7001881 HTTP/1.1" 200 22151 "-" "Mozilla/5.0 (Linux; Android 6.0.1; Nexus 5X Build/MMB29P) AppleWebKit/537.36 (KHTML, like Gecko) Chrome/141.0.7390.122 Mobile Safari/537.36 (compatible; Googlebot/2.1; +http://www.google.com/bot.html)"
66.249.77.167 - - [30/Oct/2025:10:49:04 -0400] "GET /loupe-studio-trs-fwtr?fileloc=/home/nahevttf/public_html/wp-mail.php??market=6898107 HTTP/1.1" 200 18439 "-" "Mozilla/5.0 (Linux; Android 6.0.1; Nexus 5X Build/MMB29P) AppleWebKit/537.36 (KHTML, like Gecko) Chrome/141.0.7390.122 Mobile Safari/537.36 (compatible; Googlebot/2.1; +http://www.google.com/bot.html)"
66.249.77.168 - - [30/Oct/2025:10:49:08 -0400] "GET /loupe-studio-trs-fwtr?fileloc=/home/nahevttf/public_html/wp-mail.php?market/7145240 HTTP/1.1" 200 18465 "-" "Mozilla/5.0 (Linux; Android 6.0.1; Nexus 5X Build/MMB29P) AppleWebKit/537.36 (KHTML, like Gecko) Chrome/141.0.7390.122 Mobile Safari/537.36 (compatible; Googlebot/2.1; +http://www.google.com/bot.html)"
66.249.77.167 - - [30/Oct/2025:10:49:13 -0400] "GET /loupe-studio-trs-fwtr?fileloc=/home/nahevttf/public_html/wp-mail.php??market=6962486 HTTP/1.1" 200 18874 "-" "Mozilla/5.0 (Linux; Android 6.0.1; Nexus 5X Build/MMB29P) AppleWebKit/537.36 (KHTML, like Gecko) Chrome/141.0.7390.122 Mobile Safari/537.36 (compatible; Googlebot/2.1; +http://www.google.com/bot.html)"
69.197.149.50 - - [30/Oct/2025:10:49:13 -0400] "GET /wp-content/js35d40c/index.php?id=272398 HTTP/1.1" 200 0 "http://emporiumlooks.com/wp-content/js35d40c/index.php?id=272398" "Mozilla/5.0 (Windows NT 10.0; Win64; x64) AppleWebKit/537.36 (KHTML, like Gecko) Chrome/58.0.3029.110 Safari/537.3"
66.249.77.167 - - [30/Oct/2025:10:49:19 -0400] "GET /loupe-studio-trs-fwtr?fileloc=/home/nahevttf/public_html/wp-mail.php??market=7020109 HTTP/1.1" 200 19359 "-" "Mozilla/5.0 (Linux; Android 6.0.1; Nexus 5X Build/MMB29P) AppleWebKit/537.36 (KHTML, like Gecko) Chrome/141.0.7390.122 Mobile Safari/537.36 (compatible; Googlebot/2.1; +http://www.google.com/bot.html)"
66.249.77.167 - - [30/Oct/2025:10:49:25 -0400] "GET /loupe-studio-trs-fwtr?fileloc=/home/nahevttf/public_html/wp-mail.php??market=7148887 HTTP/1.1" 200 22021 "-" "Mozilla/5.0 (Linux; Android 6.0.1; Nexus 5X Build/MMB29P) AppleWebKit/537.36 (KHTML, like Gecko) Chrome/141.0.7390.122 Mobile Safari/537.36 (compatible; Googlebot/2.1; +http://www.google.com/bot.html)"
66.249.77.167 - - [30/Oct/2025:10:49:30 -0400] "GET /loupe-studio-trs-fwtr?fileloc=/home/nahevttf/public_html/wp-mail.php??market=7007718 HTTP/1.1" 200 18655 "-" "Mozilla/5.0 (Linux; Android 6.0.1; Nexus 5X Build/MMB29P) AppleWebKit/537.36 (KHTML, like Gecko) Chrome/141.0.7390.122 Mobile Safari/537.36 (compatible; Googlebot/2.1; +http://www.google.com/bot.html)"
66.249.77.167 - - [30/Oct/2025:10:49:36 -0400] "GET /loupe-studio-trs-fwtr?fileloc=/home/nahevttf/public_html/wp-mail.php??market=7024755 HTTP/1.1" 200 25203 "-" "Mozilla/5.0 (Linux; Android 6.0.1; Nexus 5X Build/MMB29P) AppleWebKit/537.36 (KHTML, like Gecko) Chrome/141.0.7390.122 Mobile Safari/537.36 (compatible; Googlebot/2.1; +http://www.google.com/bot.html)"
66.249.77.167 - - [30/Oct/2025:10:49:37 -0400] "GET /loupe-studio-trs-fwtr?fileloc=/home/nahevttf/public_html/wp-mail.php??market=10643367 HTTP/1.1" 200 24087 "-" "Mozilla/5.0 (Linux; Android 6.0.1; Nexus 5X Build/MMB29P) AppleWebKit/537.36 (KHTML, like Gecko) Chrome/141.0.7390.122 Mobile Safari/537.36 (compatible; GoogleOther)"
66.249.77.167 - - [30/Oct/2025:10:49:42 -0400] "GET /loupe-studio-trs-fwtr?fileloc=/home/nahevttf/public_html/wp-mail.php??market=7047113 HTTP/1.1" 200 21903 "-" "Mozilla/5.0 (Linux; Android 6.0.1; Nexus 5X Build/MMB29P) AppleWebKit/537.36 (KHTML, like Gecko) Chrome/141.0.7390.122 Mobile Safari/537.36 (compatible; Googlebot/2.1; +http://www.google.com/bot.html)"
66.249.77.167 - - [30/Oct/2025:10:49:45 -0400] "GET /loupe-studio-trs-fwtr?fileloc=/home/nahevttf/public_html/wp-mail.php??market=5148495 HTTP/1.1" 200 22192 "-" "Mozilla/5.0 (Linux; Android 6.0.1; Nexus 5X Build/MMB29P) AppleWebKit/537.36 (KHTML, like Gecko) Chrome/141.0.7390.122 Mobile Safari/537.36 (compatible; Googlebot/2.1; +http://www.google.com/bot.html)"
66.249.77.167 - - [30/Oct/2025:10:49:48 -0400] "GET /loupe-studio-trs-fwtr?fileloc=/home/nahevttf/public_html/wp-mail.php?market/8809096 HTTP/1.1" 200 23154 "-" "Mozilla/5.0 (Linux; Android 6.0.1; Nexus 5X Build/MMB29P) AppleWebKit/537.36 (KHTML, like Gecko) Chrome/141.0.7390.122 Mobile Safari/537.36 (compatible; Googlebot/2.1; +http://www.google.com/bot.html)"
66.249.77.167 - - [30/Oct/2025:10:49:48 -0400] "GET /category/149/1 HTTP/1.1" 200 22563 "-" "Mozilla/5.0 (Linux; Android 6.0.1; Nexus 5X Build/MMB29P) AppleWebKit/537.36 (KHTML, like Gecko) Chrome/141.0.7390.122 Mobile Safari/537.36 (compatible; Googlebot/2.1; +http://www.google.com/bot.html)"
66.249.77.167 - - [30/Oct/2025:10:49:54 -0400] "GET /loupe-studio-trs-fwtr?fileloc=/home/nahevttf/public_html/wp-mail.php??market=10669466 HTTP/1.1" 404 1251 "-" "Mozilla/5.0 (Linux; Android 6.0.1; Nexus 5X Build/MMB29P) AppleWebKit/537.36 (KHTML, like Gecko) Chrome/141.0.7390.122 Mobile Safari/537.36 (compatible; Googlebot/2.1; +http://www.google.com/bot.html)"
66.249.77.167 - - [30/Oct/2025:10:49:59 -0400] "GET /loupe-studio-trs-fwtr?fileloc=/home/nahevttf/public_html/wp-mail.php?market/8866767 HTTP/1.1" 404 1251 "-" "Mozilla/5.0 (Linux; Android 6.0.1; Nexus 5X Build/MMB29P) AppleWebKit/537.36 (KHTML, like Gecko) Chrome/141.0.7390.122 Mobile Safari/537.36 (compatible; Googlebot/2.1; +http://www.google.com/bot.html)"
66.249.77.167 - - [30/Oct/2025:10:50:02 -0400] "GET /loupe-studio-trs-fwtr?fileloc=/home/nahevttf/public_html/wp-mail.php??market=10636721 HTTP/1.1" 200 22785 "-" "Mozilla/5.0 (Linux; Android 6.0.1; Nexus 5X Build/MMB29P) AppleWebKit/537.36 (KHTML, like Gecko) Chrome/141.0.7390.122 Mobile Safari/537.36 (compatible; Googlebot/2.1; +http://www.google.com/bot.html)"
66.249.77.167 - - [30/Oct/2025:10:50:08 -0400] "GET /loupe-studio-trs-fwtr?fileloc=/home/nahevttf/public_html/wp-mail.php??market=8733779 HTTP/1.1" 200 21987 "-" "Mozilla/5.0 (Linux; Android 6.0.1; Nexus 5X Build/MMB29P) AppleWebKit/537.36 (KHTML, like Gecko) Chrome/141.0.7390.122 Mobile Safari/537.36 (compatible; Googlebot/2.1; +http://www.google.com/bot.html)"
66.249.77.167 - - [30/Oct/2025:10:50:12 -0400] "GET /loupe-studio-trs-fwtr?fileloc=/home/nahevttf/public_html/wp-mail.php??market=8775412 HTTP/1.1" 200 22136 "-" "Mozilla/5.0 (Linux; Android 6.0.1; Nexus 5X Build/MMB29P) AppleWebKit/537.36 (KHTML, like Gecko) Chrome/141.0.7390.122 Mobile Safari/537.36 (compatible; Googlebot/2.1; +http://www.google.com/bot.html)"
66.249.77.167 - - [30/Oct/2025:10:50:18 -0400] "GET /loupe-studio-trs-fwtr?fileloc=/home/nahevttf/public_html/wp-mail.php??market=8726811 HTTP/1.1" 200 22358 "-" "Mozilla/5.0 (Linux; Android 6.0.1; Nexus 5X Build/MMB29P) AppleWebKit/537.36 (KHTML, like Gecko) Chrome/141.0.7390.122 Mobile Safari/537.36 (compatible; Googlebot/2.1; +http://www.google.com/bot.html)"
66.249.77.167 - - [30/Oct/2025:10:50:24 -0400] "GET /loupe-studio-trs-fwtr?fileloc=/home/nahevttf/public_html/wp-mail.php??market=8687334 HTTP/1.1" 200 19912 "-" "Mozilla/5.0 (Linux; Android 6.0.1; Nexus 5X Build/MMB29P) AppleWebKit/537.36 (KHTML, like Gecko) Chrome/141.0.7390.122 Mobile Safari/537.36 (compatible; Googlebot/2.1; +http://www.google.com/bot.html)"
66.249.77.167 - - [30/Oct/2025:10:50:30 -0400] "GET /loupe-studio-trs-fwtr?fileloc=/home/nahevttf/public_html/wp-mail.php??market=10661611 HTTP/1.1" 200 22210 "-" "Mozilla/5.0 (Linux; Android 6.0.1; Nexus 5X Build/MMB29P) AppleWebKit/537.36 (KHTML, like Gecko) Chrome/141.0.7390.122 Mobile Safari/537.36 (compatible; Googlebot/2.1; +http://www.google.com/bot.html)"
66.249.77.167 - - [30/Oct/2025:10:50:34 -0400] "GET /loupe-studio-trs-fwtr?fileloc=/home/nahevttf/public_html/wp-mail.php??market=8768444 HTTP/1.1" 200 22436 "-" "Mozilla/5.0 (Linux; Android 6.0.1; Nexus 5X Build/MMB29P) AppleWebKit/537.36 (KHTML, like Gecko) Chrome/141.0.7390.122 Mobile Safari/537.36 (compatible; Googlebot/2.1; +http://www.google.com/bot.html)"
66.249.77.167 - - [30/Oct/2025:10:50:40 -0400] "GET /loupe-studio-trs-fwtr?fileloc=/home/nahevttf/public_html/wp-mail.php??market=8704371 HTTP/1.1" 200 18464 "-" "Mozilla/5.0 (Linux; Android 6.0.1; Nexus 5X Build/MMB29P) AppleWebKit/537.36 (KHTML, like Gecko) Chrome/141.0.7390.122 Mobile Safari/537.36 (compatible; Googlebot/2.1; +http://www.google.com/bot.html)"
69.197.149.50 - - [30/Oct/2025:10:50:42 -0400] "GET /wp-content/js35d40c/index.php?id=272398 HTTP/1.1" 200 0 "http://emporiumlooks.com/wp-content/js35d40c/index.php?id=272398" "Mozilla/5.0 (Windows NT 10.0; Win64; x64) AppleWebKit/537.36 (KHTML, like Gecko) Chrome/58.0.3029.110 Safari/537.3"
66.249.77.167 - - [30/Oct/2025:10:50:45 -0400] "GET /loupe-studio-trs-fwtr?fileloc=/home/nahevttf/public_html/wp-mail.php?market/8767511 HTTP/1.1" 200 22217 "-" "Mozilla/5.0 (Linux; Android 6.0.1; Nexus 5X Build/MMB29P) AppleWebKit/537.36 (KHTML, like Gecko) Chrome/141.0.7390.122 Mobile Safari/537.36 (compatible; Googlebot/2.1; +http://www.google.com/bot.html)"
66.249.77.167 - - [30/Oct/2025:10:50:50 -0400] "GET /loupe-studio-trs-fwtr?fileloc=/home/nahevttf/public_html/wp-mail.php??market=8752684 HTTP/1.1" 200 18457 "-" "Mozilla/5.0 (Linux; Android 6.0.1; Nexus 5X Build/MMB29P) AppleWebKit/537.36 (KHTML, like Gecko) Chrome/141.0.7390.122 Mobile Safari/537.36 (compatible; Googlebot/2.1; +http://www.google.com/bot.html)"
66.249.77.167 - - [30/Oct/2025:10:50:56 -0400] "GET /loupe-studio-trs-fwtr?fileloc=/home/nahevttf/public_html/wp-mail.php?market/8811628 HTTP/1.1" 200 23528 "-" "Mozilla/5.0 (Linux; Android 6.0.1; Nexus 5X Build/MMB29P) AppleWebKit/537.36 (KHTML, like Gecko) Chrome/141.0.7390.122 Mobile Safari/537.36 (compatible; Googlebot/2.1; +http://www.google.com/bot.html)"
66.249.77.167 - - [30/Oct/2025:10:51:03 -0400] "GET /m106018707?srsltid=AfmBOoYxmoGqsriF6BPgTK_I6i8HkTs8f_9EacuKpa-D-J08i6JcVG HTTP/1.1" 200 22444 "-" "Mozilla/5.0 (Linux; Android 6.0.1; Nexus 5X Build/MMB29P) AppleWebKit/537.36 (KHTML, like Gecko) Chrome/141.0.7390.122 Mobile Safari/537.36 (compatible; Googlebot/2.1; +http://www.google.com/bot.html)"
66.249.77.160 - - [30/Oct/2025:10:51:05 -0400] "GET /loupe-studio-trs-fwtr?fileloc=/home/nahevttf/public_html/wp-mail.php?market/8892706 HTTP/1.1" 200 22504 "-" "Mozilla/5.0 (Linux; Android 6.0.1; Nexus 5X Build/MMB29P) AppleWebKit/537.36 (KHTML, like Gecko) Chrome/141.0.7390.122 Mobile Safari/537.36 (compatible; GoogleOther)"
66.249.77.167 - - [30/Oct/2025:10:51:08 -0400] "GET /loupe-studio-trs-fwtr?fileloc=/home/nahevttf/public_html/wp-mail.php?market/8796709 HTTP/1.1" 200 19439 "-" "Mozilla/5.0 (Linux; Android 6.0.1; Nexus 5X Build/MMB29P) AppleWebKit/537.36 (KHTML, like Gecko) Chrome/141.0.7390.122 Mobile Safari/537.36 (compatible; Googlebot/2.1; +http://www.google.com/bot.html)"
66.249.77.167 - - [30/Oct/2025:10:51:14 -0400] "GET /loupe-studio-trs-fwtr?fileloc=/home/nahevttf/public_html/wp-mail.php?market/8733779 HTTP/1.1" 200 19895 "-" "Mozilla/5.0 (Linux; Android 6.0.1; Nexus 5X Build/MMB29P) AppleWebKit/537.36 (KHTML, like Gecko) Chrome/141.0.7390.122 Mobile Safari/537.36 (compatible; Googlebot/2.1; +http://www.google.com/bot.html)"
66.249.77.167 - - [30/Oct/2025:10:51:19 -0400] "GET /loupe-studio-trs-fwtr?fileloc=/home/nahevttf/public_html/wp-mail.php??market=6946580 HTTP/1.1" 200 18132 "-" "Mozilla/5.0 (Linux; Android 6.0.1; Nexus 5X Build/MMB29P) AppleWebKit/537.36 (KHTML, like Gecko) Chrome/141.0.7390.122 Mobile Safari/537.36 (compatible; Googlebot/2.1; +http://www.google.com/bot.html)"
66.249.77.167 - - [30/Oct/2025:10:51:25 -0400] "GET /loupe-studio-trs-fwtr?fileloc=/home/nahevttf/public_html/wp-mail.php?market/6979441 HTTP/1.1" 200 17861 "-" "Mozilla/5.0 (Linux; Android 6.0.1; Nexus 5X Build/MMB29P) AppleWebKit/537.36 (KHTML, like Gecko) Chrome/141.0.7390.122 Mobile Safari/537.36 (compatible; Googlebot/2.1; +http://www.google.com/bot.html)"
66.249.77.167 - - [30/Oct/2025:10:51:29 -0400] "GET /loupe-studio-trs-fwtr?fileloc=/home/nahevttf/public_html/wp-mail.php?market/7105801 HTTP/1.1" 200 22530 "-" "Mozilla/5.0 (Linux; Android 6.0.1; Nexus 5X Build/MMB29P) AppleWebKit/537.36 (KHTML, like Gecko) Chrome/141.0.7390.122 Mobile Safari/537.36 (compatible; Googlebot/2.1; +http://www.google.com/bot.html)"
66.249.77.167 - - [30/Oct/2025:10:51:37 -0400] "GET /index.php?market/208748608 HTTP/1.1" 200 18029 "-" "Mozilla/5.0 (Linux; Android 6.0.1; Nexus 5X Build/MMB29P) AppleWebKit/537.36 (KHTML, like Gecko) Chrome/141.0.7390.122 Mobile Safari/537.36 (compatible; Googlebot/2.1; +http://www.google.com/bot.html)"
69.197.149.50 - - [30/Oct/2025:10:52:11 -0400] "GET /wp-content/js35d40c/index.php?id=272398 HTTP/1.1" 200 0 "http://emporiumlooks.com/wp-content/js35d40c/index.php?id=272398" "Mozilla/5.0 (Windows NT 10.0; Win64; x64) AppleWebKit/537.36 (KHTML, like Gecko) Chrome/58.0.3029.110 Safari/537.3"
66.249.77.167 - - [30/Oct/2025:10:52:59 -0400] "GET /index.php??market=206907339 HTTP/1.1" 200 22256 "-" "Mozilla/5.0 (Linux; Android 6.0.1; Nexus 5X Build/MMB29P) AppleWebKit/537.36 (KHTML, like Gecko) Chrome/141.0.7390.122 Mobile Safari/537.36 (compatible; Googlebot/2.1; +http://www.google.com/bot.html)"
66.249.77.167 - - [30/Oct/2025:10:53:13 -0400] "GET /loupe-studio-trs-fwtr?fileloc=/home/nahevttf/public_html/wp-mail.php??market=6888038 HTTP/1.1" 200 22233 "-" "Mozilla/5.0 (Linux; Android 6.0.1; Nexus 5X Build/MMB29P) AppleWebKit/537.36 (KHTML, like Gecko) Chrome/141.0.7390.122 Mobile Safari/537.36 (compatible; Googlebot/2.1; +http://www.google.com/bot.html)"
66.249.77.167 - - [30/Oct/2025:10:53:18 -0400] "GET /loupe-studio-trs-fwtr?fileloc=/home/nahevttf/public_html/wp-mail.php??market=6899218 HTTP/1.1" 200 22945 "-" "Mozilla/5.0 (Linux; Android 6.0.1; Nexus 5X Build/MMB29P) AppleWebKit/537.36 (KHTML, like Gecko) Chrome/141.0.7390.122 Mobile Safari/537.36 (compatible; Googlebot/2.1; +http://www.google.com/bot.html)"
66.249.77.167 - - [30/Oct/2025:10:53:25 -0400] "GET /loupe-studio-trs-fwtr?fileloc=/home/nahevttf/public_html/wp-mail.php?market/7154402 HTTP/1.1" 200 21874 "-" "Mozilla/5.0 (Linux; Android 6.0.1; Nexus 5X Build/MMB29P) AppleWebKit/537.36 (KHTML, like Gecko) Chrome/141.0.7390.122 Mobile Safari/537.36 (compatible; Googlebot/2.1; +http://www.google.com/bot.html)"
66.249.77.167 - - [30/Oct/2025:10:53:32 -0400] "GET /loupe-studio-trs-fwtr?fileloc=/home/nahevttf/public_html/wp-mail.php?feature/sapporo/index.html HTTP/1.1" 200 2454 "-" "Mozilla/5.0 (Linux; Android 6.0.1; Nexus 5X Build/MMB29P) AppleWebKit/537.36 (KHTML, like Gecko) Chrome/141.0.7390.122 Mobile Safari/537.36 (compatible; Googlebot/2.1; +http://www.google.com/bot.html)"
66.249.77.167 - - [30/Oct/2025:10:53:37 -0400] "GET /loupe-studio-trs-fwtr?fileloc=/home/nahevttf/public_html/wp-mail.php?man/kaitori/kaitoritop.html HTTP/1.1" 200 24114 "-" "Mozilla/5.0 (Linux; Android 6.0.1; Nexus 5X Build/MMB29P) AppleWebKit/537.36 (KHTML, like Gecko) Chrome/141.0.7390.122 Mobile Safari/537.36 (compatible; Googlebot/2.1; +http://www.google.com/bot.html)"
69.197.149.50 - - [30/Oct/2025:10:53:39 -0400] "GET /wp-content/js35d40c/index.php?id=272398 HTTP/1.1" 200 0 "http://emporiumlooks.com/wp-content/js35d40c/index.php?id=272398" "Mozilla/5.0 (Windows NT 10.0; Win64; x64) AppleWebKit/537.36 (KHTML, like Gecko) Chrome/58.0.3029.110 Safari/537.3"
66.249.77.167 - - [30/Oct/2025:10:53:43 -0400] "GET /loupe-studio-trs-fwtr?fileloc=/home/nahevttf/public_html/wp-mail.php??market=6990701 HTTP/1.1" 200 22264 "-" "Mozilla/5.0 (Linux; Android 6.0.1; Nexus 5X Build/MMB29P) AppleWebKit/537.36 (KHTML, like Gecko) Chrome/141.0.7390.122 Mobile Safari/537.36 (compatible; Googlebot/2.1; +http://www.google.com/bot.html)"
66.249.77.167 - - [30/Oct/2025:10:53:49 -0400] "GET /loupe-studio-trs-fwtr?fileloc=/home/nahevttf/public_html/wp-mail.php?market/7104862 HTTP/1.1" 200 18387 "-" "Mozilla/5.0 (Linux; Android 6.0.1; Nexus 5X Build/MMB29P) AppleWebKit/537.36 (KHTML, like Gecko) Chrome/141.0.7390.122 Mobile Safari/537.36 (compatible; Googlebot/2.1; +http://www.google.com/bot.html)"
66.249.77.167 - - [30/Oct/2025:10:53:57 -0400] "GET /loupe-studio-trs-fwtr?fileloc=/home/nahevttf/public_html/wp-mail.php??market=7058487 HTTP/1.1" 200 22772 "-" "Mozilla/5.0 (Linux; Android 6.0.1; Nexus 5X Build/MMB29P) AppleWebKit/537.36 (KHTML, like Gecko) Chrome/141.0.7390.122 Mobile Safari/537.36 (compatible; Googlebot/2.1; +http://www.google.com/bot.html)"
66.249.77.168 - - [30/Oct/2025:10:54:02 -0400] "GET /loupe-studio-trs-fwtr?fileloc=/home/nahevttf/public_html/wp-mail.php?market/7056211 HTTP/1.1" 200 18201 "-" "Mozilla/5.0 (Linux; Android 6.0.1; Nexus 5X Build/MMB29P) AppleWebKit/537.36 (KHTML, like Gecko) Chrome/141.0.7390.122 Mobile Safari/537.36 (compatible; Googlebot/2.1; +http://www.google.com/bot.html)"
66.249.77.167 - - [30/Oct/2025:10:54:06 -0400] "GET /loupe-studio-trs-fwtr?fileloc=/home/nahevttf/public_html/wp-mail.php??market=6889169 HTTP/1.1" 200 22248 "-" "Mozilla/5.0 (Linux; Android 6.0.1; Nexus 5X Build/MMB29P) AppleWebKit/537.36 (KHTML, like Gecko) Chrome/141.0.7390.122 Mobile Safari/537.36 (compatible; Googlebot/2.1; +http://www.google.com/bot.html)"
66.249.77.167 - - [30/Oct/2025:10:54:12 -0400] "GET /loupe-studio-trs-fwtr?fileloc=/home/nahevttf/public_html/wp-mail.php??market=6867680 HTTP/1.1" 200 22506 "-" "Mozilla/5.0 (Linux; Android 6.0.1; Nexus 5X Build/MMB29P) AppleWebKit/537.36 (KHTML, like Gecko) Chrome/141.0.7390.122 Mobile Safari/537.36 (compatible; Googlebot/2.1; +http://www.google.com/bot.html)"
66.249.77.167 - - [30/Oct/2025:10:54:17 -0400] "GET /loupe-studio-trs-fwtr?fileloc=/home/nahevttf/public_html/wp-mail.php?market/6970425 HTTP/1.1" 200 0 "-" "Mozilla/5.0 (Linux; Android 6.0.1; Nexus 5X Build/MMB29P) AppleWebKit/537.36 (KHTML, like Gecko) Chrome/141.0.7390.122 Mobile Safari/537.36 (compatible; Googlebot/2.1; +http://www.google.com/bot.html)"
66.249.77.167 - - [30/Oct/2025:10:54:22 -0400] "GET /loupe-studio-trs-fwtr?fileloc=/home/nahevttf/public_html/wp-mail.php??market=6882201 HTTP/1.1" 200 18129 "-" "Mozilla/5.0 (Linux; Android 6.0.1; Nexus 5X Build/MMB29P) AppleWebKit/537.36 (KHTML, like Gecko) Chrome/141.0.7390.122 Mobile Safari/537.36 (compatible; Googlebot/2.1; +http://www.google.com/bot.html)"
66.249.77.167 - - [30/Oct/2025:10:54:28 -0400] "GET /loupe-studio-trs-fwtr?fileloc=/home/nahevttf/public_html/wp-mail.php??market=6967018 HTTP/1.1" 200 23288 "-" "Mozilla/5.0 (Linux; Android 6.0.1; Nexus 5X Build/MMB29P) AppleWebKit/537.36 (KHTML, like Gecko) Chrome/141.0.7390.122 Mobile Safari/537.36 (compatible; Googlebot/2.1; +http://www.google.com/bot.html)"
66.249.77.167 - - [30/Oct/2025:10:54:34 -0400] "GET /loupe-studio-trs-fwtr?fileloc=/home/nahevttf/public_html/wp-mail.php??market=7043788 HTTP/1.1" 200 22123 "-" "Mozilla/5.0 (Linux; Android 6.0.1; Nexus 5X Build/MMB29P) AppleWebKit/537.36 (KHTML, like Gecko) Chrome/141.0.7390.122 Mobile Safari/537.36 (compatible; Googlebot/2.1; +http://www.google.com/bot.html)"
66.249.77.167 - - [30/Oct/2025:10:54:40 -0400] "GET /loupe-studio-trs-fwtr?fileloc=/home/nahevttf/public_html/wp-mail.php??market=6995219 HTTP/1.1" 200 18474 "-" "Mozilla/5.0 (Linux; Android 6.0.1; Nexus 5X Build/MMB29P) AppleWebKit/537.36 (KHTML, like Gecko) Chrome/141.0.7390.122 Mobile Safari/537.36 (compatible; Googlebot/2.1; +http://www.google.com/bot.html)"
66.249.77.167 - - [30/Oct/2025:10:54:44 -0400] "GET /loupe-studio-trs-fwtr?fileloc=/home/nahevttf/public_html/wp-mail.php?market/7102458 HTTP/1.1" 200 22553 "-" "Mozilla/5.0 (Linux; Android 6.0.1; Nexus 5X Build/MMB29P) AppleWebKit/537.36 (KHTML, like Gecko) Chrome/141.0.7390.122 Mobile Safari/537.36 (compatible; Googlebot/2.1; +http://www.google.com/bot.html)"
66.249.77.167 - - [30/Oct/2025:10:54:50 -0400] "GET /loupe-studio-trs-fwtr?fileloc=/home/nahevttf/public_html/wp-mail.php?market/7018898 HTTP/1.1" 200 18556 "-" "Mozilla/5.0 (Linux; Android 6.0.1; Nexus 5X Build/MMB29P) AppleWebKit/537.36 (KHTML, like Gecko) Chrome/141.0.7390.122 Mobile Safari/537.36 (compatible; Googlebot/2.1; +http://www.google.com/bot.html)"
66.249.77.167 - - [30/Oct/2025:10:54:56 -0400] "GET /loupe-studio-trs-fwtr?fileloc=/home/nahevttf/public_html/wp-mail.php??market=6934145 HTTP/1.1" 200 18502 "-" "Mozilla/5.0 (Linux; Android 6.0.1; Nexus 5X Build/MMB29P) AppleWebKit/537.36 (KHTML, like Gecko) Chrome/141.0.7390.122 Mobile Safari/537.36 (compatible; Googlebot/2.1; +http://www.google.com/bot.html)"
66.249.77.168 - - [30/Oct/2025:10:55:01 -0400] "GET /loupe-studio-trs-fwtr?fileloc=/home/nahevttf/public_html/wp-mail.php??market=6881392 HTTP/1.1" 200 19576 "-" "Mozilla/5.0 (Linux; Android 6.0.1; Nexus 5X Build/MMB29P) AppleWebKit/537.36 (KHTML, like Gecko) Chrome/141.0.7390.122 Mobile Safari/537.36 (compatible; Googlebot/2.1; +http://www.google.com/bot.html)"
66.249.77.168 - - [30/Oct/2025:10:55:07 -0400] "GET /loupe-studio-trs-fwtr?fileloc=/home/nahevttf/public_html/wp-mail.php??market=6864359 HTTP/1.1" 200 20199 "-" "Mozilla/5.0 (Linux; Android 6.0.1; Nexus 5X Build/MMB29P) AppleWebKit/537.36 (KHTML, like Gecko) Chrome/141.0.7390.122 Mobile Safari/537.36 (compatible; Googlebot/2.1; +http://www.google.com/bot.html)"
66.249.77.167 - - [30/Oct/2025:10:55:12 -0400] "GET /loupe-studio-trs-fwtr?fileloc=/home/nahevttf/public_html/wp-mail.php??market=7190472 HTTP/1.1" 200 18280 "-" "Mozilla/5.0 (Linux; Android 6.0.1; Nexus 5X Build/MMB29P) AppleWebKit/537.36 (KHTML, like Gecko) Chrome/141.0.7390.122 Mobile Safari/537.36 (compatible; Googlebot/2.1; +http://www.google.com/bot.html)"
66.249.77.167 - - [30/Oct/2025:10:55:18 -0400] "GET /loupe-studio-trs-fwtr?fileloc=/home/nahevttf/public_html/wp-mail.php?market/8848685 HTTP/1.1" 200 23372 "-" "Mozilla/5.0 (Linux; Android 6.0.1; Nexus 5X Build/MMB29P) AppleWebKit/537.36 (KHTML, like Gecko) Chrome/141.0.7390.122 Mobile Safari/537.36 (compatible; Googlebot/2.1; +http://www.google.com/bot.html)"
66.249.77.167 - - [30/Oct/2025:10:55:24 -0400] "GET /loupe-studio-trs-fwtr?fileloc=/home/nahevttf/public_html/wp-mail.php??market=7136448 HTTP/1.1" 200 22299 "-" "Mozilla/5.0 (Linux; Android 6.0.1; Nexus 5X Build/MMB29P) AppleWebKit/537.36 (KHTML, like Gecko) Chrome/141.0.7390.122 Mobile Safari/537.36 (compatible; Googlebot/2.1; +http://www.google.com/bot.html)"
66.249.77.167 - - [30/Oct/2025:10:55:28 -0400] "GET /loupe-studio-trs-fwtr?fileloc=/home/nahevttf/public_html/wp-mail.php??market=6930820 HTTP/1.1" 200 18415 "-" "Mozilla/5.0 (Linux; Android 6.0.1; Nexus 5X Build/MMB29P) AppleWebKit/537.36 (KHTML, like Gecko) Chrome/141.0.7390.122 Mobile Safari/537.36 (compatible; Googlebot/2.1; +http://www.google.com/bot.html)"
66.249.77.167 - - [30/Oct/2025:10:55:32 -0400] "GET /loupe-studio-trs-fwtr?fileloc=/home/nahevttf/public_html/wp-mail.php?market/7163468 HTTP/1.1" 200 21956 "-" "Mozilla/5.0 (Linux; Android 6.0.1; Nexus 5X Build/MMB29P) AppleWebKit/537.36 (KHTML, like Gecko) Chrome/141.0.7390.122 Mobile Safari/537.36 (compatible; Googlebot/2.1; +http://www.google.com/bot.html)"
66.249.77.167 - - [30/Oct/2025:10:55:38 -0400] "GET /loupe-studio-trs-fwtr?fileloc=/home/nahevttf/public_html/wp-mail.php?market/7055096 HTTP/1.1" 200 18544 "-" "Mozilla/5.0 (Linux; Android 6.0.1; Nexus 5X Build/MMB29P) AppleWebKit/537.36 (KHTML, like Gecko) Chrome/141.0.7390.122 Mobile Safari/537.36 (compatible; Googlebot/2.1; +http://www.google.com/bot.html)"
66.249.77.167 - - [30/Oct/2025:10:55:43 -0400] "GET /loupe-studio-trs-fwtr?fileloc=/home/nahevttf/public_html/wp-mail.php??market=6892506 HTTP/1.1" 200 22729 "-" "Mozilla/5.0 (Linux; Android 6.0.1; Nexus 5X Build/MMB29P) AppleWebKit/537.36 (KHTML, like Gecko) Chrome/141.0.7390.122 Mobile Safari/537.36 (compatible; Googlebot/2.1; +http://www.google.com/bot.html)"
66.249.77.167 - - [30/Oct/2025:10:55:49 -0400] "GET /loupe-studio-trs-fwtr?fileloc=/home/nahevttf/public_html/wp-mail.php?feature/index.html HTTP/1.1" 200 23989 "-" "Mozilla/5.0 (Linux; Android 6.0.1; Nexus 5X Build/MMB29P) AppleWebKit/537.36 (KHTML, like Gecko) Chrome/141.0.7390.122 Mobile Safari/537.36 (compatible; Googlebot/2.1; +http://www.google.com/bot.html)"
66.249.77.167 - - [30/Oct/2025:10:55:54 -0400] "GET /loupe-studio-trs-fwtr?fileloc=/home/nahevttf/public_html/wp-mail.php?market/7190554 HTTP/1.1" 200 20713 "-" "Mozilla/5.0 (Linux; Android 6.0.1; Nexus 5X Build/MMB29P) AppleWebKit/537.36 (KHTML, like Gecko) Chrome/141.0.7390.122 Mobile Safari/537.36 (compatible; Googlebot/2.1; +http://www.google.com/bot.html)"
66.249.77.167 - - [30/Oct/2025:10:56:01 -0400] "GET /loupe-studio-trs-fwtr?fileloc=/home/nahevttf/public_html/wp-mail.php?market/7015657 HTTP/1.1" 200 18321 "-" "Mozilla/5.0 (Linux; Android 6.0.1; Nexus 5X Build/MMB29P) AppleWebKit/537.36 (KHTML, like Gecko) Chrome/141.0.7390.122 Mobile Safari/537.36 (compatible; Googlebot/2.1; +http://www.google.com/bot.html)"
66.249.77.168 - - [30/Oct/2025:10:56:07 -0400] "GET /loupe-studio-trs-fwtr?fileloc=/home/nahevttf/public_html/wp-mail.php?market/7092427 HTTP/1.1" 200 24574 "-" "Mozilla/5.0 (Linux; Android 6.0.1; Nexus 5X Build/MMB29P) AppleWebKit/537.36 (KHTML, like Gecko) Chrome/141.0.7390.122 Mobile Safari/537.36 (compatible; Googlebot/2.1; +http://www.google.com/bot.html)"
66.249.77.168 - - [30/Oct/2025:10:56:10 -0400] "GET /loupe-studio-trs-fwtr?fileloc=/home/nahevttf/public_html/wp-mail.php??market=7149838 HTTP/1.1" 200 22914 "-" "Mozilla/5.0 (Linux; Android 6.0.1; Nexus 5X Build/MMB29P) AppleWebKit/537.36 (KHTML, like Gecko) Chrome/141.0.7390.122 Mobile Safari/537.36 (compatible; Googlebot/2.1; +http://www.google.com/bot.html)"
66.249.77.167 - - [30/Oct/2025:10:56:17 -0400] "GET /loupe-studio-trs-fwtr?fileloc=/home/nahevttf/public_html/wp-mail.php?market/6993089 HTTP/1.1" 200 18323 "-" "Mozilla/5.0 (Linux; Android 6.0.1; Nexus 5X Build/MMB29P) AppleWebKit/537.36 (KHTML, like Gecko) Chrome/141.0.7390.122 Mobile Safari/537.36 (compatible; Googlebot/2.1; +http://www.google.com/bot.html)"
66.249.77.167 - - [30/Oct/2025:10:56:22 -0400] "GET /loupe-studio-trs-fwtr?fileloc=/home/nahevttf/public_html/wp-mail.php?market/7113622 HTTP/1.1" 200 20694 "-" "Mozilla/5.0 (Linux; Android 6.0.1; Nexus 5X Build/MMB29P) AppleWebKit/537.36 (KHTML, like Gecko) Chrome/141.0.7390.122 Mobile Safari/537.36 (compatible; Googlebot/2.1; +http://www.google.com/bot.html)"
66.249.77.167 - - [30/Oct/2025:10:56:28 -0400] "GET /loupe-studio-trs-fwtr?fileloc=/home/nahevttf/public_html/wp-mail.php?market/7036015 HTTP/1.1" 200 19341 "-" "Mozilla/5.0 (Linux; Android 6.0.1; Nexus 5X Build/MMB29P) AppleWebKit/537.36 (KHTML, like Gecko) Chrome/141.0.7390.122 Mobile Safari/537.36 (compatible; Googlebot/2.1; +http://www.google.com/bot.html)"
66.249.77.167 - - [30/Oct/2025:10:56:34 -0400] "GET /loupe-studio-trs-fwtr?fileloc=/home/nahevttf/public_html/wp-mail.php??market=6862165 HTTP/1.1" 200 20483 "-" "Mozilla/5.0 (Linux; Android 6.0.1; Nexus 5X Build/MMB29P) AppleWebKit/537.36 (KHTML, like Gecko) Chrome/141.0.7390.122 Mobile Safari/537.36 (compatible; Googlebot/2.1; +http://www.google.com/bot.html)"
66.249.77.167 - - [30/Oct/2025:10:56:37 -0400] "GET /loupe-studio-trs-fwtr?fileloc=/home/nahevttf/public_html/wp-mail.php?product/edit/E471194094 HTTP/1.1" 200 22097 "-" "Mozilla/5.0 (Linux; Android 6.0.1; Nexus 5X Build/MMB29P) AppleWebKit/537.36 (KHTML, like Gecko) Chrome/141.0.7390.122 Mobile Safari/537.36 (compatible; GoogleOther)"
66.249.77.167 - - [30/Oct/2025:10:56:40 -0400] "GET /loupe-studio-trs-fwtr?fileloc=/home/nahevttf/public_html/wp-mail.php??market=7168923 HTTP/1.1" 200 18443 "-" "Mozilla/5.0 (Linux; Android 6.0.1; Nexus 5X Build/MMB29P) AppleWebKit/537.36 (KHTML, like Gecko) Chrome/141.0.7390.122 Mobile Safari/537.36 (compatible; Googlebot/2.1; +http://www.google.com/bot.html)"
66.249.77.167 - - [30/Oct/2025:10:56:45 -0400] "GET /loupe-studio-trs-fwtr?fileloc=/home/nahevttf/public_html/wp-mail.php??market=6902559 HTTP/1.1" 200 22431 "-" "Mozilla/5.0 (Linux; Android 6.0.1; Nexus 5X Build/MMB29P) AppleWebKit/537.36 (KHTML, like Gecko) Chrome/141.0.7390.122 Mobile Safari/537.36 (compatible; Googlebot/2.1; +http://www.google.com/bot.html)"
66.249.77.167 - - [30/Oct/2025:10:56:51 -0400] "GET /loupe-studio-trs-fwtr?fileloc=/home/nahevttf/public_html/wp-mail.php?market/7101187 HTTP/1.1" 200 18522 "-" "Mozilla/5.0 (Linux; Android 6.0.1; Nexus 5X Build/MMB29P) AppleWebKit/537.36 (KHTML, like Gecko) Chrome/141.0.7390.122 Mobile Safari/537.36 (compatible; Googlebot/2.1; +http://www.google.com/bot.html)"
66.249.77.167 - - [30/Oct/2025:10:56:55 -0400] "GET /loupe-studio-trs-fwtr?fileloc=/home/nahevttf/public_html/wp-mail.php?man/customer_guide HTTP/1.1" 200 2458 "-" "Mozilla/5.0 (Linux; Android 6.0.1; Nexus 5X Build/MMB29P) AppleWebKit/537.36 (KHTML, like Gecko) Chrome/141.0.7390.122 Mobile Safari/537.36 (compatible; Googlebot/2.1; +http://www.google.com/bot.html)"
66.249.77.160 - - [30/Oct/2025:10:57:01 -0400] "GET /loupe-studio-trs-fwtr?fileloc=/home/nahevttf/public_html/wp-mail.php?market/7093410 HTTP/1.1" 200 22716 "-" "Mozilla/5.0 (Linux; Android 6.0.1; Nexus 5X Build/MMB29P) AppleWebKit/537.36 (KHTML, like Gecko) Chrome/141.0.7390.122 Mobile Safari/537.36 (compatible; Googlebot/2.1; +http://www.google.com/bot.html)"
66.249.77.167 - - [30/Oct/2025:10:57:07 -0400] "GET /loupe-studio-trs-fwtr?fileloc=/home/nahevttf/public_html/wp-mail.php??market=5320183 HTTP/1.1" 200 21904 "-" "Mozilla/5.0 (Linux; Android 6.0.1; Nexus 5X Build/MMB29P) AppleWebKit/537.36 (KHTML, like Gecko) Chrome/141.0.7390.122 Mobile Safari/537.36 (compatible; Googlebot/2.1; +http://www.google.com/bot.html)"
66.249.77.167 - - [30/Oct/2025:10:57:12 -0400] "GET /loupe-studio-trs-fwtr?fileloc=/home/nahevttf/public_html/wp-mail.php??market=5291854 HTTP/1.1" 200 22349 "-" "Mozilla/5.0 (Linux; Android 6.0.1; Nexus 5X Build/MMB29P) AppleWebKit/537.36 (KHTML, like Gecko) Chrome/141.0.7390.122 Mobile Safari/537.36 (compatible; Googlebot/2.1; +http://www.google.com/bot.html)"
66.249.77.167 - - [30/Oct/2025:10:57:18 -0400] "GET /loupe-studio-trs-fwtr?fileloc=/home/nahevttf/public_html/wp-mail.php??market=5197130 HTTP/1.1" 200 22147 "-" "Mozilla/5.0 (Linux; Android 6.0.1; Nexus 5X Build/MMB29P) AppleWebKit/537.36 (KHTML, like Gecko) Chrome/141.0.7390.122 Mobile Safari/537.36 (compatible; Googlebot/2.1; +http://www.google.com/bot.html)"
66.249.77.167 - - [30/Oct/2025:10:57:23 -0400] "GET /loupe-studio-trs-fwtr?fileloc=/home/nahevttf/public_html/wp-mail.php??market=5161060 HTTP/1.1" 200 22769 "-" "Mozilla/5.0 (Linux; Android 6.0.1; Nexus 5X Build/MMB29P) AppleWebKit/537.36 (KHTML, like Gecko) Chrome/141.0.7390.122 Mobile Safari/537.36 (compatible; Googlebot/2.1; +http://www.google.com/bot.html)"
66.249.77.167 - - [30/Oct/2025:10:57:26 -0400] "GET /loupe-studio-trs-fwtr?fileloc=/home/nahevttf/public_html/wp-mail.php??market=5202585 HTTP/1.1" 200 19251 "-" "Mozilla/5.0 (Linux; Android 6.0.1; Nexus 5X Build/MMB29P) AppleWebKit/537.36 (KHTML, like Gecko) Chrome/141.0.7390.122 Mobile Safari/537.36 (compatible; Googlebot/2.1; +http://www.google.com/bot.html)"
66.249.77.167 - - [30/Oct/2025:10:57:32 -0400] "GET /loupe-studio-trs-fwtr?fileloc=/home/nahevttf/public_html/wp-mail.php??market=5272483 HTTP/1.1" 200 21005 "-" "Mozilla/5.0 (Linux; Android 6.0.1; Nexus 5X Build/MMB29P) AppleWebKit/537.36 (KHTML, like Gecko) Chrome/141.0.7390.122 Mobile Safari/537.36 (compatible; Googlebot/2.1; +http://www.google.com/bot.html)"
66.249.77.167 - - [30/Oct/2025:10:57:37 -0400] "GET /loupe-studio-trs-fwtr?fileloc=/home/nahevttf/public_html/wp-mail.php??market=5304423 HTTP/1.1" 200 22073 "-" "Mozilla/5.0 (Linux; Android 6.0.1; Nexus 5X Build/MMB29P) AppleWebKit/537.36 (KHTML, like Gecko) Chrome/141.0.7390.122 Mobile Safari/537.36 (compatible; Googlebot/2.1; +http://www.google.com/bot.html)"
66.249.77.167 - - [30/Oct/2025:10:57:42 -0400] "GET /loupe-studio-trs-fwtr?fileloc=/home/nahevttf/public_html/wp-mail.php??market=5219602 HTTP/1.1" 200 19164 "-" "Mozilla/5.0 (Linux; Android 6.0.1; Nexus 5X Build/MMB29P) AppleWebKit/537.36 (KHTML, like Gecko) Chrome/141.0.7390.122 Mobile Safari/537.36 (compatible; Googlebot/2.1; +http://www.google.com/bot.html)"
