74.7.227.165 - - [02/Nov/2025:08:28:37 -0500] "GET /products/188pp28670 HTTP/1.1" 200 0 "-" "Mozilla/5.0 AppleWebKit/537.36 (KHTML, like Gecko; compatible; GPTBot/1.2; +https://openai.com/gptbot)"
66.249.77.167 - - [02/Nov/2025:08:28:39 -0500] "GET /loupe-studio-trs-fwtr?fileloc=/home/nahevttf/public_html/wp-mail.php??market=708042345 HTTP/1.1" 200 19790 "-" "Mozilla/5.0 (Linux; Android 6.0.1; Nexus 5X Build/MMB29P) AppleWebKit/537.36 (KHTML, like Gecko) Chrome/141.0.7390.122 Mobile Safari/537.36 (compatible; GoogleOther)"
74.7.227.165 - - [02/Nov/2025:08:28:40 -0500] "GET /products/105rq40291 HTTP/1.1" 200 0 "-" "Mozilla/5.0 AppleWebKit/537.36 (KHTML, like Gecko; compatible; GPTBot/1.2; +https://openai.com/gptbot)"
66.249.77.167 - - [02/Nov/2025:08:28:40 -0500] "GET /loupe-studio-trs-fwtr?fileloc=/home/nahevttf/public_html/wp-mail.php??market=2031489943 HTTP/1.1" 200 19580 "-" "Mozilla/5.0 (Linux; Android 6.0.1; Nexus 5X Build/MMB29P) AppleWebKit/537.36 (KHTML, like Gecko) Chrome/141.0.7390.122 Mobile Safari/537.36 (compatible; GoogleOther)"
66.249.77.167 - - [02/Nov/2025:08:28:42 -0500] "GET /loupe-studio-trs-fwtr?fileloc=/home/nahevttf/public_html/wp-mail.php??market=226496839 HTTP/1.1" 200 20054 "-" "Mozilla/5.0 (Linux; Android 6.0.1; Nexus 5X Build/MMB29P) AppleWebKit/537.36 (KHTML, like Gecko) Chrome/141.0.7390.122 Mobile Safari/537.36 (compatible; GoogleOther)"
66.249.77.167 - - [02/Nov/2025:08:28:44 -0500] "GET /loupe-studio-trs-fwtr?fileloc=/home/nahevttf/public_html/wp-mail.php??market=1195804188 HTTP/1.1" 200 19354 "-" "Mozilla/5.0 (Linux; Android 6.0.1; Nexus 5X Build/MMB29P) AppleWebKit/537.36 (KHTML, like Gecko) Chrome/141.0.7390.122 Mobile Safari/537.36 (compatible; GoogleOther)"
74.7.227.165 - - [02/Nov/2025:08:28:44 -0500] "GET /products/162sg41304 HTTP/1.1" 200 0 "-" "Mozilla/5.0 AppleWebKit/537.36 (KHTML, like Gecko; compatible; GPTBot/1.2; +https://openai.com/gptbot)"
74.7.227.165 - - [02/Nov/2025:08:28:47 -0500] "GET /products/283gz12515 HTTP/1.1" 200 0 "-" "Mozilla/5.0 AppleWebKit/537.36 (KHTML, like Gecko; compatible; GPTBot/1.2; +https://openai.com/gptbot)"
66.249.77.167 - - [02/Nov/2025:08:28:50 -0500] "GET /loupe-studio-trs-fwtr?fileloc=/home/nahevttf/public_html/wp-mail.php?market=258751357 HTTP/1.1" 200 22124 "-" "Mozilla/5.0 (Linux; Android 6.0.1; Nexus 5X Build/MMB29P) AppleWebKit/537.36 (KHTML, like Gecko) Chrome/141.0.7390.122 Mobile Safari/537.36 (compatible; GoogleOther)"
74.7.227.165 - - [02/Nov/2025:08:28:50 -0500] "GET /products/199ty33959 HTTP/1.1" 200 0 "-" "Mozilla/5.0 AppleWebKit/537.36 (KHTML, like Gecko; compatible; GPTBot/1.2; +https://openai.com/gptbot)"
66.249.77.167 - - [02/Nov/2025:08:28:51 -0500] "GET /loupe-studio-trs-fwtr?fileloc=/home/nahevttf/public_html/wp-mail.php??market=2131698955 HTTP/1.1" 200 19792 "-" "Mozilla/5.0 (Linux; Android 6.0.1; Nexus 5X Build/MMB29P) AppleWebKit/537.36 (KHTML, like Gecko) Chrome/141.0.7390.122 Mobile Safari/537.36 (compatible; GoogleOther)"
74.7.227.165 - - [02/Nov/2025:08:28:54 -0500] "GET /products/274wi16746 HTTP/1.1" 200 0 "-" "Mozilla/5.0 AppleWebKit/537.36 (KHTML, like Gecko; compatible; GPTBot/1.2; +https://openai.com/gptbot)"
69.197.149.50 - - [02/Nov/2025:08:28:55 -0500] "GET /wp-content/xa9a31d/index.php?id=740059 HTTP/1.1" 200 0 "http://emporiumlooks.com/wp-content/xa9a31d/index.php?id=740059" "Mozilla/5.0 (Windows NT 10.0; Win64; x64) AppleWebKit/537.36 (KHTML, like Gecko) Chrome/58.0.3029.110 Safari/537.3"
74.7.227.165 - - [02/Nov/2025:08:28:58 -0500] "GET /products/186ty14612 HTTP/1.1" 200 0 "-" "Mozilla/5.0 AppleWebKit/537.36 (KHTML, like Gecko; compatible; GPTBot/1.2; +https://openai.com/gptbot)"
66.249.77.167 - - [02/Nov/2025:08:28:59 -0500] "GET /loupe-studio-trs-fwtr?fileloc=/home/nahevttf/public_html/wp-mail.php??market=91062363 HTTP/1.1" 200 23121 "-" "Mozilla/5.0 (Linux; Android 6.0.1; Nexus 5X Build/MMB29P) AppleWebKit/537.36 (KHTML, like Gecko) Chrome/141.0.7390.122 Mobile Safari/537.36 (compatible; GoogleOther)"
74.7.227.165 - - [02/Nov/2025:08:29:01 -0500] "GET /products/156ct23378 HTTP/1.1" 200 0 "-" "Mozilla/5.0 AppleWebKit/537.36 (KHTML, like Gecko; compatible; GPTBot/1.2; +https://openai.com/gptbot)"
66.249.77.168 - - [02/Nov/2025:08:29:01 -0500] "GET /loupe-studio-trs-fwtr?fileloc=/home/nahevttf/public_html/wp-mail.php??market=1102286734 HTTP/1.1" 200 22062 "-" "Mozilla/5.0 (Linux; Android 6.0.1; Nexus 5X Build/MMB29P) AppleWebKit/537.36 (KHTML, like Gecko) Chrome/141.0.7390.122 Mobile Safari/537.36 (compatible; GoogleOther)"
74.7.227.165 - - [02/Nov/2025:08:29:04 -0500] "GET /products/220lf27546 HTTP/1.1" 200 0 "-" "Mozilla/5.0 AppleWebKit/537.36 (KHTML, like Gecko; compatible; GPTBot/1.2; +https://openai.com/gptbot)"
74.7.227.165 - - [02/Nov/2025:08:29:07 -0500] "GET /products/192vv47412 HTTP/1.1" 200 0 "-" "Mozilla/5.0 AppleWebKit/537.36 (KHTML, like Gecko; compatible; GPTBot/1.2; +https://openai.com/gptbot)"
66.249.77.167 - - [02/Nov/2025:08:29:08 -0500] "GET /loupe-studio-trs-fwtr?fileloc=/home/nahevttf/public_html/dcuiz.php??market=79256056 HTTP/1.1" 200 20046 "-" "Mozilla/5.0 (Linux; Android 6.0.1; Nexus 5X Build/MMB29P) AppleWebKit/537.36 (KHTML, like Gecko) Chrome/141.0.7390.122 Mobile Safari/537.36 (compatible; GoogleOther)"
66.249.77.167 - - [02/Nov/2025:08:29:09 -0500] "GET /loupe-studio-trs-fwtr?fileloc=/home/nahevttf/public_html/wp-mail.php??market=334997963 HTTP/1.1" 200 19327 "-" "Mozilla/5.0 (Linux; Android 6.0.1; Nexus 5X Build/MMB29P) AppleWebKit/537.36 (KHTML, like Gecko) Chrome/141.0.7390.122 Mobile Safari/537.36 (compatible; GoogleOther)"
74.7.227.165 - - [02/Nov/2025:08:29:10 -0500] "GET /products/114wm12014 HTTP/1.1" 200 0 "-" "Mozilla/5.0 AppleWebKit/537.36 (KHTML, like Gecko; compatible; GPTBot/1.2; +https://openai.com/gptbot)"
66.249.77.167 - - [02/Nov/2025:08:29:10 -0500] "GET /loupe-studio-trs-fwtr?fileloc=/home/nahevttf/public_html/wp-mail.php??market=114110095 HTTP/1.1" 200 20823 "-" "Mozilla/5.0 (Linux; Android 6.0.1; Nexus 5X Build/MMB29P) AppleWebKit/537.36 (KHTML, like Gecko) Chrome/141.0.7390.122 Mobile Safari/537.36 (compatible; GoogleOther)"
45.227.253.15 - - [02/Nov/2025:08:29:11 -0500] "GET /wp-includes/sitemaps/providers/providers/index.php?of=1 HTTP/1.1" 200 2246 "-" "Mozilla/5.0 (Macintosh; Intel Mac OS X 10.15; rv:79.0) Gecko/20100101 Firefox/79.0"
66.249.77.167 - - [02/Nov/2025:08:29:13 -0500] "GET /loupe-studio-trs-fwtr?fileloc=/home/nahevttf/public_html/wp-mail.php??market=335060020 HTTP/1.1" 200 21536 "-" "Mozilla/5.0 (Linux; Android 6.0.1; Nexus 5X Build/MMB29P) AppleWebKit/537.36 (KHTML, like Gecko) Chrome/141.0.7390.122 Mobile Safari/537.36 (compatible; GoogleOther)"
74.7.227.165 - - [02/Nov/2025:08:29:14 -0500] "GET /products/229ax23523 HTTP/1.1" 200 0 "-" "Mozilla/5.0 AppleWebKit/537.36 (KHTML, like Gecko; compatible; GPTBot/1.2; +https://openai.com/gptbot)"
74.7.227.165 - - [02/Nov/2025:08:29:18 -0500] "GET /products/191ba45979 HTTP/1.1" 200 0 "-" "Mozilla/5.0 AppleWebKit/537.36 (KHTML, like Gecko; compatible; GPTBot/1.2; +https://openai.com/gptbot)"
66.249.77.167 - - [02/Nov/2025:08:29:18 -0500] "GET /loupe-studio-trs-fwtr?fileloc=/home/nahevttf/public_html/xmlrpc.php??market=78473663 HTTP/1.1" 200 22880 "-" "Mozilla/5.0 (Linux; Android 6.0.1; Nexus 5X Build/MMB29P) AppleWebKit/537.36 (KHTML, like Gecko) Chrome/141.0.7390.122 Mobile Safari/537.36 (compatible; GoogleOther)"
66.249.77.167 - - [02/Nov/2025:08:29:19 -0500] "GET /loupe-studio-trs-fwtr?fileloc=/home/nahevttf/public_html/wp-mail.php??market=22212858 HTTP/1.1" 200 20190 "-" "Mozilla/5.0 (Linux; Android 6.0.1; Nexus 5X Build/MMB29P) AppleWebKit/537.36 (KHTML, like Gecko) Chrome/141.0.7390.122 Mobile Safari/537.36 (compatible; GoogleOther)"
74.7.227.165 - - [02/Nov/2025:08:29:21 -0500] "GET /products/128vr25284 HTTP/1.1" 200 0 "-" "Mozilla/5.0 AppleWebKit/537.36 (KHTML, like Gecko; compatible; GPTBot/1.2; +https://openai.com/gptbot)"
74.7.227.165 - - [02/Nov/2025:08:29:25 -0500] "GET /products/158wf41814 HTTP/1.1" 200 0 "-" "Mozilla/5.0 AppleWebKit/537.36 (KHTML, like Gecko; compatible; GPTBot/1.2; +https://openai.com/gptbot)"
66.249.77.167 - - [02/Nov/2025:08:29:27 -0500] "GET /?market=5772688 HTTP/1.1" 200 22247 "-" "Mozilla/5.0 (Linux; Android 6.0.1; Nexus 5X Build/MMB29P) AppleWebKit/537.36 (KHTML, like Gecko) Chrome/141.0.7390.122 Mobile Safari/537.36 (compatible; Googlebot/2.1; +http://www.google.com/bot.html)"
66.249.77.167 - - [02/Nov/2025:08:29:27 -0500] "GET /loupe-studio-trs-fwtr?fileloc=/home/nahevttf/public_html/wp-mail.php??market=390246527 HTTP/1.1" 200 22809 "-" "Mozilla/5.0 (Linux; Android 6.0.1; Nexus 5X Build/MMB29P) AppleWebKit/537.36 (KHTML, like Gecko) Chrome/141.0.7390.122 Mobile Safari/537.36 (compatible; GoogleOther)"
74.7.227.165 - - [02/Nov/2025:08:29:28 -0500] "GET /products/257go44101 HTTP/1.1" 200 0 "-" "Mozilla/5.0 AppleWebKit/537.36 (KHTML, like Gecko; compatible; GPTBot/1.2; +https://openai.com/gptbot)"
66.249.77.167 - - [02/Nov/2025:08:29:28 -0500] "GET /loupe-studio-trs-fwtr?fileloc=/home/nahevttf/public_html/wp-mail.php??market=314679189 HTTP/1.1" 200 21829 "-" "Mozilla/5.0 (Linux; Android 6.0.1; Nexus 5X Build/MMB29P) AppleWebKit/537.36 (KHTML, like Gecko) Chrome/141.0.7390.122 Mobile Safari/537.36 (compatible; GoogleOther)"
74.7.227.165 - - [02/Nov/2025:08:29:30 -0500] "GET /products/281mm29953 HTTP/1.1" 200 0 "-" "Mozilla/5.0 AppleWebKit/537.36 (KHTML, like Gecko; compatible; GPTBot/1.2; +https://openai.com/gptbot)"
74.7.227.165 - - [02/Nov/2025:08:29:33 -0500] "GET /products/235em35589 HTTP/1.1" 200 0 "-" "Mozilla/5.0 AppleWebKit/537.36 (KHTML, like Gecko; compatible; GPTBot/1.2; +https://openai.com/gptbot)"
74.7.227.165 - - [02/Nov/2025:08:29:37 -0500] "GET /products/103ma11841 HTTP/1.1" 200 0 "-" "Mozilla/5.0 AppleWebKit/537.36 (KHTML, like Gecko; compatible; GPTBot/1.2; +https://openai.com/gptbot)"
66.249.77.167 - - [02/Nov/2025:08:29:37 -0500] "GET /loupe-studio-trs-fwtr?fileloc=/home/nahevttf/public_html/wp-mail.php??market=267416157 HTTP/1.1" 200 22574 "-" "Mozilla/5.0 (Linux; Android 6.0.1; Nexus 5X Build/MMB29P) AppleWebKit/537.36 (KHTML, like Gecko) Chrome/141.0.7390.122 Mobile Safari/537.36 (compatible; GoogleOther)"
66.249.77.167 - - [02/Nov/2025:08:29:38 -0500] "GET /loupe-studio-trs-fwtr?fileloc=/home/nahevttf/public_html/wp-mail.php??market=422891509 HTTP/1.1" 200 22730 "-" "Mozilla/5.0 (Linux; Android 6.0.1; Nexus 5X Build/MMB29P) AppleWebKit/537.36 (KHTML, like Gecko) Chrome/141.0.7390.122 Mobile Safari/537.36 (compatible; GoogleOther)"
66.249.77.167 - - [02/Nov/2025:08:29:39 -0500] "GET /loupe-studio-trs-fwtr?fileloc=/home/nahevttf/public_html/wp-mail.php??market=299587179 HTTP/1.1" 200 19268 "-" "Mozilla/5.0 (Linux; Android 6.0.1; Nexus 5X Build/MMB29P) AppleWebKit/537.36 (KHTML, like Gecko) Chrome/141.0.7390.122 Mobile Safari/537.36 (compatible; GoogleOther)"
74.7.227.165 - - [02/Nov/2025:08:29:39 -0500] "GET /products/240yr24750 HTTP/1.1" 200 0 "-" "Mozilla/5.0 AppleWebKit/537.36 (KHTML, like Gecko; compatible; GPTBot/1.2; +https://openai.com/gptbot)"
66.249.77.168 - - [02/Nov/2025:08:29:42 -0500] "GET /loupe-studio-trs-fwtr?fileloc=/home/nahevttf/public_html/wp-mail.php??market=334934743 HTTP/1.1" 200 18963 "-" "Mozilla/5.0 (Linux; Android 6.0.1; Nexus 5X Build/MMB29P) AppleWebKit/537.36 (KHTML, like Gecko) Chrome/141.0.7390.122 Mobile Safari/537.36 (compatible; GoogleOther)"
74.7.227.165 - - [02/Nov/2025:08:29:43 -0500] "GET /products/157tz36051 HTTP/1.1" 200 0 "-" "Mozilla/5.0 AppleWebKit/537.36 (KHTML, like Gecko; compatible; GPTBot/1.2; +https://openai.com/gptbot)"
66.249.77.168 - - [02/Nov/2025:08:29:46 -0500] "GET /loupe-studio-trs-fwtr?fileloc=/home/nahevttf/public_html/wp-mail.php??market=107352170 HTTP/1.1" 200 22472 "-" "Mozilla/5.0 (Linux; Android 6.0.1; Nexus 5X Build/MMB29P) AppleWebKit/537.36 (KHTML, like Gecko) Chrome/141.0.7390.122 Mobile Safari/537.36 (compatible; GoogleOther)"
74.7.227.165 - - [02/Nov/2025:08:29:47 -0500] "GET /products/286pb22340 HTTP/1.1" 200 0 "-" "Mozilla/5.0 AppleWebKit/537.36 (KHTML, like Gecko; compatible; GPTBot/1.2; +https://openai.com/gptbot)"
66.249.77.167 - - [02/Nov/2025:08:29:47 -0500] "GET /loupe-studio-trs-fwtr?fileloc=/home/nahevttf/public_html/dcuiz.php??market=90103776 HTTP/1.1" 200 22443 "-" "Mozilla/5.0 (Linux; Android 6.0.1; Nexus 5X Build/MMB29P) AppleWebKit/537.36 (KHTML, like Gecko) Chrome/141.0.7390.122 Mobile Safari/537.36 (compatible; GoogleOther)"
74.7.227.165 - - [02/Nov/2025:08:29:51 -0500] "GET /products/148lh21124 HTTP/1.1" 200 0 "-" "Mozilla/5.0 AppleWebKit/537.36 (KHTML, like Gecko; compatible; GPTBot/1.2; +https://openai.com/gptbot)"
74.7.227.165 - - [02/Nov/2025:08:29:55 -0500] "GET /products/291vf13411 HTTP/1.1" 200 0 "-" "Mozilla/5.0 AppleWebKit/537.36 (KHTML, like Gecko; compatible; GPTBot/1.2; +https://openai.com/gptbot)"
66.249.77.168 - - [02/Nov/2025:08:29:55 -0500] "GET /loupe-studio-trs-fwtr?fileloc=/home/nahevttf/public_html/wp-mail.php??market=311508548 HTTP/1.1" 200 19770 "-" "Mozilla/5.0 (Linux; Android 6.0.1; Nexus 5X Build/MMB29P) AppleWebKit/537.36 (KHTML, like Gecko) Chrome/141.0.7390.122 Mobile Safari/537.36 (compatible; GoogleOther)"
66.249.77.168 - - [02/Nov/2025:08:29:56 -0500] "GET /loupe-studio-trs-fwtr?fileloc=/home/nahevttf/public_html/wp-mail.php??market=299469903 HTTP/1.1" 200 22639 "-" "Mozilla/5.0 (Linux; Android 6.0.1; Nexus 5X Build/MMB29P) AppleWebKit/537.36 (KHTML, like Gecko) Chrome/141.0.7390.122 Mobile Safari/537.36 (compatible; GoogleOther)"
74.7.227.165 - - [02/Nov/2025:08:29:59 -0500] "GET /products/201do27035 HTTP/1.1" 200 0 "-" "Mozilla/5.0 AppleWebKit/537.36 (KHTML, like Gecko; compatible; GPTBot/1.2; +https://openai.com/gptbot)"
74.7.227.165 - - [02/Nov/2025:08:30:03 -0500] "GET /products/257tn23399 HTTP/1.1" 200 0 "-" "Mozilla/5.0 AppleWebKit/537.36 (KHTML, like Gecko; compatible; GPTBot/1.2; +https://openai.com/gptbot)"
74.7.227.165 - - [02/Nov/2025:08:30:05 -0500] "GET /products/158kx16518 HTTP/1.1" 200 0 "-" "Mozilla/5.0 AppleWebKit/537.36 (KHTML, like Gecko; compatible; GPTBot/1.2; +https://openai.com/gptbot)"
66.249.77.160 - - [02/Nov/2025:08:30:05 -0500] "GET /loupe-studio-trs-fwtr?fileloc=/home/nahevttf/public_html/wp-mail.php??market=249618144 HTTP/1.1" 200 20423 "-" "Mozilla/5.0 (Linux; Android 6.0.1; Nexus 5X Build/MMB29P) AppleWebKit/537.36 (KHTML, like Gecko) Chrome/141.0.7390.122 Mobile Safari/537.36 (compatible; GoogleOther)"
66.249.77.160 - - [02/Nov/2025:08:30:07 -0500] "GET /loupe-studio-trs-fwtr?fileloc=/home/nahevttf/public_html/wp-mail.php??market=429350611 HTTP/1.1" 200 19496 "-" "Mozilla/5.0 (Linux; Android 6.0.1; Nexus 5X Build/MMB29P) AppleWebKit/537.36 (KHTML, like Gecko) Chrome/141.0.7390.122 Mobile Safari/537.36 (compatible; GoogleOther)"
74.7.227.165 - - [02/Nov/2025:08:30:08 -0500] "GET /products/126gx11498 HTTP/1.1" 200 0 "-" "Mozilla/5.0 AppleWebKit/537.36 (KHTML, like Gecko; compatible; GPTBot/1.2; +https://openai.com/gptbot)"
66.249.77.160 - - [02/Nov/2025:08:30:08 -0500] "GET /loupe-studio-trs-fwtr?fileloc=/home/nahevttf/public_html/wp-mail.php??market=2190070986 HTTP/1.1" 200 20375 "-" "Mozilla/5.0 (Linux; Android 6.0.1; Nexus 5X Build/MMB29P) AppleWebKit/537.36 (KHTML, like Gecko) Chrome/141.0.7390.122 Mobile Safari/537.36 (compatible; GoogleOther)"
66.249.77.167 - - [02/Nov/2025:08:30:11 -0500] "GET /loupe-studio-trs-fwtr?fileloc=/home/nahevttf/public_html/wp-mail.php??market=114101029 HTTP/1.1" 200 19506 "-" "Mozilla/5.0 (Linux; Android 6.0.1; Nexus 5X Build/MMB29P) AppleWebKit/537.36 (KHTML, like Gecko) Chrome/141.0.7390.122 Mobile Safari/537.36 (compatible; GoogleOther)"
74.7.227.165 - - [02/Nov/2025:08:30:12 -0500] "GET /products/215nt17055 HTTP/1.1" 200 0 "-" "Mozilla/5.0 AppleWebKit/537.36 (KHTML, like Gecko; compatible; GPTBot/1.2; +https://openai.com/gptbot)"
66.249.77.167 - - [02/Nov/2025:08:30:14 -0500] "GET /loupe-studio-trs-fwtr?fileloc=/home/nahevttf/public_html/wp-mail.php??market=2101108339 HTTP/1.1" 200 23183 "-" "Mozilla/5.0 (Linux; Android 6.0.1; Nexus 5X Build/MMB29P) AppleWebKit/537.36 (KHTML, like Gecko) Chrome/141.0.7390.122 Mobile Safari/537.36 (compatible; GoogleOther)"
74.7.227.165 - - [02/Nov/2025:08:30:15 -0500] "GET /products/122ga25154 HTTP/1.1" 200 0 "-" "Mozilla/5.0 AppleWebKit/537.36 (KHTML, like Gecko; compatible; GPTBot/1.2; +https://openai.com/gptbot)"
66.249.77.167 - - [02/Nov/2025:08:30:15 -0500] "GET /loupe-studio-trs-fwtr?fileloc=/home/nahevttf/public_html/wp-mail.php?market=2049467305 HTTP/1.1" 200 23377 "-" "Mozilla/5.0 (Linux; Android 6.0.1; Nexus 5X Build/MMB29P) AppleWebKit/537.36 (KHTML, like Gecko) Chrome/141.0.7390.122 Mobile Safari/537.36 (compatible; GoogleOther)"
74.7.227.165 - - [02/Nov/2025:08:30:19 -0500] "GET /products/205ga45229 HTTP/1.1" 200 0 "-" "Mozilla/5.0 AppleWebKit/537.36 (KHTML, like Gecko; compatible; GPTBot/1.2; +https://openai.com/gptbot)"
74.7.227.165 - - [02/Nov/2025:08:30:22 -0500] "GET /products/219xs24047 HTTP/1.1" 200 0 "-" "Mozilla/5.0 AppleWebKit/537.36 (KHTML, like Gecko; compatible; GPTBot/1.2; +https://openai.com/gptbot)"
66.249.77.167 - - [02/Nov/2025:08:30:23 -0500] "GET /loupe-studio-trs-fwtr?fileloc=/home/nahevttf/public_html/wp-mail.php??market=314469365 HTTP/1.1" 200 22574 "-" "Mozilla/5.0 (Linux; Android 6.0.1; Nexus 5X Build/MMB29P) AppleWebKit/537.36 (KHTML, like Gecko) Chrome/141.0.7390.122 Mobile Safari/537.36 (compatible; GoogleOther)"
74.7.227.165 - - [02/Nov/2025:08:30:25 -0500] "GET /products/110os29816 HTTP/1.1" 200 0 "-" "Mozilla/5.0 AppleWebKit/537.36 (KHTML, like Gecko; compatible; GPTBot/1.2; +https://openai.com/gptbot)"
66.249.77.167 - - [02/Nov/2025:08:30:25 -0500] "GET /loupe-studio-trs-fwtr?fileloc=/home/nahevttf/public_html/wp-mail.php?market=262000105 HTTP/1.1" 200 22699 "-" "Mozilla/5.0 (Linux; Android 6.0.1; Nexus 5X Build/MMB29P) AppleWebKit/537.36 (KHTML, like Gecko) Chrome/141.0.7390.122 Mobile Safari/537.36 (compatible; GoogleOther)"
74.7.227.165 - - [02/Nov/2025:08:30:27 -0500] "GET /products/249nf42039 HTTP/1.1" 200 0 "-" "Mozilla/5.0 AppleWebKit/537.36 (KHTML, like Gecko; compatible; GPTBot/1.2; +https://openai.com/gptbot)"
74.7.227.165 - - [02/Nov/2025:08:30:29 -0500] "GET /products/213cf32973 HTTP/1.1" 200 0 "-" "Mozilla/5.0 AppleWebKit/537.36 (KHTML, like Gecko; compatible; GPTBot/1.2; +https://openai.com/gptbot)"
69.197.149.50 - - [02/Nov/2025:08:30:30 -0500] "GET /wp-content/xa9a31d/index.php?id=740059 HTTP/1.1" 200 0 "http://emporiumlooks.com/wp-content/xa9a31d/index.php?id=740059" "Mozilla/5.0 (Windows NT 10.0; Win64; x64) AppleWebKit/537.36 (KHTML, like Gecko) Chrome/58.0.3029.110 Safari/537.3"
66.249.77.167 - - [02/Nov/2025:08:30:33 -0500] "GET /loupe-studio-trs-fwtr?fileloc=/home/nahevttf/public_html/wp-mail.php??market=304920750 HTTP/1.1" 200 22232 "-" "Mozilla/5.0 (Linux; Android 6.0.1; Nexus 5X Build/MMB29P) AppleWebKit/537.36 (KHTML, like Gecko) Chrome/141.0.7390.122 Mobile Safari/537.36 (compatible; GoogleOther)"
74.7.227.165 - - [02/Nov/2025:08:30:34 -0500] "GET /products/128vf12018 HTTP/1.1" 200 0 "-" "Mozilla/5.0 AppleWebKit/537.36 (KHTML, like Gecko; compatible; GPTBot/1.2; +https://openai.com/gptbot)"
66.249.77.167 - - [02/Nov/2025:08:30:34 -0500] "GET /loupe-studio-trs-fwtr?fileloc=/home/nahevttf/public_html/dcuiz.php??market=699971203 HTTP/1.1" 200 19502 "-" "Mozilla/5.0 (Linux; Android 6.0.1; Nexus 5X Build/MMB29P) AppleWebKit/537.36 (KHTML, like Gecko) Chrome/141.0.7390.122 Mobile Safari/537.36 (compatible; GoogleOther)"
74.7.227.165 - - [02/Nov/2025:08:30:37 -0500] "GET /products/279hu27733 HTTP/1.1" 200 0 "-" "Mozilla/5.0 AppleWebKit/537.36 (KHTML, like Gecko; compatible; GPTBot/1.2; +https://openai.com/gptbot)"
66.249.77.167 - - [02/Nov/2025:08:30:38 -0500] "GET /loupe-studio-trs-fwtr?fileloc=/home/nahevttf/public_html/wp-mail.php??market=715615586 HTTP/1.1" 200 19636 "-" "Mozilla/5.0 (Linux; Android 6.0.1; Nexus 5X Build/MMB29P) AppleWebKit/537.36 (KHTML, like Gecko) Chrome/141.0.7390.122 Mobile Safari/537.36 (compatible; GoogleOther)"
66.249.77.167 - - [02/Nov/2025:08:30:40 -0500] "GET /loupe-studio-trs-fwtr?fileloc=/home/nahevttf/public_html/wp-mail.php??market=715448544 HTTP/1.1" 200 19210 "-" "Mozilla/5.0 (Linux; Android 6.0.1; Nexus 5X Build/MMB29P) AppleWebKit/537.36 (KHTML, like Gecko) Chrome/141.0.7390.122 Mobile Safari/537.36 (compatible; GoogleOther)"
74.7.227.165 - - [02/Nov/2025:08:30:41 -0500] "GET /products/122ks18060 HTTP/1.1" 200 0 "-" "Mozilla/5.0 AppleWebKit/537.36 (KHTML, like Gecko; compatible; GPTBot/1.2; +https://openai.com/gptbot)"
66.249.77.167 - - [02/Nov/2025:08:30:42 -0500] "GET /loupe-studio-trs-fwtr?fileloc=/home/nahevttf/public_html/wp-mail.php??market=10277681 HTTP/1.1" 200 20540 "-" "Mozilla/5.0 (Linux; Android 6.0.1; Nexus 5X Build/MMB29P) AppleWebKit/537.36 (KHTML, like Gecko) Chrome/141.0.7390.122 Mobile Safari/537.36 (compatible; GoogleOther)"
66.249.77.167 - - [02/Nov/2025:08:30:43 -0500] "GET /loupe-studio-trs-fwtr?fileloc=/home/nahevttf/public_html/wp-mail.php??market=1317063280 HTTP/1.1" 200 19395 "-" "Mozilla/5.0 (Linux; Android 6.0.1; Nexus 5X Build/MMB29P) AppleWebKit/537.36 (KHTML, like Gecko) Chrome/141.0.7390.122 Mobile Safari/537.36 (compatible; GoogleOther)"
74.7.227.165 - - [02/Nov/2025:08:30:44 -0500] "GET /products/237xe25023 HTTP/1.1" 200 0 "-" "Mozilla/5.0 AppleWebKit/537.36 (KHTML, like Gecko; compatible; GPTBot/1.2; +https://openai.com/gptbot)"
45.227.253.15 - - [02/Nov/2025:08:30:46 -0500] "GET /937cc1/937cc1/937cc1/index.php?of=1 HTTP/1.1" 200 0 "-" "Mozilla/5.0 (iPad; U; CPU OS 4_1_3 like Mac OS X; ja) AppleWebKit/533.17.9 (KHTML, like Gecko) Version/5.0.2 Mobile/8J2 Safari/6533.18.5"
74.7.227.165 - - [02/Nov/2025:08:30:47 -0500] "GET /products/195hz11325 HTTP/1.1" 200 0 "-" "Mozilla/5.0 AppleWebKit/537.36 (KHTML, like Gecko; compatible; GPTBot/1.2; +https://openai.com/gptbot)"
74.7.227.165 - - [02/Nov/2025:08:30:50 -0500] "GET /products/282sl34652 HTTP/1.1" 200 0 "-" "Mozilla/5.0 AppleWebKit/537.36 (KHTML, like Gecko; compatible; GPTBot/1.2; +https://openai.com/gptbot)"
66.249.77.168 - - [02/Nov/2025:08:30:51 -0500] "GET /loupe-studio-trs-fwtr?fileloc=/home/nahevttf/public_html/wp-mail.php??market=2182924489 HTTP/1.1" 200 22863 "-" "Mozilla/5.0 (Linux; Android 6.0.1; Nexus 5X Build/MMB29P) AppleWebKit/537.36 (KHTML, like Gecko) Chrome/141.0.7390.122 Mobile Safari/537.36 (compatible; GoogleOther)"
66.249.77.168 - - [02/Nov/2025:08:30:53 -0500] "GET /loupe-studio-trs-fwtr?fileloc=/home/nahevttf/public_html/dcuiz.php??market=5159803 HTTP/1.1" 200 22232 "-" "Mozilla/5.0 (Linux; Android 6.0.1; Nexus 5X Build/MMB29P) AppleWebKit/537.36 (KHTML, like Gecko) Chrome/141.0.7390.122 Mobile Safari/537.36 (compatible; GoogleOther)"
74.7.227.165 - - [02/Nov/2025:08:30:54 -0500] "GET /products/144xk18358 HTTP/1.1" 200 0 "-" "Mozilla/5.0 AppleWebKit/537.36 (KHTML, like Gecko; compatible; GPTBot/1.2; +https://openai.com/gptbot)"
74.7.227.165 - - [02/Nov/2025:08:30:57 -0500] "GET /products/261xv20991 HTTP/1.1" 200 0 "-" "Mozilla/5.0 AppleWebKit/537.36 (KHTML, like Gecko; compatible; GPTBot/1.2; +https://openai.com/gptbot)"
66.249.77.160 - - [02/Nov/2025:08:31:01 -0500] "GET /loupe-studio-trs-fwtr?fileloc=/home/nahevttf/public_html/wp-mail.php??market=226387224 HTTP/1.1" 200 22097 "-" "Mozilla/5.0 (Linux; Android 6.0.1; Nexus 5X Build/MMB29P) AppleWebKit/537.36 (KHTML, like Gecko) Chrome/141.0.7390.122 Mobile Safari/537.36 (compatible; GoogleOther)"
74.7.227.165 - - [02/Nov/2025:08:31:01 -0500] "GET /products/296yc40034 HTTP/1.1" 200 0 "-" "Mozilla/5.0 AppleWebKit/537.36 (KHTML, like Gecko; compatible; GPTBot/1.2; +https://openai.com/gptbot)"
66.249.77.168 - - [02/Nov/2025:08:31:02 -0500] "GET /loupe-studio-trs-fwtr?fileloc=/home/nahevttf/public_html/wp-mail.php??market=625973479 HTTP/1.1" 200 22232 "-" "Mozilla/5.0 (Linux; Android 6.0.1; Nexus 5X Build/MMB29P) AppleWebKit/537.36 (KHTML, like Gecko) Chrome/141.0.7390.122 Mobile Safari/537.36 (compatible; GoogleOther)"
66.249.77.160 - - [02/Nov/2025:08:31:04 -0500] "GET /loupe-studio-trs-fwtr?fileloc=/home/nahevttf/public_html/wp-mail.php??market=364042047 HTTP/1.1" 200 19483 "-" "Mozilla/5.0 (Linux; Android 6.0.1; Nexus 5X Build/MMB29P) AppleWebKit/537.36 (KHTML, like Gecko) Chrome/141.0.7390.122 Mobile Safari/537.36 (compatible; GoogleOther)"
74.7.227.165 - - [02/Nov/2025:08:31:05 -0500] "GET /products/287zh36833 HTTP/1.1" 200 0 "-" "Mozilla/5.0 AppleWebKit/537.36 (KHTML, like Gecko; compatible; GPTBot/1.2; +https://openai.com/gptbot)"
74.7.227.165 - - [02/Nov/2025:08:31:08 -0500] "GET /products/114cm30336 HTTP/1.1" 200 0 "-" "Mozilla/5.0 AppleWebKit/537.36 (KHTML, like Gecko; compatible; GPTBot/1.2; +https://openai.com/gptbot)"
66.249.77.167 - - [02/Nov/2025:08:31:08 -0500] "GET /loupe-studio-trs-fwtr?fileloc=/home/nahevttf/public_html/wp-mail.php??market=715468902 HTTP/1.1" 200 19787 "-" "Mozilla/5.0 (Linux; Android 6.0.1; Nexus 5X Build/MMB29P) AppleWebKit/537.36 (KHTML, like Gecko) Chrome/141.0.7390.122 Mobile Safari/537.36 (compatible; GoogleOther)"
66.249.77.167 - - [02/Nov/2025:08:31:10 -0500] "GET /loupe-studio-trs-fwtr?fileloc=/home/nahevttf/public_html/wp-mail.php??market=114044761 HTTP/1.1" 200 22548 "-" "Mozilla/5.0 (Linux; Android 6.0.1; Nexus 5X Build/MMB29P) AppleWebKit/537.36 (KHTML, like Gecko) Chrome/141.0.7390.122 Mobile Safari/537.36 (compatible; GoogleOther)"
66.249.77.168 - - [02/Nov/2025:08:31:10 -0500] "GET /loupe-studio-trs-fwtr?fileloc=/home/nahevttf/public_html/wp-mail.php??market=20694431 HTTP/1.1" 200 22814 "-" "Mozilla/5.0 (Linux; Android 6.0.1; Nexus 5X Build/MMB29P) AppleWebKit/537.36 (KHTML, like Gecko) Chrome/141.0.7390.122 Mobile Safari/537.36 (compatible; GoogleOther)"
74.7.227.165 - - [02/Nov/2025:08:31:12 -0500] "GET /products/269fu34679 HTTP/1.1" 200 0 "-" "Mozilla/5.0 AppleWebKit/537.36 (KHTML, like Gecko; compatible; GPTBot/1.2; +https://openai.com/gptbot)"
66.249.77.167 - - [02/Nov/2025:08:31:11 -0500] "GET /loupe-studio-trs-fwtr?fileloc=/home/nahevttf/public_html/wp-mail.php??market=234635429 HTTP/1.1" 200 23290 "-" "Mozilla/5.0 (Linux; Android 6.0.1; Nexus 5X Build/MMB29P) AppleWebKit/537.36 (KHTML, like Gecko) Chrome/141.0.7390.122 Mobile Safari/537.36 (compatible; GoogleOther)"
45.148.10.209 - - [02/Nov/2025:08:31:13 -0500] "GET /.git/config HTTP/1.1" 403 1242 "-" "Mozilla/5.0 (Windows NT 10.0; Win64; x64) AppleWebKit/537.36"
66.249.77.167 - - [02/Nov/2025:08:31:14 -0500] "GET /loupe-studio-trs-fwtr?fileloc=/home/nahevttf/public_html/wp-mail.php??market=2049301390 HTTP/1.1" 200 19622 "-" "Mozilla/5.0 (Linux; Android 6.0.1; Nexus 5X Build/MMB29P) AppleWebKit/537.36 (KHTML, like Gecko) Chrome/141.0.7390.122 Mobile Safari/537.36 (compatible; GoogleOther)"
74.7.227.165 - - [02/Nov/2025:08:31:16 -0500] "GET /products/135zu40439 HTTP/1.1" 200 0 "-" "Mozilla/5.0 AppleWebKit/537.36 (KHTML, like Gecko; compatible; GPTBot/1.2; +https://openai.com/gptbot)"
84.17.58.44 - - [02/Nov/2025:08:31:18 -0500] "GET / HTTP/1.1" 301 795 "-" "Mozilla/5.0 (X11; Linux x86_64) AppleWebKit/537.36 (KHTML, like Gecko) Chrome/137.0.0.0 Safari/537.36"
74.7.227.165 - - [02/Nov/2025:08:31:18 -0500] "GET /products/145pd24189 HTTP/1.1" 200 0 "-" "Mozilla/5.0 AppleWebKit/537.36 (KHTML, like Gecko; compatible; GPTBot/1.2; +https://openai.com/gptbot)"
89.147.101.19 - - [02/Nov/2025:08:31:19 -0500] "GET / HTTP/1.1" 301 795 "-" "Mozilla/5.0 (X11; Linux x86_64) AppleWebKit/537.36 (KHTML, like Gecko) Chrome/137.0.0.0 Safari/537.36"
89.147.101.19 - - [02/Nov/2025:08:31:19 -0500] "GET /favicon.ico HTTP/1.1" 301 795 "-" "Mozilla/5.0 (X11; Linux x86_64) AppleWebKit/537.36 (KHTML, like Gecko) Chrome/136.0.0.0 Safari/537.36"
2a03:b0c0:3:d0::1047:b001 - - [02/Nov/2025:08:31:20 -0500] "GET / HTTP/1.1" 301 795 "-" "-"
157.230.19.140 - - [02/Nov/2025:08:31:20 -0500] "GET / HTTP/1.1" 301 795 "-" "-"
2a03:b0c0:3:d0::d1a:1 - - [02/Nov/2025:08:31:20 -0500] "GET / HTTP/1.1" 301 795 "-" "-"
66.249.77.167 - - [02/Nov/2025:08:31:19 -0500] "GET /loupe-studio-trs-fwtr?fileloc=/home/nahevttf/public_html/networks.php??market=64614055 HTTP/1.1" 200 19297 "-" "Mozilla/5.0 (Linux; Android 6.0.1; Nexus 5X Build/MMB29P) AppleWebKit/537.36 (KHTML, like Gecko) Chrome/141.0.7390.122 Mobile Safari/537.36 (compatible; GoogleOther)"
2a03:b0c0:3:d0::1047:b001 - - [02/Nov/2025:08:31:20 -0500] "GET / HTTP/1.1" 301 795 "-" "Mozilla/5.0 (Linux; Android 6.0; HTC One M9 Build/MRA58K) AppleWebKit/537.36 (KHTML, like Gecko) Chrome/52.0.2743.98 Mobile Safari/537.3"
2a03:b0c0:3:d0::d1a:1 - - [02/Nov/2025:08:31:20 -0500] "GET / HTTP/1.1" 301 795 "-" "Mozilla/5.0 (Linux; Android 6.0; HTC One M9 Build/MRA58K) AppleWebKit/537.36 (KHTML, like Gecko) Chrome/52.0.2743.98 Mobile Safari/537.3"
157.230.19.140 - - [02/Nov/2025:08:31:20 -0500] "GET / HTTP/1.1" 301 795 "-" "Mozilla/5.0 (Linux; Android 6.0; HTC One M9 Build/MRA223291) AppleWebKit/537.36 (KHTML, like Gecko) Chrome/52.0.1746.98 Mobile Safari/537.3"
157.230.19.140 - - [02/Nov/2025:08:31:21 -0500] "POST /graphql HTTP/1.1" 301 795 "-" "Mozilla/5.0 (l9scan/2.0.1383e21353e21323e2430313; +https://leakix.net)"
157.230.19.140 - - [02/Nov/2025:08:31:21 -0500] "POST /api HTTP/1.1" 301 795 "-" "Mozilla/5.0 (l9scan/2.0.1383e21353e21323e2430313; +https://leakix.net)"
157.230.19.140 - - [02/Nov/2025:08:31:21 -0500] "POST /api/graphql HTTP/1.1" 301 795 "-" "Mozilla/5.0 (l9scan/2.0.1383e21353e21323e2430313; +https://leakix.net)"
66.249.77.167 - - [02/Nov/2025:08:31:21 -0500] "GET /loupe-studio-trs-fwtr?fileloc=/home/nahevttf/public_html/wp-mail.php??market=2188074033 HTTP/1.1" 200 19432 "-" "Mozilla/5.0 (Linux; Android 6.0.1; Nexus 5X Build/MMB29P) AppleWebKit/537.36 (KHTML, like Gecko) Chrome/141.0.7390.122 Mobile Safari/537.36 (compatible; GoogleOther)"
66.249.77.167 - - [02/Nov/2025:08:31:21 -0500] "GET /?market=73869250 HTTP/1.1" 200 19508 "-" "Mozilla/5.0 (Linux; Android 6.0.1; Nexus 5X Build/MMB29P) AppleWebKit/537.36 (KHTML, like Gecko) Chrome/141.0.7390.122 Mobile Safari/537.36 (compatible; Googlebot/2.1; +http://www.google.com/bot.html)"
157.230.19.140 - - [02/Nov/2025:08:31:21 -0500] "POST /graphql/api HTTP/1.1" 301 795 "-" "Mozilla/5.0 (l9scan/2.0.1383e21353e21323e2430313; +https://leakix.net)"
157.230.19.140 - - [02/Nov/2025:08:31:21 -0500] "POST /api/gql HTTP/1.1" 301 795 "-" "Mozilla/5.0 (l9scan/2.0.1383e21353e21323e2430313; +https://leakix.net)"
139.59.231.238 - - [02/Nov/2025:08:31:22 -0500] "GET / HTTP/1.1" 301 795 "-" "-"
157.230.19.140 - - [02/Nov/2025:08:31:22 -0500] "GET /swagger-ui.html HTTP/1.1" 301 795 "-" "Mozilla/5.0 (l9scan/2.0.1383e21353e21323e2430313; +https://leakix.net)"
157.230.19.140 - - [02/Nov/2025:08:31:22 -0500] "GET /swagger/index.html HTTP/1.1" 301 795 "-" "Mozilla/5.0 (l9scan/2.0.1383e21353e21323e2430313; +https://leakix.net)"
139.59.231.238 - - [02/Nov/2025:08:31:22 -0500] "GET / HTTP/1.1" 301 795 "-" "Mozilla/5.0 (Linux; Android 6.0; HTC One M9 Build/MRA120911) AppleWebKit/537.36 (KHTML, like Gecko) Chrome/52.0.2890.98 Mobile Safari/537.3"
205.169.39.15 - - [02/Nov/2025:08:31:22 -0500] "GET / HTTP/1.1" 301 795 "-" "Mozilla/5.0 (Windows NT 10.0; Win64; x64) AppleWebKit/537.36 (KHTML, like Gecko) Chrome/117.0.5938.132 Safari/537.36"
157.230.19.140 - - [02/Nov/2025:08:31:22 -0500] "GET /swagger/swagger-ui.html HTTP/1.1" 301 795 "-" "Mozilla/5.0 (l9scan/2.0.1383e21353e21323e2430313; +https://leakix.net)"
74.7.227.165 - - [02/Nov/2025:08:31:22 -0500] "GET /products/243dg19349 HTTP/1.1" 200 0 "-" "Mozilla/5.0 AppleWebKit/537.36 (KHTML, like Gecko; compatible; GPTBot/1.2; +https://openai.com/gptbot)"
139.59.231.238 - - [02/Nov/2025:08:31:22 -0500] "POST /graphql HTTP/1.1" 301 795 "-" "Mozilla/5.0 (l9scan/2.0.130313e2737313e27363e2237313; +https://leakix.net)"
139.59.231.238 - - [02/Nov/2025:08:31:23 -0500] "POST /api HTTP/1.1" 301 795 "-" "Mozilla/5.0 (l9scan/2.0.130313e2737313e27363e2237313; +https://leakix.net)"
157.230.19.140 - - [02/Nov/2025:08:31:23 -0500] "GET /webjars/swagger-ui/index.html HTTP/1.1" 301 795 "-" "Mozilla/5.0 (l9scan/2.0.1383e21353e21323e2430313; +https://leakix.net)"
157.230.19.140 - - [02/Nov/2025:08:31:23 -0500] "GET /swagger.json HTTP/1.1" 301 795 "-" "Mozilla/5.0 (l9scan/2.0.1383e21353e21323e2430313; +https://leakix.net)"
139.59.231.238 - - [02/Nov/2025:08:31:23 -0500] "POST /api/graphql HTTP/1.1" 301 795 "-" "Mozilla/5.0 (l9scan/2.0.130313e2737313e27363e2237313; +https://leakix.net)"
157.230.19.140 - - [02/Nov/2025:08:31:23 -0500] "GET /swagger/v1/swagger.json HTTP/1.1" 301 795 "-" "Mozilla/5.0 (l9scan/2.0.1383e21353e21323e2430313; +https://leakix.net)"
139.59.231.238 - - [02/Nov/2025:08:31:23 -0500] "POST /graphql/api HTTP/1.1" 301 795 "-" "Mozilla/5.0 (l9scan/2.0.130313e2737313e27363e2237313; +https://leakix.net)"
104.197.69.115 - - [02/Nov/2025:08:31:23 -0500] "GET / HTTP/1.1" 301 795 "-" "Mozilla/5.0 (X11; Linux x86_64) AppleWebKit/537.36 (KHTML, like Gecko) HeadlessChrome/125.0.6422.60 Safari/537.36"
157.230.19.140 - - [02/Nov/2025:08:31:23 -0500] "GET /v2/api-docs HTTP/1.1" 301 795 "-" "Mozilla/5.0 (l9scan/2.0.1383e21353e21323e2430313; +https://leakix.net)"
139.59.231.238 - - [02/Nov/2025:08:31:23 -0500] "POST /api/gql HTTP/1.1" 301 795 "-" "Mozilla/5.0 (l9scan/2.0.130313e2737313e27363e2237313; +https://leakix.net)"
157.230.19.140 - - [02/Nov/2025:08:31:24 -0500] "GET /v3/api-docs HTTP/1.1" 301 795 "-" "Mozilla/5.0 (l9scan/2.0.1383e21353e21323e2430313; +https://leakix.net)"
139.59.231.238 - - [02/Nov/2025:08:31:24 -0500] "GET /swagger-ui.html HTTP/1.1" 301 795 "-" "Mozilla/5.0 (l9scan/2.0.130313e2737313e27363e2237313; +https://leakix.net)"
157.230.19.140 - - [02/Nov/2025:08:31:24 -0500] "GET /api-docs/swagger.json HTTP/1.1" 301 795 "-" "Mozilla/5.0 (l9scan/2.0.1383e21353e21323e2430313; +https://leakix.net)"
157.230.19.140 - - [02/Nov/2025:08:31:24 -0500] "GET /api/swagger.json HTTP/1.1" 301 795 "-" "Mozilla/5.0 (l9scan/2.0.1383e21353e21323e2430313; +https://leakix.net)"
139.59.231.238 - - [02/Nov/2025:08:31:24 -0500] "GET /swagger/index.html HTTP/1.1" 301 795 "-" "Mozilla/5.0 (l9scan/2.0.130313e2737313e27363e2237313; +https://leakix.net)"
157.230.19.140 - - [02/Nov/2025:08:31:24 -0500] "GET /@vite/env HTTP/1.1" 301 795 "-" "Go-http-client/1.1"
139.59.231.238 - - [02/Nov/2025:08:31:25 -0500] "GET /swagger/swagger-ui.html HTTP/1.1" 301 795 "-" "Mozilla/5.0 (l9scan/2.0.130313e2737313e27363e2237313; +https://leakix.net)"
157.230.19.140 - - [02/Nov/2025:08:31:25 -0500] "GET /actuator/env HTTP/1.1" 301 795 "-" "Go-http-client/1.1"
157.230.19.140 - - [02/Nov/2025:08:31:25 -0500] "GET /server HTTP/1.1" 301 795 "-" "Go-http-client/1.1"
139.59.231.238 - - [02/Nov/2025:08:31:25 -0500] "GET /webjars/swagger-ui/index.html HTTP/1.1" 301 795 "-" "Mozilla/5.0 (l9scan/2.0.130313e2737313e27363e2237313; +https://leakix.net)"
157.230.19.140 - - [02/Nov/2025:08:31:25 -0500] "GET /.vscode/sftp.json HTTP/1.1" 301 795 "-" "Go-http-client/1.1"
139.59.231.238 - - [02/Nov/2025:08:31:25 -0500] "GET /swagger.json HTTP/1.1" 301 795 "-" "Mozilla/5.0 (l9scan/2.0.130313e2737313e27363e2237313; +https://leakix.net)"
157.230.19.140 - - [02/Nov/2025:08:31:25 -0500] "GET /about HTTP/1.1" 301 795 "-" "Go-http-client/1.1"
139.59.231.238 - - [02/Nov/2025:08:31:25 -0500] "GET /swagger/v1/swagger.json HTTP/1.1" 301 795 "-" "Mozilla/5.0 (l9scan/2.0.130313e2737313e27363e2237313; +https://leakix.net)"
157.230.19.140 - - [02/Nov/2025:08:31:25 -0500] "GET /debug/default/view?panel=config HTTP/1.1" 301 795 "-" "Go-http-client/1.1"
139.59.231.238 - - [02/Nov/2025:08:31:26 -0500] "GET /v2/api-docs HTTP/1.1" 301 795 "-" "Mozilla/5.0 (l9scan/2.0.130313e2737313e27363e2237313; +https://leakix.net)"
157.230.19.140 - - [02/Nov/2025:08:31:26 -0500] "GET /v2/_catalog HTTP/1.1" 301 795 "-" "Go-http-client/1.1"
157.230.19.140 - - [02/Nov/2025:08:31:26 -0500] "GET /ecp/Current/exporttool/microsoft.exchange.ediscovery.exporttool.application HTTP/1.1" 301 795 "-" "Go-http-client/1.1"
139.59.231.238 - - [02/Nov/2025:08:31:26 -0500] "GET /v3/api-docs HTTP/1.1" 301 795 "-" "Mozilla/5.0 (l9scan/2.0.130313e2737313e27363e2237313; +https://leakix.net)"
139.59.231.238 - - [02/Nov/2025:08:31:26 -0500] "GET /api-docs/swagger.json HTTP/1.1" 301 795 "-" "Mozilla/5.0 (l9scan/2.0.130313e2737313e27363e2237313; +https://leakix.net)"
157.230.19.140 - - [02/Nov/2025:08:31:26 -0500] "GET /login.action HTTP/1.1" 301 795 "-" "Go-http-client/1.1"
139.59.231.238 - - [02/Nov/2025:08:31:26 -0500] "GET /api/swagger.json HTTP/1.1" 301 795 "-" "Mozilla/5.0 (l9scan/2.0.130313e2737313e27363e2237313; +https://leakix.net)"
74.7.227.165 - - [02/Nov/2025:08:31:26 -0500] "GET /products/165cv24949 HTTP/1.1" 200 0 "-" "Mozilla/5.0 AppleWebKit/537.36 (KHTML, like Gecko; compatible; GPTBot/1.2; +https://openai.com/gptbot)"
157.230.19.140 - - [02/Nov/2025:08:31:26 -0500] "GET /_all_dbs HTTP/1.1" 301 795 "-" "Mozilla/5.0 (l9scan/2.0.1383e21353e21323e2430313; +https://leakix.net)"
139.59.231.238 - - [02/Nov/2025:08:31:27 -0500] "GET /@vite/env HTTP/1.1" 301 795 "-" "Go-http-client/1.1"
157.230.19.140 - - [02/Nov/2025:08:31:27 -0500] "GET /.DS_Store HTTP/1.1" 301 795 "-" "Go-http-client/1.1"
139.59.231.238 - - [02/Nov/2025:08:31:27 -0500] "GET /actuator/env HTTP/1.1" 301 795 "-" "Go-http-client/1.1"
157.230.19.140 - - [02/Nov/2025:08:31:27 -0500] "GET /.env HTTP/1.1" 301 795 "-" "Go-http-client/1.1"
139.59.231.238 - - [02/Nov/2025:08:31:27 -0500] "GET /server HTTP/1.1" 301 795 "-" "Go-http-client/1.1"
157.230.19.140 - - [02/Nov/2025:08:31:27 -0500] "GET /.git/config HTTP/1.1" 403 1242 "-" "Go-http-client/1.1"
157.230.19.140 - - [02/Nov/2025:08:31:27 -0500] "GET /s/1383e21353e21323e2430313/_/;/META-INF/maven/com.atlassian.jira/jira-webapp-dist/pom.properties HTTP/1.1" 301 795 "-" "Go-http-client/1.1"
139.59.231.238 - - [02/Nov/2025:08:31:27 -0500] "GET /.vscode/sftp.json HTTP/1.1" 301 795 "-" "Go-http-client/1.1"
157.230.19.140 - - [02/Nov/2025:08:31:27 -0500] "GET /config.json HTTP/1.1" 301 795 "-" "Go-http-client/1.1"
157.230.19.140 - - [02/Nov/2025:08:31:28 -0500] "GET /telescope/requests HTTP/1.1" 301 795 "-" "Go-http-client/1.1"
139.59.231.238 - - [02/Nov/2025:08:31:28 -0500] "GET /about HTTP/1.1" 301 795 "-" "Go-http-client/1.1"
157.230.19.140 - - [02/Nov/2025:08:31:28 -0500] "GET /info.php HTTP/1.1" 301 795 "-" "Go-http-client/1.1"
157.230.19.140 - - [02/Nov/2025:08:31:28 -0500] "GET /?rest_route=/wp/v2/users/ HTTP/1.1" 301 795 "-" "Go-http-client/1.1"
139.59.231.238 - - [02/Nov/2025:08:31:28 -0500] "GET /debug/default/view?panel=config HTTP/1.1" 301 795 "-" "Go-http-client/1.1"
139.59.231.238 - - [02/Nov/2025:08:31:29 -0500] "GET /v2/_catalog HTTP/1.1" 301 795 "-" "Go-http-client/1.1"
74.7.227.165 - - [02/Nov/2025:08:31:29 -0500] "GET /products/277is46871 HTTP/1.1" 200 0 "-" "Mozilla/5.0 AppleWebKit/537.36 (KHTML, like Gecko; compatible; GPTBot/1.2; +https://openai.com/gptbot)"
139.59.231.238 - - [02/Nov/2025:08:31:29 -0500] "GET /ecp/Current/exporttool/microsoft.exchange.ediscovery.exporttool.application HTTP/1.1" 301 795 "-" "Go-http-client/1.1"
66.249.77.167 - - [02/Nov/2025:08:31:29 -0500] "GET /loupe-studio-trs-fwtr?fileloc=/home/nahevttf/public_html/dcuiz.php??market=52761533 HTTP/1.1" 200 22087 "-" "Mozilla/5.0 (Linux; Android 6.0.1; Nexus 5X Build/MMB29P) AppleWebKit/537.36 (KHTML, like Gecko) Chrome/141.0.7390.122 Mobile Safari/537.36 (compatible; GoogleOther)"
66.249.77.167 - - [02/Nov/2025:08:31:30 -0500] "GET /loupe-studio-trs-fwtr?fileloc=/home/nahevttf/public_html/wp-mail.php??market=1318853398 HTTP/1.1" 200 21996 "-" "Mozilla/5.0 (Linux; Android 6.0.1; Nexus 5X Build/MMB29P) AppleWebKit/537.36 (KHTML, like Gecko) Chrome/141.0.7390.122 Mobile Safari/537.36 (compatible; GoogleOther)"
139.59.231.238 - - [02/Nov/2025:08:31:31 -0500] "GET /login.action HTTP/1.1" 301 795 "-" "Go-http-client/1.1"
139.59.231.238 - - [02/Nov/2025:08:31:32 -0500] "GET /_all_dbs HTTP/1.1" 301 795 "-" "Mozilla/5.0 (l9scan/2.0.130313e2737313e27363e2237313; +https://leakix.net)"
139.59.231.238 - - [02/Nov/2025:08:31:32 -0500] "GET /.DS_Store HTTP/1.1" 301 795 "-" "Go-http-client/1.1"
139.59.231.238 - - [02/Nov/2025:08:31:32 -0500] "GET /.env HTTP/1.1" 301 795 "-" "Go-http-client/1.1"
139.59.231.238 - - [02/Nov/2025:08:31:32 -0500] "GET /.git/config HTTP/1.1" 403 1242 "-" "Go-http-client/1.1"
139.59.231.238 - - [02/Nov/2025:08:31:33 -0500] "GET /s/130313e2737313e27363e2237313/_/;/META-INF/maven/com.atlassian.jira/jira-webapp-dist/pom.properties HTTP/1.1" 301 795 "-" "Go-http-client/1.1"
139.59.231.238 - - [02/Nov/2025:08:31:33 -0500] "GET /config.json HTTP/1.1" 301 795 "-" "Go-http-client/1.1"
74.7.227.165 - - [02/Nov/2025:08:31:33 -0500] "GET /products/143nd36429 HTTP/1.1" 200 0 "-" "Mozilla/5.0 AppleWebKit/537.36 (KHTML, like Gecko; compatible; GPTBot/1.2; +https://openai.com/gptbot)"
139.59.231.238 - - [02/Nov/2025:08:31:33 -0500] "GET /telescope/requests HTTP/1.1" 301 795 "-" "Go-http-client/1.1"
139.59.231.238 - - [02/Nov/2025:08:31:33 -0500] "GET /info.php HTTP/1.1" 301 795 "-" "Go-http-client/1.1"
139.59.231.238 - - [02/Nov/2025:08:31:33 -0500] "GET /?rest_route=/wp/v2/users/ HTTP/1.1" 301 795 "-" "Go-http-client/1.1"
74.7.227.165 - - [02/Nov/2025:08:31:36 -0500] "GET /products/183zy38783 HTTP/1.1" 200 0 "-" "Mozilla/5.0 AppleWebKit/537.36 (KHTML, like Gecko; compatible; GPTBot/1.2; +https://openai.com/gptbot)"
66.249.77.167 - - [02/Nov/2025:08:31:38 -0500] "GET /loupe-studio-trs-fwtr?fileloc=/home/nahevttf/public_html/wp-mail.php??market=18848674 HTTP/1.1" 200 22430 "-" "Mozilla/5.0 (Linux; Android 6.0.1; Nexus 5X Build/MMB29P) AppleWebKit/537.36 (KHTML, like Gecko) Chrome/141.0.7390.122 Mobile Safari/537.36 (compatible; GoogleOther)"
66.249.77.167 - - [02/Nov/2025:08:31:39 -0500] "GET /loupe-studio-trs-fwtr?fileloc=/home/nahevttf/public_html/wp-mail.php??market=299777900 HTTP/1.1" 200 22194 "-" "Mozilla/5.0 (Linux; Android 6.0.1; Nexus 5X Build/MMB29P) AppleWebKit/537.36 (KHTML, like Gecko) Chrome/141.0.7390.122 Mobile Safari/537.36 (compatible; GoogleOther)"
74.7.227.165 - - [02/Nov/2025:08:31:40 -0500] "GET /products/112lt42582 HTTP/1.1" 200 0 "-" "Mozilla/5.0 AppleWebKit/537.36 (KHTML, like Gecko; compatible; GPTBot/1.2; +https://openai.com/gptbot)"
66.249.77.167 - - [02/Nov/2025:08:31:40 -0500] "GET /loupe-studio-trs-fwtr?fileloc=/home/nahevttf/public_html/wp-mail.php??market=1192414533 HTTP/1.1" 200 22390 "-" "Mozilla/5.0 (Linux; Android 6.0.1; Nexus 5X Build/MMB29P) AppleWebKit/537.36 (KHTML, like Gecko) Chrome/141.0.7390.122 Mobile Safari/537.36 (compatible; GoogleOther)"
66.249.77.167 - - [02/Nov/2025:08:31:40 -0500] "GET /loupe-studio-trs-fwtr?fileloc=/home/nahevttf/public_html/wp-mail.php??market=334880413 HTTP/1.1" 200 22042 "-" "Mozilla/5.0 (Linux; Android 6.0.1; Nexus 5X Build/MMB29P) AppleWebKit/537.36 (KHTML, like Gecko) Chrome/141.0.7390.122 Mobile Safari/537.36 (compatible; GoogleOther)"
74.7.227.165 - - [02/Nov/2025:08:31:44 -0500] "GET /products/189cs38435 HTTP/1.1" 200 0 "-" "Mozilla/5.0 AppleWebKit/537.36 (KHTML, like Gecko; compatible; GPTBot/1.2; +https://openai.com/gptbot)"
74.7.227.165 - - [02/Nov/2025:08:31:47 -0500] "GET /products/151yn14749 HTTP/1.1" 200 0 "-" "Mozilla/5.0 AppleWebKit/537.36 (KHTML, like Gecko; compatible; GPTBot/1.2; +https://openai.com/gptbot)"
74.7.227.165 - - [02/Nov/2025:08:31:50 -0500] "GET /products/133pz40331 HTTP/1.1" 200 0 "-" "Mozilla/5.0 AppleWebKit/537.36 (KHTML, like Gecko; compatible; GPTBot/1.2; +https://openai.com/gptbot)"
66.249.77.168 - - [02/Nov/2025:08:31:52 -0500] "GET /loupe-studio-trs-fwtr?fileloc=/home/nahevttf/public_html/wp-mail.php??market=314506692 HTTP/1.1" 200 22017 "-" "Mozilla/5.0 (Linux; Android 6.0.1; Nexus 5X Build/MMB29P) AppleWebKit/537.36 (KHTML, like Gecko) Chrome/141.0.7390.122 Mobile Safari/537.36 (compatible; GoogleOther)"
66.249.77.168 - - [02/Nov/2025:08:31:52 -0500] "GET /loupe-studio-trs-fwtr?fileloc=/home/nahevttf/public_html/wp-mail.php??market=170480527 HTTP/1.1" 200 23376 "-" "Mozilla/5.0 (Linux; Android 6.0.1; Nexus 5X Build/MMB29P) AppleWebKit/537.36 (KHTML, like Gecko) Chrome/141.0.7390.122 Mobile Safari/537.36 (compatible; GoogleOther)"
74.7.227.165 - - [02/Nov/2025:08:31:54 -0500] "GET /products/236iy33508 HTTP/1.1" 200 0 "-" "Mozilla/5.0 AppleWebKit/537.36 (KHTML, like Gecko; compatible; GPTBot/1.2; +https://openai.com/gptbot)"
74.7.227.165 - - [02/Nov/2025:08:31:56 -0500] "GET /products/235qx33977 HTTP/1.1" 200 0 "-" "Mozilla/5.0 AppleWebKit/537.36 (KHTML, like Gecko; compatible; GPTBot/1.2; +https://openai.com/gptbot)"
66.249.77.168 - - [02/Nov/2025:08:31:58 -0500] "GET /loupe-studio-trs-fwtr?fileloc=/home/nahevttf/public_html/wp-mail.php??market=292215014 HTTP/1.1" 200 19504 "-" "Mozilla/5.0 (Linux; Android 6.0.1; Nexus 5X Build/MMB29P) AppleWebKit/537.36 (KHTML, like Gecko) Chrome/141.0.7390.122 Mobile Safari/537.36 (compatible; GoogleOther)"
66.249.77.168 - - [02/Nov/2025:08:31:58 -0500] "GET /loupe-studio-trs-fwtr?fileloc=/home/nahevttf/public_html/wp-mail.php??market=299273453 HTTP/1.1" 200 19822 "-" "Mozilla/5.0 (Linux; Android 6.0.1; Nexus 5X Build/MMB29P) AppleWebKit/537.36 (KHTML, like Gecko) Chrome/141.0.7390.122 Mobile Safari/537.36 (compatible; GoogleOther)"
74.7.227.165 - - [02/Nov/2025:08:31:59 -0500] "GET /products/177om30045 HTTP/1.1" 200 0 "-" "Mozilla/5.0 AppleWebKit/537.36 (KHTML, like Gecko; compatible; GPTBot/1.2; +https://openai.com/gptbot)"
69.197.149.50 - - [02/Nov/2025:08:31:59 -0500] "GET /wp-content/xa9a31d/index.php?id=740059 HTTP/1.1" 200 0 "http://emporiumlooks.com/wp-content/xa9a31d/index.php?id=740059" "Mozilla/5.0 (Windows NT 10.0; Win64; x64) AppleWebKit/537.36 (KHTML, like Gecko) Chrome/58.0.3029.110 Safari/537.3"
74.7.227.165 - - [02/Nov/2025:08:32:03 -0500] "GET /products/103ak21143 HTTP/1.1" 200 0 "-" "Mozilla/5.0 AppleWebKit/537.36 (KHTML, like Gecko; compatible; GPTBot/1.2; +https://openai.com/gptbot)"
74.7.227.165 - - [02/Nov/2025:08:32:06 -0500] "GET /products/217lk30911 HTTP/1.1" 200 0 "-" "Mozilla/5.0 AppleWebKit/537.36 (KHTML, like Gecko; compatible; GPTBot/1.2; +https://openai.com/gptbot)"
66.249.77.168 - - [02/Nov/2025:08:32:06 -0500] "GET /loupe-studio-trs-fwtr?fileloc=/home/nahevttf/public_html/wp-mail.php??market=262344238 HTTP/1.1" 200 19862 "-" "Mozilla/5.0 (Linux; Android 6.0.1; Nexus 5X Build/MMB29P) AppleWebKit/537.36 (KHTML, like Gecko) Chrome/141.0.7390.122 Mobile Safari/537.36 (compatible; GoogleOther)"
66.249.77.167 - - [02/Nov/2025:08:32:07 -0500] "GET /loupe-studio-trs-fwtr?fileloc=/home/nahevttf/public_html/wp-mail.php??market=1452258446 HTTP/1.1" 200 19946 "-" "Mozilla/5.0 (Linux; Android 6.0.1; Nexus 5X Build/MMB29P) AppleWebKit/537.36 (KHTML, like Gecko) Chrome/141.0.7390.122 Mobile Safari/537.36 (compatible; GoogleOther)"
74.7.227.165 - - [02/Nov/2025:08:32:09 -0500] "GET /products/218wg32822 HTTP/1.1" 200 0 "-" "Mozilla/5.0 AppleWebKit/537.36 (KHTML, like Gecko; compatible; GPTBot/1.2; +https://openai.com/gptbot)"
66.249.77.168 - - [02/Nov/2025:08:32:08 -0500] "GET /loupe-studio-trs-fwtr?fileloc=/home/nahevttf/public_html/wp-mail.php??market=715502568 HTTP/1.1" 200 20006 "-" "Mozilla/5.0 (Linux; Android 6.0.1; Nexus 5X Build/MMB29P) AppleWebKit/537.36 (KHTML, like Gecko) Chrome/141.0.7390.122 Mobile Safari/537.36 (compatible; GoogleOther)"
66.249.77.167 - - [02/Nov/2025:08:32:09 -0500] "GET /loupe-studio-trs-fwtr?fileloc=/home/nahevttf/public_html/wp-mail.php??market=334667248 HTTP/1.1" 200 19875 "-" "Mozilla/5.0 (Linux; Android 6.0.1; Nexus 5X Build/MMB29P) AppleWebKit/537.36 (KHTML, like Gecko) Chrome/141.0.7390.122 Mobile Safari/537.36 (compatible; GoogleOther)"
74.7.227.165 - - [02/Nov/2025:08:32:11 -0500] "GET /products/206tu16838 HTTP/1.1" 200 0 "-" "Mozilla/5.0 AppleWebKit/537.36 (KHTML, like Gecko; compatible; GPTBot/1.2; +https://openai.com/gptbot)"
74.7.227.165 - - [02/Nov/2025:08:32:14 -0500] "GET /products/232rm47838 HTTP/1.1" 200 0 "-" "Mozilla/5.0 AppleWebKit/537.36 (KHTML, like Gecko; compatible; GPTBot/1.2; +https://openai.com/gptbot)"
66.249.77.167 - - [02/Nov/2025:08:32:15 -0500] "GET /loupe-studio-trs-fwtr?fileloc=/home/nahevttf/public_html/wp-mail.php?market/1032860448 HTTP/1.1" 200 19841 "-" "Mozilla/5.0 (Linux; Android 6.0.1; Nexus 5X Build/MMB29P) AppleWebKit/537.36 (KHTML, like Gecko) Chrome/141.0.7390.122 Mobile Safari/537.36 (compatible; GoogleOther)"
74.7.227.165 - - [02/Nov/2025:08:32:17 -0500] "GET /products/171zw16817 HTTP/1.1" 200 0 "-" "Mozilla/5.0 AppleWebKit/537.36 (KHTML, like Gecko; compatible; GPTBot/1.2; +https://openai.com/gptbot)"
74.7.227.165 - - [02/Nov/2025:08:32:19 -0500] "GET /products/268ex21248 HTTP/1.1" 200 0 "-" "Mozilla/5.0 AppleWebKit/537.36 (KHTML, like Gecko; compatible; GPTBot/1.2; +https://openai.com/gptbot)"
74.7.227.165 - - [02/Nov/2025:08:32:22 -0500] "GET /products/167rj21625 HTTP/1.1" 200 0 "-" "Mozilla/5.0 AppleWebKit/537.36 (KHTML, like Gecko; compatible; GPTBot/1.2; +https://openai.com/gptbot)"
66.249.77.167 - - [02/Nov/2025:08:32:25 -0500] "GET /loupe-studio-trs-fwtr?fileloc=/home/nahevttf/public_html/wp-mail.php?market/1230745414 HTTP/1.1" 200 19772 "-" "Mozilla/5.0 (Linux; Android 6.0.1; Nexus 5X Build/MMB29P) AppleWebKit/537.36 (KHTML, like Gecko) Chrome/141.0.7390.122 Mobile Safari/537.36 (compatible; GoogleOther)"
74.7.227.165 - - [02/Nov/2025:08:32:26 -0500] "GET /products/167pt46633 HTTP/1.1" 200 0 "-" "Mozilla/5.0 AppleWebKit/537.36 (KHTML, like Gecko; compatible; GPTBot/1.2; +https://openai.com/gptbot)"
66.249.77.167 - - [02/Nov/2025:08:32:27 -0500] "GET /loupe-studio-trs-fwtr?fileloc=/home/nahevttf/public_html/wp-mail.php??market=2112712339 HTTP/1.1" 200 23594 "-" "Mozilla/5.0 (Linux; Android 6.0.1; Nexus 5X Build/MMB29P) AppleWebKit/537.36 (KHTML, like Gecko) Chrome/141.0.7390.122 Mobile Safari/537.36 (compatible; GoogleOther)"
74.7.227.165 - - [02/Nov/2025:08:32:29 -0500] "GET /products/233lw12961 HTTP/1.1" 200 0 "-" "Mozilla/5.0 AppleWebKit/537.36 (KHTML, like Gecko; compatible; GPTBot/1.2; +https://openai.com/gptbot)"
