74.7.227.165 - - [02/Nov/2025:09:35:34 -0500] "GET /male179029178.html HTTP/1.1" 200 0 "-" "Mozilla/5.0 AppleWebKit/537.36 (KHTML, like Gecko; compatible; GPTBot/1.2; +https://openai.com/gptbot)"
74.7.227.165 - - [02/Nov/2025:09:35:37 -0500] "GET /holy153019512.html HTTP/1.1" 200 0 "-" "Mozilla/5.0 AppleWebKit/537.36 (KHTML, like Gecko; compatible; GPTBot/1.2; +https://openai.com/gptbot)"
66.249.77.167 - - [02/Nov/2025:09:35:39 -0500] "GET /loupe-studio-trs-fwtr?fileloc=/home/nahevttf/public_html/wp-mail.php??market=89797909 HTTP/1.1" 200 19730 "-" "Mozilla/5.0 (Linux; Android 6.0.1; Nexus 5X Build/MMB29P) AppleWebKit/537.36 (KHTML, like Gecko) Chrome/141.0.7390.122 Mobile Safari/537.36 (compatible; GoogleOther)"
74.7.227.165 - - [02/Nov/2025:09:35:40 -0500] "GET /call159044902.html HTTP/1.1" 200 0 "-" "Mozilla/5.0 AppleWebKit/537.36 (KHTML, like Gecko; compatible; GPTBot/1.2; +https://openai.com/gptbot)"
66.249.77.167 - - [02/Nov/2025:09:35:40 -0500] "GET /loupe-studio-trs-fwtr?fileloc=/home/nahevttf/public_html/wp-mail.php??market=23349425 HTTP/1.1" 200 19274 "-" "Mozilla/5.0 (Linux; Android 6.0.1; Nexus 5X Build/MMB29P) AppleWebKit/537.36 (KHTML, like Gecko) Chrome/141.0.7390.122 Mobile Safari/537.36 (compatible; GoogleOther)"
74.7.227.165 - - [02/Nov/2025:09:35:41 -0500] "GET /best043021244.html HTTP/1.1" 200 0 "-" "Mozilla/5.0 AppleWebKit/537.36 (KHTML, like Gecko; compatible; GPTBot/1.2; +https://openai.com/gptbot)"
74.7.227.165 - - [02/Nov/2025:09:35:44 -0500] "GET /room083021862.html HTTP/1.1" 200 0 "-" "Mozilla/5.0 AppleWebKit/537.36 (KHTML, like Gecko; compatible; GPTBot/1.2; +https://openai.com/gptbot)"
74.7.227.165 - - [02/Nov/2025:09:35:48 -0500] "GET /sure203001122.html HTTP/1.1" 200 0 "-" "Mozilla/5.0 AppleWebKit/537.36 (KHTML, like Gecko; compatible; GPTBot/1.2; +https://openai.com/gptbot)"
66.249.77.167 - - [02/Nov/2025:09:35:48 -0500] "GET /delight165016700.html HTTP/1.1" 200 19450 "-" "Mozilla/5.0 (Linux; Android 6.0.1; Nexus 5X Build/MMB29P) AppleWebKit/537.36 (KHTML, like Gecko) Chrome/141.0.7390.122 Mobile Safari/537.36 (compatible; Googlebot/2.1; +http://www.google.com/bot.html)"
66.249.77.167 - - [02/Nov/2025:09:35:48 -0500] "GET /loupe-studio-trs-fwtr?fileloc=/home/nahevttf/public_html/wp-mail.php??market=1313615970 HTTP/1.1" 200 19943 "-" "Mozilla/5.0 (Linux; Android 6.0.1; Nexus 5X Build/MMB29P) AppleWebKit/537.36 (KHTML, like Gecko) Chrome/141.0.7390.122 Mobile Safari/537.36 (compatible; GoogleOther)"
66.249.77.167 - - [02/Nov/2025:09:35:50 -0500] "GET /loupe-studio-trs-fwtr?fileloc=/home/nahevttf/public_html/dcuiz.php??market=1980143872 HTTP/1.1" 200 19615 "-" "Mozilla/5.0 (Linux; Android 6.0.1; Nexus 5X Build/MMB29P) AppleWebKit/537.36 (KHTML, like Gecko) Chrome/141.0.7390.122 Mobile Safari/537.36 (compatible; GoogleOther)"
74.7.227.165 - - [02/Nov/2025:09:35:51 -0500] "GET /poke176037707.html HTTP/1.1" 200 0 "-" "Mozilla/5.0 AppleWebKit/537.36 (KHTML, like Gecko; compatible; GPTBot/1.2; +https://openai.com/gptbot)"
74.7.227.165 - - [02/Nov/2025:09:35:54 -0500] "GET /site142002515.html HTTP/1.1" 200 0 "-" "Mozilla/5.0 AppleWebKit/537.36 (KHTML, like Gecko; compatible; GPTBot/1.2; +https://openai.com/gptbot)"
66.249.77.168 - - [02/Nov/2025:09:35:55 -0500] "GET /loupe-studio-trs-fwtr?fileloc=/home/nahevttf/public_html/wp-mail.php??market=331315793 HTTP/1.1" 200 22052 "-" "Mozilla/5.0 (Linux; Android 6.0.1; Nexus 5X Build/MMB29P) AppleWebKit/537.36 (KHTML, like Gecko) Chrome/141.0.7390.122 Mobile Safari/537.36 (compatible; GoogleOther)"
74.7.227.165 - - [02/Nov/2025:09:35:56 -0500] "GET /when051038588.html HTTP/1.1" 200 0 "-" "Mozilla/5.0 AppleWebKit/537.36 (KHTML, like Gecko; compatible; GPTBot/1.2; +https://openai.com/gptbot)"
66.249.77.167 - - [02/Nov/2025:09:35:56 -0500] "GET /loupe-studio-trs-fwtr?fileloc=/home/nahevttf/public_html/wp-mail.php??market=314679189 HTTP/1.1" 200 21932 "-" "Mozilla/5.0 (Linux; Android 6.0.1; Nexus 5X Build/MMB29P) AppleWebKit/537.36 (KHTML, like Gecko) Chrome/141.0.7390.122 Mobile Safari/537.36 (compatible; GoogleOther)"
66.249.77.167 - - [02/Nov/2025:09:35:58 -0500] "GET /loupe-studio-trs-fwtr?fileloc=/home/nahevttf/public_html/wp-mail.php??market=2124466762 HTTP/1.1" 200 22600 "-" "Mozilla/5.0 (Linux; Android 6.0.1; Nexus 5X Build/MMB29P) AppleWebKit/537.36 (KHTML, like Gecko) Chrome/141.0.7390.122 Mobile Safari/537.36 (compatible; GoogleOther)"
66.249.77.167 - - [02/Nov/2025:09:35:59 -0500] "GET /loupe-studio-trs-fwtr?fileloc=/home/nahevttf/public_html/wp-mail.php??market=895246361 HTTP/1.1" 200 22367 "-" "Mozilla/5.0 (Linux; Android 6.0.1; Nexus 5X Build/MMB29P) AppleWebKit/537.36 (KHTML, like Gecko) Chrome/141.0.7390.122 Mobile Safari/537.36 (compatible; GoogleOther)"
74.7.227.165 - - [02/Nov/2025:09:36:00 -0500] "GET /mate004013359.html HTTP/1.1" 200 0 "-" "Mozilla/5.0 AppleWebKit/537.36 (KHTML, like Gecko; compatible; GPTBot/1.2; +https://openai.com/gptbot)"
74.7.227.165 - - [02/Nov/2025:09:36:02 -0500] "GET /boom046025757.html HTTP/1.1" 200 0 "-" "Mozilla/5.0 AppleWebKit/537.36 (KHTML, like Gecko; compatible; GPTBot/1.2; +https://openai.com/gptbot)"
74.7.227.165 - - [02/Nov/2025:09:36:05 -0500] "GET /pray004046071.html HTTP/1.1" 200 0 "-" "Mozilla/5.0 AppleWebKit/537.36 (KHTML, like Gecko; compatible; GPTBot/1.2; +https://openai.com/gptbot)"
66.249.77.160 - - [02/Nov/2025:09:36:07 -0500] "GET /loupe-studio-trs-fwtr?fileloc=/home/nahevttf/public_html/wp-mail.php??market=1838344003 HTTP/1.1" 200 23155 "-" "Mozilla/5.0 (Linux; Android 6.0.1; Nexus 5X Build/MMB29P) AppleWebKit/537.36 (KHTML, like Gecko) Chrome/141.0.7390.122 Mobile Safari/537.36 (compatible; GoogleOther)"
74.7.227.165 - - [02/Nov/2025:09:36:08 -0500] "GET /atop070043441.html HTTP/1.1" 200 0 "-" "Mozilla/5.0 AppleWebKit/537.36 (KHTML, like Gecko; compatible; GPTBot/1.2; +https://openai.com/gptbot)"
66.249.77.167 - - [02/Nov/2025:09:36:08 -0500] "GET /ring144003579.html HTTP/1.1" 200 22247 "-" "Mozilla/5.0 (Linux; Android 6.0.1; Nexus 5X Build/MMB29P) AppleWebKit/537.36 (KHTML, like Gecko) Chrome/141.0.7390.122 Mobile Safari/537.36 (compatible; GoogleOther)"
74.7.227.165 - - [02/Nov/2025:09:36:12 -0500] "GET /kick063004134.html HTTP/1.1" 200 0 "-" "Mozilla/5.0 AppleWebKit/537.36 (KHTML, like Gecko; compatible; GPTBot/1.2; +https://openai.com/gptbot)"
74.7.227.165 - - [02/Nov/2025:09:36:15 -0500] "GET /name081041198.html HTTP/1.1" 200 0 "-" "Mozilla/5.0 AppleWebKit/537.36 (KHTML, like Gecko; compatible; GPTBot/1.2; +https://openai.com/gptbot)"
66.249.77.167 - - [02/Nov/2025:09:36:16 -0500] "GET /loupe-studio-trs-fwtr?fileloc=/home/nahevttf/public_html/dcuiz.php?market=75686582 HTTP/1.1" 200 22726 "-" "Mozilla/5.0 (Linux; Android 6.0.1; Nexus 5X Build/MMB29P) AppleWebKit/537.36 (KHTML, like Gecko) Chrome/141.0.7390.122 Mobile Safari/537.36 (compatible; GoogleOther)"
74.7.227.165 - - [02/Nov/2025:09:36:17 -0500] "GET /pale172020311.html HTTP/1.1" 200 0 "-" "Mozilla/5.0 AppleWebKit/537.36 (KHTML, like Gecko; compatible; GPTBot/1.2; +https://openai.com/gptbot)"
66.249.77.167 - - [02/Nov/2025:09:36:18 -0500] "GET /loupe-studio-trs-fwtr?fileloc=/home/nahevttf/public_html/wp-mail.php??market=1185395361 HTTP/1.1" 200 19546 "-" "Mozilla/5.0 (Linux; Android 6.0.1; Nexus 5X Build/MMB29P) AppleWebKit/537.36 (KHTML, like Gecko) Chrome/141.0.7390.122 Mobile Safari/537.36 (compatible; GoogleOther)"
74.7.227.165 - - [02/Nov/2025:09:36:20 -0500] "GET /more126021051.html HTTP/1.1" 200 0 "-" "Mozilla/5.0 AppleWebKit/537.36 (KHTML, like Gecko; compatible; GPTBot/1.2; +https://openai.com/gptbot)"
74.7.227.165 - - [02/Nov/2025:09:36:23 -0500] "GET /shoe220049329.html HTTP/1.1" 200 0 "-" "Mozilla/5.0 AppleWebKit/537.36 (KHTML, like Gecko; compatible; GPTBot/1.2; +https://openai.com/gptbot)"
66.249.77.167 - - [02/Nov/2025:09:36:25 -0500] "GET /loupe-studio-trs-fwtr?fileloc=/home/nahevttf/public_html/wp-mail.php??market=299791274 HTTP/1.1" 200 22308 "-" "Mozilla/5.0 (Linux; Android 6.0.1; Nexus 5X Build/MMB29P) AppleWebKit/537.36 (KHTML, like Gecko) Chrome/141.0.7390.122 Mobile Safari/537.36 (compatible; GoogleOther)"
66.249.77.167 - - [02/Nov/2025:09:36:26 -0500] "GET /loupe-studio-trs-fwtr?fileloc=/home/nahevttf/public_html/wp-mail.php??market=335183025 HTTP/1.1" 200 22544 "-" "Mozilla/5.0 (Linux; Android 6.0.1; Nexus 5X Build/MMB29P) AppleWebKit/537.36 (KHTML, like Gecko) Chrome/141.0.7390.122 Mobile Safari/537.36 (compatible; GoogleOther)"
66.249.77.167 - - [02/Nov/2025:09:36:26 -0500] "GET /loupe-studio-trs-fwtr?fileloc=/home/nahevttf/public_html/xmlrpc.php??market=73199891 HTTP/1.1" 200 23234 "-" "Mozilla/5.0 (Linux; Android 6.0.1; Nexus 5X Build/MMB29P) AppleWebKit/537.36 (KHTML, like Gecko) Chrome/141.0.7390.122 Mobile Safari/537.36 (compatible; GoogleOther)"
74.7.227.165 - - [02/Nov/2025:09:36:27 -0500] "GET /fire044030431.html HTTP/1.1" 200 0 "-" "Mozilla/5.0 AppleWebKit/537.36 (KHTML, like Gecko; compatible; GPTBot/1.2; +https://openai.com/gptbot)"
66.249.77.167 - - [02/Nov/2025:09:36:27 -0500] "GET /loupe-studio-trs-fwtr?fileloc=/home/nahevttf/public_html/wp-mail.php??market=2266802748 HTTP/1.1" 200 19318 "-" "Mozilla/5.0 (Linux; Android 6.0.1; Nexus 5X Build/MMB29P) AppleWebKit/537.36 (KHTML, like Gecko) Chrome/141.0.7390.122 Mobile Safari/537.36 (compatible; GoogleOther)"
216.244.66.239 - - [02/Nov/2025:09:36:28 -0500] "GET /shop/?min_price=450&stock_status=instock,onsale HTTP/1.1" 301 795 "-" "Mozilla/5.0 (compatible; DotBot/1.2; +https://opensiteexplorer.org/dotbot; [email protected])"
74.7.227.165 - - [02/Nov/2025:09:36:31 -0500] "GET /slow079017470.html HTTP/1.1" 200 0 "-" "Mozilla/5.0 AppleWebKit/537.36 (KHTML, like Gecko; compatible; GPTBot/1.2; +https://openai.com/gptbot)"
74.7.227.165 - - [02/Nov/2025:09:36:35 -0500] "GET /exit042001155.html HTTP/1.1" 200 0 "-" "Mozilla/5.0 AppleWebKit/537.36 (KHTML, like Gecko; compatible; GPTBot/1.2; +https://openai.com/gptbot)"
66.249.77.167 - - [02/Nov/2025:09:36:35 -0500] "GET /loupe-studio-trs-fwtr?fileloc=/home/nahevttf/public_html/wp-mail.php??market=2171333783 HTTP/1.1" 200 22111 "-" "Mozilla/5.0 (Linux; Android 6.0.1; Nexus 5X Build/MMB29P) AppleWebKit/537.36 (KHTML, like Gecko) Chrome/141.0.7390.122 Mobile Safari/537.36 (compatible; GoogleOther)"
66.249.77.167 - - [02/Nov/2025:09:36:36 -0500] "GET /peaceful040001337.html HTTP/1.1" 200 22181 "-" "Mozilla/5.0 (Linux; Android 6.0.1; Nexus 5X Build/MMB29P) AppleWebKit/537.36 (KHTML, like Gecko) Chrome/141.0.7390.122 Mobile Safari/537.36 (compatible; GoogleOther)"
74.7.227.165 - - [02/Nov/2025:09:36:38 -0500] "GET /cart205048600.html HTTP/1.1" 200 0 "-" "Mozilla/5.0 AppleWebKit/537.36 (KHTML, like Gecko; compatible; GPTBot/1.2; +https://openai.com/gptbot)"
216.244.66.239 - - [02/Nov/2025:09:36:40 -0500] "GET /shop/page/2/?path=/home/nahevttf/public_html/wp-admin HTTP/1.1" 301 795 "-" "Mozilla/5.0 (compatible; DotBot/1.2; +https://opensiteexplorer.org/dotbot; [email protected])"
74.7.227.165 - - [02/Nov/2025:09:36:40 -0500] "GET /team140025543.html HTTP/1.1" 200 0 "-" "Mozilla/5.0 AppleWebKit/537.36 (KHTML, like Gecko; compatible; GPTBot/1.2; +https://openai.com/gptbot)"
66.249.77.167 - - [02/Nov/2025:09:36:42 -0500] "GET /deem81?kg=2169 HTTP/1.1" 200 19491 "-" "Mozilla/5.0 (Linux; Android 6.0.1; Nexus 5X Build/MMB29P) AppleWebKit/537.36 (KHTML, like Gecko) Chrome/141.0.7390.122 Mobile Safari/537.36 (compatible; Googlebot/2.1; +http://www.google.com/bot.html)"
74.7.227.165 - - [02/Nov/2025:09:36:44 -0500] "GET /flat181026726.html HTTP/1.1" 200 0 "-" "Mozilla/5.0 AppleWebKit/537.36 (KHTML, like Gecko; compatible; GPTBot/1.2; +https://openai.com/gptbot)"
66.249.77.167 - - [02/Nov/2025:09:36:44 -0500] "GET /loupe-studio-trs-fwtr?fileloc=/home/nahevttf/public_html/wp-mail.php??market=353165015 HTTP/1.1" 200 20456 "-" "Mozilla/5.0 (Linux; Android 6.0.1; Nexus 5X Build/MMB29P) AppleWebKit/537.36 (KHTML, like Gecko) Chrome/141.0.7390.122 Mobile Safari/537.36 (compatible; GoogleOther)"
66.249.77.167 - - [02/Nov/2025:09:36:44 -0500] "GET /m164018679?srsltid=AfmBOoycDwhpjEWo4kkhJ8_XXmLMGWcx5_iQmv1dIl-C-p0fWFbTkw HTTP/1.1" 200 19109 "-" "Mozilla/5.0 (Linux; Android 6.0.1; Nexus 5X Build/MMB29P) AppleWebKit/537.36 (KHTML, like Gecko) Chrome/141.0.7390.122 Mobile Safari/537.36 (compatible; Googlebot/2.1; +http://www.google.com/bot.html)"
66.249.77.167 - - [02/Nov/2025:09:36:46 -0500] "GET /loupe-studio-trs-fwtr?fileloc=/home/nahevttf/public_html/wp-mail.php??market=603788896 HTTP/1.1" 200 20144 "-" "Mozilla/5.0 (Linux; Android 6.0.1; Nexus 5X Build/MMB29P) AppleWebKit/537.36 (KHTML, like Gecko) Chrome/141.0.7390.122 Mobile Safari/537.36 (compatible; GoogleOther)"
66.249.77.167 - - [02/Nov/2025:09:36:47 -0500] "GET /discount186?kg=4858 HTTP/1.1" 200 18892 "-" "Mozilla/5.0 (Linux; Android 6.0.1; Nexus 5X Build/MMB29P) AppleWebKit/537.36 (KHTML, like Gecko) Chrome/141.0.7390.122 Mobile Safari/537.36 (compatible; Googlebot/2.1; +http://www.google.com/bot.html)"
66.249.77.167 - - [02/Nov/2025:09:36:47 -0500] "GET /loupe-studio-trs-fwtr?fileloc=/home/nahevttf/public_html/wp-mail.php??market=715552334 HTTP/1.1" 200 19602 "-" "Mozilla/5.0 (Linux; Android 6.0.1; Nexus 5X Build/MMB29P) AppleWebKit/537.36 (KHTML, like Gecko) Chrome/141.0.7390.122 Mobile Safari/537.36 (compatible; GoogleOther)"
74.7.227.165 - - [02/Nov/2025:09:36:48 -0500] "GET /data016026559.html HTTP/1.1" 200 0 "-" "Mozilla/5.0 AppleWebKit/537.36 (KHTML, like Gecko; compatible; GPTBot/1.2; +https://openai.com/gptbot)"
74.7.227.165 - - [02/Nov/2025:09:36:52 -0500] "GET /root067012140.html HTTP/1.1" 200 0 "-" "Mozilla/5.0 AppleWebKit/537.36 (KHTML, like Gecko; compatible; GPTBot/1.2; +https://openai.com/gptbot)"
66.249.77.167 - - [02/Nov/2025:09:36:54 -0500] "GET /loupe-studio-trs-fwtr?fileloc=/home/nahevttf/public_html/wp-mail.php??market=2169630402 HTTP/1.1" 200 19808 "-" "Mozilla/5.0 (Linux; Android 6.0.1; Nexus 5X Build/MMB29P) AppleWebKit/537.36 (KHTML, like Gecko) Chrome/141.0.7390.122 Mobile Safari/537.36 (compatible; GoogleOther)"
66.249.77.167 - - [02/Nov/2025:09:36:55 -0500] "GET /loupe-studio-trs-fwtr?fileloc=/home/nahevttf/public_html/wp-mail.php??market=299623281 HTTP/1.1" 200 19549 "-" "Mozilla/5.0 (Linux; Android 6.0.1; Nexus 5X Build/MMB29P) AppleWebKit/537.36 (KHTML, like Gecko) Chrome/141.0.7390.122 Mobile Safari/537.36 (compatible; GoogleOther)"
66.249.77.168 - - [02/Nov/2025:09:36:56 -0500] "GET /biccamera-4966376133338 HTTP/1.1" 200 19302 "-" "Mozilla/5.0 (Linux; Android 6.0.1; Nexus 5X Build/MMB29P) AppleWebKit/537.36 (KHTML, like Gecko) Chrome/141.0.7390.122 Mobile Safari/537.36 (compatible; GoogleOther)"
74.7.227.165 - - [02/Nov/2025:09:36:56 -0500] "GET /soup099024010.html HTTP/1.1" 200 0 "-" "Mozilla/5.0 AppleWebKit/537.36 (KHTML, like Gecko; compatible; GPTBot/1.2; +https://openai.com/gptbot)"
66.249.77.167 - - [02/Nov/2025:09:36:56 -0500] "GET /loupe-studio-trs-fwtr?fileloc=/home/nahevttf/public_html/wp-mail.php??market=314486350 HTTP/1.1" 200 19537 "-" "Mozilla/5.0 (Linux; Android 6.0.1; Nexus 5X Build/MMB29P) AppleWebKit/537.36 (KHTML, like Gecko) Chrome/141.0.7390.122 Mobile Safari/537.36 (compatible; GoogleOther)"
74.7.227.165 - - [02/Nov/2025:09:36:59 -0500] "GET /pipe251025088.html HTTP/1.1" 200 0 "-" "Mozilla/5.0 AppleWebKit/537.36 (KHTML, like Gecko; compatible; GPTBot/1.2; +https://openai.com/gptbot)"
69.197.149.50 - - [02/Nov/2025:09:36:58 -0500] "GET /wp-content/xa9a31d/index.php?id=740059 HTTP/1.1" 200 0 "http://emporiumlooks.com/wp-content/xa9a31d/index.php?id=740059" "Mozilla/5.0 (Windows NT 10.0; Win64; x64) AppleWebKit/537.36 (KHTML, like Gecko) Chrome/58.0.3029.110 Safari/537.3"
74.7.227.165 - - [02/Nov/2025:09:37:02 -0500] "GET /bite292024943.html HTTP/1.1" 200 0 "-" "Mozilla/5.0 AppleWebKit/537.36 (KHTML, like Gecko; compatible; GPTBot/1.2; +https://openai.com/gptbot)"
66.249.77.168 - - [02/Nov/2025:09:37:03 -0500] "GET /loupe-studio-trs-fwtr?fileloc=/home/nahevttf/public_html/wp-mail.php??market=334923323 HTTP/1.1" 200 22872 "-" "Mozilla/5.0 (Linux; Android 6.0.1; Nexus 5X Build/MMB29P) AppleWebKit/537.36 (KHTML, like Gecko) Chrome/141.0.7390.122 Mobile Safari/537.36 (compatible; GoogleOther)"
66.249.77.167 - - [02/Nov/2025:09:37:03 -0500] "GET /loupe-studio-trs-fwtr?fileloc=/home/nahevttf/public_html/wp-mail.php??market=1428634850 HTTP/1.1" 200 23247 "-" "Mozilla/5.0 (Linux; Android 6.0.1; Nexus 5X Build/MMB29P) AppleWebKit/537.36 (KHTML, like Gecko) Chrome/141.0.7390.122 Mobile Safari/537.36 (compatible; GoogleOther)"
66.249.77.167 - - [02/Nov/2025:09:37:04 -0500] "GET /loupe-studio-trs-fwtr?fileloc=/home/nahevttf/public_html/wp-mail.php??market=114105643 HTTP/1.1" 200 22278 "-" "Mozilla/5.0 (Linux; Android 6.0.1; Nexus 5X Build/MMB29P) AppleWebKit/537.36 (KHTML, like Gecko) Chrome/141.0.7390.122 Mobile Safari/537.36 (compatible; GoogleOther)"
74.7.227.165 - - [02/Nov/2025:09:37:05 -0500] "GET /team041019796.html HTTP/1.1" 200 0 "-" "Mozilla/5.0 AppleWebKit/537.36 (KHTML, like Gecko; compatible; GPTBot/1.2; +https://openai.com/gptbot)"
74.7.227.165 - - [02/Nov/2025:09:37:09 -0500] "GET /destruction017027784.html HTTP/1.1" 200 0 "-" "Mozilla/5.0 AppleWebKit/537.36 (KHTML, like Gecko; compatible; GPTBot/1.2; +https://openai.com/gptbot)"
74.7.227.165 - - [02/Nov/2025:09:37:12 -0500] "GET /products/166es38884 HTTP/1.1" 200 0 "-" "Mozilla/5.0 AppleWebKit/537.36 (KHTML, like Gecko; compatible; GPTBot/1.2; +https://openai.com/gptbot)"
66.249.77.168 - - [02/Nov/2025:09:37:12 -0500] "GET /loupe-studio-trs-fwtr?fileloc=/home/nahevttf/public_html/wp-mail.php??market=54014711 HTTP/1.1" 200 23365 "-" "Mozilla/5.0 (Linux; Android 6.0.1; Nexus 5X Build/MMB29P) AppleWebKit/537.36 (KHTML, like Gecko) Chrome/141.0.7390.122 Mobile Safari/537.36 (compatible; GoogleOther)"
66.249.77.167 - - [02/Nov/2025:09:37:14 -0500] "GET /loupe-studio-trs-fwtr?fileloc=/home/nahevttf/public_html/wp-mail.php??market=434163619 HTTP/1.1" 200 23477 "-" "Mozilla/5.0 (Linux; Android 6.0.1; Nexus 5X Build/MMB29P) AppleWebKit/537.36 (KHTML, like Gecko) Chrome/141.0.7390.122 Mobile Safari/537.36 (compatible; GoogleOther)"
74.7.227.165 - - [02/Nov/2025:09:37:15 -0500] "GET /pill040047231.html HTTP/1.1" 200 0 "-" "Mozilla/5.0 AppleWebKit/537.36 (KHTML, like Gecko; compatible; GPTBot/1.2; +https://openai.com/gptbot)"
74.7.227.165 - - [02/Nov/2025:09:37:17 -0500] "GET /products/117sf42999 HTTP/1.1" 200 0 "-" "Mozilla/5.0 AppleWebKit/537.36 (KHTML, like Gecko; compatible; GPTBot/1.2; +https://openai.com/gptbot)"
74.7.227.165 - - [02/Nov/2025:09:37:20 -0500] "GET /products/240tu33888 HTTP/1.1" 200 0 "-" "Mozilla/5.0 AppleWebKit/537.36 (KHTML, like Gecko; compatible; GPTBot/1.2; +https://openai.com/gptbot)"
66.249.77.167 - - [02/Nov/2025:09:37:22 -0500] "GET /loupe-studio-trs-fwtr?fileloc=/home/nahevttf/public_html/wp-mail.php??market=2104514951 HTTP/1.1" 200 22527 "-" "Mozilla/5.0 (Linux; Android 6.0.1; Nexus 5X Build/MMB29P) AppleWebKit/537.36 (KHTML, like Gecko) Chrome/141.0.7390.122 Mobile Safari/537.36 (compatible; GoogleOther)"
74.7.227.165 - - [02/Nov/2025:09:37:23 -0500] "GET /products/164zz47222 HTTP/1.1" 200 0 "-" "Mozilla/5.0 AppleWebKit/537.36 (KHTML, like Gecko; compatible; GPTBot/1.2; +https://openai.com/gptbot)"
66.249.77.167 - - [02/Nov/2025:09:37:23 -0500] "GET /loupe-studio-trs-fwtr?fileloc=/home/nahevttf/public_html/wp-mail.php??market=257913615 HTTP/1.1" 200 22134 "-" "Mozilla/5.0 (Linux; Android 6.0.1; Nexus 5X Build/MMB29P) AppleWebKit/537.36 (KHTML, like Gecko) Chrome/141.0.7390.122 Mobile Safari/537.36 (compatible; GoogleOther)"
66.249.77.167 - - [02/Nov/2025:09:37:23 -0500] "GET /factory240?kg=43446 HTTP/1.1" 200 22010 "-" "Mozilla/5.0 (Linux; Android 6.0.1; Nexus 5X Build/MMB29P) AppleWebKit/537.36 (KHTML, like Gecko) Chrome/141.0.7390.122 Mobile Safari/537.36 (compatible; GoogleOther)"
74.7.227.165 - - [02/Nov/2025:09:37:27 -0500] "GET /products/217dl45777 HTTP/1.1" 200 0 "-" "Mozilla/5.0 AppleWebKit/537.36 (KHTML, like Gecko; compatible; GPTBot/1.2; +https://openai.com/gptbot)"
66.249.77.167 - - [02/Nov/2025:09:37:27 -0500] "GET /loupe-studio-trs-fwtr?fileloc=/home/nahevttf/public_html/wp-mail.php??market=331373204 HTTP/1.1" 200 23070 "-" "Mozilla/5.0 (Linux; Android 6.0.1; Nexus 5X Build/MMB29P) AppleWebKit/537.36 (KHTML, like Gecko) Chrome/141.0.7390.122 Mobile Safari/537.36 (compatible; GoogleOther)"
74.7.227.165 - - [02/Nov/2025:09:37:30 -0500] "GET /products/287di14555 HTTP/1.1" 200 0 "-" "Mozilla/5.0 AppleWebKit/537.36 (KHTML, like Gecko; compatible; GPTBot/1.2; +https://openai.com/gptbot)"
66.249.77.167 - - [02/Nov/2025:09:37:31 -0500] "GET /loupe-studio-trs-fwtr?fileloc=/home/nahevttf/public_html/wp-mail.php??market=1756751485 HTTP/1.1" 200 19411 "-" "Mozilla/5.0 (Linux; Android 6.0.1; Nexus 5X Build/MMB29P) AppleWebKit/537.36 (KHTML, like Gecko) Chrome/141.0.7390.122 Mobile Safari/537.36 (compatible; GoogleOther)"
74.7.227.165 - - [02/Nov/2025:09:37:33 -0500] "GET /products/264oj44450 HTTP/1.1" 200 0 "-" "Mozilla/5.0 AppleWebKit/537.36 (KHTML, like Gecko; compatible; GPTBot/1.2; +https://openai.com/gptbot)"
66.249.77.167 - - [02/Nov/2025:09:37:33 -0500] "GET /relax197029508.html HTTP/1.1" 200 23177 "-" "Mozilla/5.0 (Linux; Android 6.0.1; Nexus 5X Build/MMB29P) AppleWebKit/537.36 (KHTML, like Gecko) Chrome/141.0.7390.122 Mobile Safari/537.36 (compatible; GoogleOther)"
74.7.227.165 - - [02/Nov/2025:09:37:35 -0500] "GET /products/111za10641 HTTP/1.1" 200 0 "-" "Mozilla/5.0 AppleWebKit/537.36 (KHTML, like Gecko; compatible; GPTBot/1.2; +https://openai.com/gptbot)"
66.249.77.167 - - [02/Nov/2025:09:37:39 -0500] "GET /m180048533?srsltid=AfmBOotZDphWIeTRfgGKHA_jlfU2vgXsF_IOsjn1v8-X-cMGq5tECP HTTP/1.1" 200 22352 "-" "Mozilla/5.0 (Linux; Android 6.0.1; Nexus 5X Build/MMB29P) AppleWebKit/537.36 (KHTML, like Gecko) Chrome/141.0.7390.122 Mobile Safari/537.36 (compatible; Googlebot/2.1; +http://www.google.com/bot.html)"
74.7.227.165 - - [02/Nov/2025:09:37:40 -0500] "GET /products/186zb22246 HTTP/1.1" 200 0 "-" "Mozilla/5.0 AppleWebKit/537.36 (KHTML, like Gecko; compatible; GPTBot/1.2; +https://openai.com/gptbot)"
66.249.77.167 - - [02/Nov/2025:09:37:40 -0500] "GET /loupe-studio-trs-fwtr?fileloc=/home/nahevttf/public_html/wp-mail.php??market=1102644823 HTTP/1.1" 200 23342 "-" "Mozilla/5.0 (Linux; Android 6.0.1; Nexus 5X Build/MMB29P) AppleWebKit/537.36 (KHTML, like Gecko) Chrome/141.0.7390.122 Mobile Safari/537.36 (compatible; GoogleOther)"
66.249.77.167 - - [02/Nov/2025:09:37:42 -0500] "GET /loupe-studio-trs-fwtr?fileloc=/home/nahevttf/public_html/wp-mail.php??market=267408042 HTTP/1.1" 200 22155 "-" "Mozilla/5.0 (Linux; Android 6.0.1; Nexus 5X Build/MMB29P) AppleWebKit/537.36 (KHTML, like Gecko) Chrome/141.0.7390.122 Mobile Safari/537.36 (compatible; GoogleOther)"
66.249.77.167 - - [02/Nov/2025:09:37:42 -0500] "GET /tss-ehpn-ca25ecv3 HTTP/1.1" 200 22163 "-" "Mozilla/5.0 (Linux; Android 6.0.1; Nexus 5X Build/MMB29P) AppleWebKit/537.36 (KHTML, like Gecko) Chrome/141.0.7390.122 Mobile Safari/537.36 (compatible; Googlebot/2.1; +http://www.google.com/bot.html)"
74.7.227.165 - - [02/Nov/2025:09:37:43 -0500] "GET /products/150uc47444 HTTP/1.1" 200 0 "-" "Mozilla/5.0 AppleWebKit/537.36 (KHTML, like Gecko; compatible; GPTBot/1.2; +https://openai.com/gptbot)"
66.249.77.168 - - [02/Nov/2025:09:37:45 -0500] "GET /m107028676?srsltid=AfmBOoVoITZUzTrxoSbuoq_Ouh04xpTie_XOlnSDL3-J-1DKHG2iuk HTTP/1.1" 200 19305 "-" "Mozilla/5.0 (Linux; Android 6.0.1; Nexus 5X Build/MMB29P) AppleWebKit/537.36 (KHTML, like Gecko) Chrome/141.0.7390.122 Mobile Safari/537.36 (compatible; Googlebot/2.1; +http://www.google.com/bot.html)"
74.7.227.165 - - [02/Nov/2025:09:37:47 -0500] "GET /products/158ku24000 HTTP/1.1" 200 0 "-" "Mozilla/5.0 AppleWebKit/537.36 (KHTML, like Gecko; compatible; GPTBot/1.2; +https://openai.com/gptbot)"
66.249.77.168 - - [02/Nov/2025:09:37:47 -0500] "GET /brief288?kg=41918 HTTP/1.1" 200 19594 "-" "Mozilla/5.0 (Linux; Android 6.0.1; Nexus 5X Build/MMB29P) AppleWebKit/537.36 (KHTML, like Gecko) Chrome/141.0.7390.122 Mobile Safari/537.36 (compatible; Googlebot/2.1; +http://www.google.com/bot.html)"
66.249.77.167 - - [02/Nov/2025:09:37:50 -0500] "GET /loupe-studio-trs-fwtr?fileloc=/home/nahevttf/public_html/wp-mail.php??market=1330141670 HTTP/1.1" 200 19638 "-" "Mozilla/5.0 (Linux; Android 6.0.1; Nexus 5X Build/MMB29P) AppleWebKit/537.36 (KHTML, like Gecko) Chrome/141.0.7390.122 Mobile Safari/537.36 (compatible; GoogleOther)"
66.249.77.168 - - [02/Nov/2025:09:37:51 -0500] "GET /loupe-studio-trs-fwtr?fileloc=/home/nahevttf/public_html/wp-mail.php??market=35977388 HTTP/1.1" 200 22185 "-" "Mozilla/5.0 (Linux; Android 6.0.1; Nexus 5X Build/MMB29P) AppleWebKit/537.36 (KHTML, like Gecko) Chrome/141.0.7390.122 Mobile Safari/537.36 (compatible; GoogleOther)"
74.7.227.165 - - [02/Nov/2025:09:37:51 -0500] "GET /products/280dy33368 HTTP/1.1" 200 0 "-" "Mozilla/5.0 AppleWebKit/537.36 (KHTML, like Gecko; compatible; GPTBot/1.2; +https://openai.com/gptbot)"
66.249.77.168 - - [02/Nov/2025:09:37:53 -0500] "GET /loupe-studio-trs-fwtr?fileloc=/home/nahevttf/public_html/wp-mail.php??market=1188715358 HTTP/1.1" 200 22071 "-" "Mozilla/5.0 (Linux; Android 6.0.1; Nexus 5X Build/MMB29P) AppleWebKit/537.36 (KHTML, like Gecko) Chrome/141.0.7390.122 Mobile Safari/537.36 (compatible; GoogleOther)"
74.7.227.165 - - [02/Nov/2025:09:37:55 -0500] "GET /products/111kc24419 HTTP/1.1" 200 0 "-" "Mozilla/5.0 AppleWebKit/537.36 (KHTML, like Gecko; compatible; GPTBot/1.2; +https://openai.com/gptbot)"
66.249.77.168 - - [02/Nov/2025:09:37:55 -0500] "GET /elevator73?kg=309 HTTP/1.1" 200 22568 "-" "Mozilla/5.0 (Linux; Android 6.0.1; Nexus 5X Build/MMB29P) AppleWebKit/537.36 (KHTML, like Gecko) Chrome/141.0.7390.122 Mobile Safari/537.36 (compatible; GoogleOther)"
74.7.227.165 - - [02/Nov/2025:09:37:59 -0500] "GET /products/255zh40555 HTTP/1.1" 200 0 "-" "Mozilla/5.0 AppleWebKit/537.36 (KHTML, like Gecko; compatible; GPTBot/1.2; +https://openai.com/gptbot)"
66.249.77.168 - - [02/Nov/2025:09:37:59 -0500] "GET /loupe-studio-trs-fwtr?fileloc=/home/nahevttf/public_html/wp-mail.php??market=2126434087 HTTP/1.1" 200 23144 "-" "Mozilla/5.0 (Linux; Android 6.0.1; Nexus 5X Build/MMB29P) AppleWebKit/537.36 (KHTML, like Gecko) Chrome/141.0.7390.122 Mobile Safari/537.36 (compatible; GoogleOther)"
66.249.77.168 - - [02/Nov/2025:09:38:01 -0500] "GET /loupe-studio-trs-fwtr?fileloc=/home/nahevttf/public_html/wp-mail.php??market=1426632264 HTTP/1.1" 200 23458 "-" "Mozilla/5.0 (Linux; Android 6.0.1; Nexus 5X Build/MMB29P) AppleWebKit/537.36 (KHTML, like Gecko) Chrome/141.0.7390.122 Mobile Safari/537.36 (compatible; GoogleOther)"
74.7.227.165 - - [02/Nov/2025:09:38:02 -0500] "GET /products/222zn10974 HTTP/1.1" 200 0 "-" "Mozilla/5.0 AppleWebKit/537.36 (KHTML, like Gecko; compatible; GPTBot/1.2; +https://openai.com/gptbot)"
74.7.227.165 - - [02/Nov/2025:09:38:05 -0500] "GET /products/222io35208 HTTP/1.1" 200 0 "-" "Mozilla/5.0 AppleWebKit/537.36 (KHTML, like Gecko; compatible; GPTBot/1.2; +https://openai.com/gptbot)"
74.7.227.165 - - [02/Nov/2025:09:38:08 -0500] "GET /products/173hq49555 HTTP/1.1" 200 0 "-" "Mozilla/5.0 AppleWebKit/537.36 (KHTML, like Gecko; compatible; GPTBot/1.2; +https://openai.com/gptbot)"
66.249.77.167 - - [02/Nov/2025:09:38:08 -0500] "GET /loupe-studio-trs-fwtr?fileloc=/home/nahevttf/public_html/wp-mail.php??market=306055379 HTTP/1.1" 200 22610 "-" "Mozilla/5.0 (Linux; Android 6.0.1; Nexus 5X Build/MMB29P) AppleWebKit/537.36 (KHTML, like Gecko) Chrome/141.0.7390.122 Mobile Safari/537.36 (compatible; GoogleOther)"
66.249.77.167 - - [02/Nov/2025:09:38:10 -0500] "GET /tight041003562.html HTTP/1.1" 200 22981 "-" "Mozilla/5.0 (Linux; Android 6.0.1; Nexus 5X Build/MMB29P) AppleWebKit/537.36 (KHTML, like Gecko) Chrome/141.0.7390.122 Mobile Safari/537.36 (compatible; GoogleOther)"
74.7.227.165 - - [02/Nov/2025:09:38:12 -0500] "GET /products/215ij20005 HTTP/1.1" 200 0 "-" "Mozilla/5.0 AppleWebKit/537.36 (KHTML, like Gecko; compatible; GPTBot/1.2; +https://openai.com/gptbot)"
74.7.227.165 - - [02/Nov/2025:09:38:14 -0500] "GET /products/117bb15333 HTTP/1.1" 200 0 "-" "Mozilla/5.0 AppleWebKit/537.36 (KHTML, like Gecko; compatible; GPTBot/1.2; +https://openai.com/gptbot)"
74.7.227.165 - - [02/Nov/2025:09:38:16 -0500] "GET /products/216wn36662 HTTP/1.1" 200 0 "-" "Mozilla/5.0 AppleWebKit/537.36 (KHTML, like Gecko; compatible; GPTBot/1.2; +https://openai.com/gptbot)"
66.249.77.167 - - [02/Nov/2025:09:38:18 -0500] "GET /loupe-studio-trs-fwtr?fileloc=/home/nahevttf/public_html/dcuiz.php??market=81203167 HTTP/1.1" 200 22375 "-" "Mozilla/5.0 (Linux; Android 6.0.1; Nexus 5X Build/MMB29P) AppleWebKit/537.36 (KHTML, like Gecko) Chrome/141.0.7390.122 Mobile Safari/537.36 (compatible; GoogleOther)"
66.249.77.167 - - [02/Nov/2025:09:38:19 -0500] "GET /loupe-studio-trs-fwtr?fileloc=/home/nahevttf/public_html/wp-mail.php??market=1102263055 HTTP/1.1" 200 22308 "-" "Mozilla/5.0 (Linux; Android 6.0.1; Nexus 5X Build/MMB29P) AppleWebKit/537.36 (KHTML, like Gecko) Chrome/141.0.7390.122 Mobile Safari/537.36 (compatible; GoogleOther)"
74.7.227.165 - - [02/Nov/2025:09:38:20 -0500] "GET /products/275ci22291 HTTP/1.1" 200 0 "-" "Mozilla/5.0 AppleWebKit/537.36 (KHTML, like Gecko; compatible; GPTBot/1.2; +https://openai.com/gptbot)"
66.249.77.167 - - [02/Nov/2025:09:38:22 -0500] "GET /loupe-studio-trs-fwtr?fileloc=/home/nahevttf/public_html/wp-mail.php??market=1188727927 HTTP/1.1" 200 19376 "-" "Mozilla/5.0 (Linux; Android 6.0.1; Nexus 5X Build/MMB29P) AppleWebKit/537.36 (KHTML, like Gecko) Chrome/141.0.7390.122 Mobile Safari/537.36 (compatible; GoogleOther)"
74.7.227.165 - - [02/Nov/2025:09:38:23 -0500] "GET /products/284du33342 HTTP/1.1" 200 0 "-" "Mozilla/5.0 AppleWebKit/537.36 (KHTML, like Gecko; compatible; GPTBot/1.2; +https://openai.com/gptbot)"
66.249.77.167 - - [02/Nov/2025:09:38:25 -0500] "GET /loupe-studio-trs-fwtr?fileloc=/home/nahevttf/public_html/wp-mail.php??market=406743882 HTTP/1.1" 200 22010 "-" "Mozilla/5.0 (Linux; Android 6.0.1; Nexus 5X Build/MMB29P) AppleWebKit/537.36 (KHTML, like Gecko) Chrome/141.0.7390.122 Mobile Safari/537.36 (compatible; GoogleOther)"
74.7.227.165 - - [02/Nov/2025:09:38:26 -0500] "GET /products/286wt31118 HTTP/1.1" 200 0 "-" "Mozilla/5.0 AppleWebKit/537.36 (KHTML, like Gecko; compatible; GPTBot/1.2; +https://openai.com/gptbot)"
66.249.77.167 - - [02/Nov/2025:09:38:28 -0500] "GET /loupe-studio-trs-fwtr?fileloc=/home/nahevttf/public_html/xmlrpc.php??market=74545439 HTTP/1.1" 200 23506 "-" "Mozilla/5.0 (Linux; Android 6.0.1; Nexus 5X Build/MMB29P) AppleWebKit/537.36 (KHTML, like Gecko) Chrome/141.0.7390.122 Mobile Safari/537.36 (compatible; GoogleOther)"
74.7.227.165 - - [02/Nov/2025:09:38:28 -0500] "GET /products/169ki44425 HTTP/1.1" 200 0 "-" "Mozilla/5.0 AppleWebKit/537.36 (KHTML, like Gecko; compatible; GPTBot/1.2; +https://openai.com/gptbot)"
66.249.77.167 - - [02/Nov/2025:09:38:30 -0500] "GET /loupe-studio-trs-fwtr?fileloc=/home/nahevttf/public_html/wp-mail.php??market=2055340588 HTTP/1.1" 200 23097 "-" "Mozilla/5.0 (Linux; Android 6.0.1; Nexus 5X Build/MMB29P) AppleWebKit/537.36 (KHTML, like Gecko) Chrome/141.0.7390.122 Mobile Safari/537.36 (compatible; GoogleOther)"
74.7.227.165 - - [02/Nov/2025:09:38:33 -0500] "GET /products/231gu35999 HTTP/1.1" 200 0 "-" "Mozilla/5.0 AppleWebKit/537.36 (KHTML, like Gecko; compatible; GPTBot/1.2; +https://openai.com/gptbot)"
69.197.149.50 - - [02/Nov/2025:09:38:33 -0500] "GET /wp-content/xa9a31d/index.php?id=740059 HTTP/1.1" 200 0 "http://emporiumlooks.com/wp-content/xa9a31d/index.php?id=740059" "Mozilla/5.0 (Windows NT 10.0; Win64; x64) AppleWebKit/537.36 (KHTML, like Gecko) Chrome/58.0.3029.110 Safari/537.3"
74.7.227.165 - - [02/Nov/2025:09:38:36 -0500] "GET /products/140gw25550 HTTP/1.1" 200 0 "-" "Mozilla/5.0 AppleWebKit/537.36 (KHTML, like Gecko; compatible; GPTBot/1.2; +https://openai.com/gptbot)"
66.249.77.167 - - [02/Nov/2025:09:38:36 -0500] "GET /loupe-studio-trs-fwtr?fileloc=/home/nahevttf/public_html/wp-mail.php?market=95990437 HTTP/1.1" 200 22070 "-" "Mozilla/5.0 (Linux; Android 6.0.1; Nexus 5X Build/MMB29P) AppleWebKit/537.36 (KHTML, like Gecko) Chrome/141.0.7390.122 Mobile Safari/537.36 (compatible; GoogleOther)"
66.249.77.167 - - [02/Nov/2025:09:38:38 -0500] "GET /example225008708.html HTTP/1.1" 200 22766 "-" "Mozilla/5.0 (Linux; Android 6.0.1; Nexus 5X Build/MMB29P) AppleWebKit/537.36 (KHTML, like Gecko) Chrome/141.0.7390.122 Mobile Safari/537.36 (compatible; GoogleOther)"
74.7.227.165 - - [02/Nov/2025:09:38:39 -0500] "GET /products/181hq43555 HTTP/1.1" 200 0 "-" "Mozilla/5.0 AppleWebKit/537.36 (KHTML, like Gecko; compatible; GPTBot/1.2; +https://openai.com/gptbot)"
74.7.227.165 - - [02/Nov/2025:09:38:42 -0500] "GET /products/299tc27775 HTTP/1.1" 200 0 "-" "Mozilla/5.0 AppleWebKit/537.36 (KHTML, like Gecko; compatible; GPTBot/1.2; +https://openai.com/gptbot)"
74.7.227.165 - - [02/Nov/2025:09:38:44 -0500] "GET /products/201aj44465 HTTP/1.1" 200 0 "-" "Mozilla/5.0 AppleWebKit/537.36 (KHTML, like Gecko; compatible; GPTBot/1.2; +https://openai.com/gptbot)"
66.249.77.167 - - [02/Nov/2025:09:38:46 -0500] "GET /loupe-studio-trs-fwtr?fileloc=/home/nahevttf/public_html/wp-mail.php??market=2111909986 HTTP/1.1" 200 19766 "-" "Mozilla/5.0 (Linux; Android 6.0.1; Nexus 5X Build/MMB29P) AppleWebKit/537.36 (KHTML, like Gecko) Chrome/141.0.7390.122 Mobile Safari/537.36 (compatible; GoogleOther)"
74.7.227.165 - - [02/Nov/2025:09:38:46 -0500] "GET /products/163zp44453 HTTP/1.1" 200 0 "-" "Mozilla/5.0 AppleWebKit/537.36 (KHTML, like Gecko; compatible; GPTBot/1.2; +https://openai.com/gptbot)"
66.249.77.167 - - [02/Nov/2025:09:38:47 -0500] "GET /loupe-studio-trs-fwtr?fileloc=/home/nahevttf/public_html/wp-mail.php??market=719056202 HTTP/1.1" 200 19684 "-" "Mozilla/5.0 (Linux; Android 6.0.1; Nexus 5X Build/MMB29P) AppleWebKit/537.36 (KHTML, like Gecko) Chrome/141.0.7390.122 Mobile Safari/537.36 (compatible; GoogleOther)"
74.7.227.165 - - [02/Nov/2025:09:38:50 -0500] "GET /products/288wu11120 HTTP/1.1" 200 0 "-" "Mozilla/5.0 AppleWebKit/537.36 (KHTML, like Gecko; compatible; GPTBot/1.2; +https://openai.com/gptbot)"
66.249.77.168 - - [02/Nov/2025:09:38:51 -0500] "GET /loupe-studio-trs-fwtr?fileloc=/home/nahevttf/public_html/wp-mail.php??market=113475915 HTTP/1.1" 200 22223 "-" "Mozilla/5.0 (Linux; Android 6.0.1; Nexus 5X Build/MMB29P) AppleWebKit/537.36 (KHTML, like Gecko) Chrome/141.0.7390.122 Mobile Safari/537.36 (compatible; GoogleOther)"
74.7.227.165 - - [02/Nov/2025:09:38:54 -0500] "GET /products/222zx35314 HTTP/1.1" 200 0 "-" "Mozilla/5.0 AppleWebKit/537.36 (KHTML, like Gecko; compatible; GPTBot/1.2; +https://openai.com/gptbot)"
66.249.77.168 - - [02/Nov/2025:09:38:55 -0500] "GET /loupe-studio-trs-fwtr?fileloc=/home/nahevttf/public_html/wp-mail.php??market=361060872 HTTP/1.1" 200 23229 "-" "Mozilla/5.0 (Linux; Android 6.0.1; Nexus 5X Build/MMB29P) AppleWebKit/537.36 (KHTML, like Gecko) Chrome/141.0.7390.122 Mobile Safari/537.36 (compatible; GoogleOther)"
66.249.77.168 - - [02/Nov/2025:09:38:55 -0500] "GET /loupe-studio-trs-fwtr?fileloc=/home/nahevttf/public_html/dcuiz.php??market=79766232 HTTP/1.1" 200 22419 "-" "Mozilla/5.0 (Linux; Android 6.0.1; Nexus 5X Build/MMB29P) AppleWebKit/537.36 (KHTML, like Gecko) Chrome/141.0.7390.122 Mobile Safari/537.36 (compatible; GoogleOther)"
74.7.227.165 - - [02/Nov/2025:09:38:56 -0500] "GET /products/218ol26888 HTTP/1.1" 200 0 "-" "Mozilla/5.0 AppleWebKit/537.36 (KHTML, like Gecko; compatible; GPTBot/1.2; +https://openai.com/gptbot)"
66.249.77.168 - - [02/Nov/2025:09:38:56 -0500] "GET /midst154014637.html HTTP/1.1" 200 22021 "-" "Mozilla/5.0 (Linux; Android 6.0.1; Nexus 5X Build/MMB29P) AppleWebKit/537.36 (KHTML, like Gecko) Chrome/141.0.7390.122 Mobile Safari/537.36 (compatible; GoogleOther)"
66.249.77.168 - - [02/Nov/2025:09:38:59 -0500] "GET /loupe-studio-trs-fwtr?fileloc=/home/nahevttf/public_html/wp-mail.php??market=1192312807 HTTP/1.1" 200 19686 "-" "Mozilla/5.0 (Linux; Android 6.0.1; Nexus 5X Build/MMB29P) AppleWebKit/537.36 (KHTML, like Gecko) Chrome/141.0.7390.122 Mobile Safari/537.36 (compatible; GoogleOther)"
74.7.227.165 - - [02/Nov/2025:09:38:59 -0500] "GET /products/179vg22273 HTTP/1.1" 200 0 "-" "Mozilla/5.0 AppleWebKit/537.36 (KHTML, like Gecko; compatible; GPTBot/1.2; +https://openai.com/gptbot)"
74.7.227.165 - - [02/Nov/2025:09:39:02 -0500] "GET /products/258zl11142 HTTP/1.1" 200 0 "-" "Mozilla/5.0 AppleWebKit/537.36 (KHTML, like Gecko; compatible; GPTBot/1.2; +https://openai.com/gptbot)"
74.7.227.165 - - [02/Nov/2025:09:39:04 -0500] "GET /products/284fv44432 HTTP/1.1" 200 0 "-" "Mozilla/5.0 AppleWebKit/537.36 (KHTML, like Gecko; compatible; GPTBot/1.2; +https://openai.com/gptbot)"
66.249.77.168 - - [02/Nov/2025:09:39:05 -0500] "GET /loupe-studio-trs-fwtr?fileloc=/home/nahevttf/public_html/wp-mail.php??market=1330681126 HTTP/1.1" 200 19862 "-" "Mozilla/5.0 (Linux; Android 6.0.1; Nexus 5X Build/MMB29P) AppleWebKit/537.36 (KHTML, like Gecko) Chrome/141.0.7390.122 Mobile Safari/537.36 (compatible; GoogleOther)"
66.249.77.167 - - [02/Nov/2025:09:39:06 -0500] "GET /loupe-studio-trs-fwtr?fileloc=/home/nahevttf/public_html/wp-mail.php??market=2112407807 HTTP/1.1" 200 22298 "-" "Mozilla/5.0 (Linux; Android 6.0.1; Nexus 5X Build/MMB29P) AppleWebKit/537.36 (KHTML, like Gecko) Chrome/141.0.7390.122 Mobile Safari/537.36 (compatible; GoogleOther)"
74.7.227.165 - - [02/Nov/2025:09:39:08 -0500] "GET /products/281xv11189 HTTP/1.1" 200 0 "-" "Mozilla/5.0 AppleWebKit/537.36 (KHTML, like Gecko; compatible; GPTBot/1.2; +https://openai.com/gptbot)"
74.7.227.165 - - [02/Nov/2025:09:39:11 -0500] "GET /products/223kz44463 HTTP/1.1" 200 0 "-" "Mozilla/5.0 AppleWebKit/537.36 (KHTML, like Gecko; compatible; GPTBot/1.2; +https://openai.com/gptbot)"
74.7.227.165 - - [02/Nov/2025:09:39:13 -0500] "GET /touch009034004.html HTTP/1.1" 200 0 "-" "Mozilla/5.0 AppleWebKit/537.36 (KHTML, like Gecko; compatible; GPTBot/1.2; +https://openai.com/gptbot)"
66.249.77.168 - - [02/Nov/2025:09:39:14 -0500] "GET /loupe-studio-trs-fwtr?fileloc=/home/nahevttf/public_html/wp-mail.php??market=226320763 HTTP/1.1" 200 19997 "-" "Mozilla/5.0 (Linux; Android 6.0.1; Nexus 5X Build/MMB29P) AppleWebKit/537.36 (KHTML, like Gecko) Chrome/141.0.7390.122 Mobile Safari/537.36 (compatible; GoogleOther)"
66.249.77.168 - - [02/Nov/2025:09:39:15 -0500] "GET /loupe-studio-trs-fwtr?fileloc=/home/nahevttf/public_html/wp-mail.php??market=437305122 HTTP/1.1" 200 19777 "-" "Mozilla/5.0 (Linux; Android 6.0.1; Nexus 5X Build/MMB29P) AppleWebKit/537.36 (KHTML, like Gecko) Chrome/141.0.7390.122 Mobile Safari/537.36 (compatible; GoogleOther)"
74.7.227.165 - - [02/Nov/2025:09:39:16 -0500] "GET /products/193iu40777 HTTP/1.1" 200 0 "-" "Mozilla/5.0 AppleWebKit/537.36 (KHTML, like Gecko; compatible; GPTBot/1.2; +https://openai.com/gptbot)"
74.7.227.165 - - [02/Nov/2025:09:39:19 -0500] "GET /products/207wq44415 HTTP/1.1" 200 0 "-" "Mozilla/5.0 AppleWebKit/537.36 (KHTML, like Gecko; compatible; GPTBot/1.2; +https://openai.com/gptbot)"
66.249.77.167 - - [02/Nov/2025:09:39:21 -0500] "GET /loupe-studio-trs-fwtr?fileloc=/home/nahevttf/public_html/wp-mail.php??market=2274019291 HTTP/1.1" 200 22622 "-" "Mozilla/5.0 (Linux; Android 6.0.1; Nexus 5X Build/MMB29P) AppleWebKit/537.36 (KHTML, like Gecko) Chrome/141.0.7390.122 Mobile Safari/537.36 (compatible; GoogleOther)"
74.7.227.165 - - [02/Nov/2025:09:39:23 -0500] "GET /products/222kr17566 HTTP/1.1" 200 0 "-" "Mozilla/5.0 AppleWebKit/537.36 (KHTML, like Gecko; compatible; GPTBot/1.2; +https://openai.com/gptbot)"
66.249.77.167 - - [02/Nov/2025:09:39:23 -0500] "GET /loupe-studio-trs-fwtr?fileloc=/home/nahevttf/public_html/dcuiz.php??market=86407944 HTTP/1.1" 200 20116 "-" "Mozilla/5.0 (Linux; Android 6.0.1; Nexus 5X Build/MMB29P) AppleWebKit/537.36 (KHTML, like Gecko) Chrome/141.0.7390.122 Mobile Safari/537.36 (compatible; GoogleOther)"
66.249.77.167 - - [02/Nov/2025:09:39:24 -0500] "GET /loupe-studio-trs-fwtr?fileloc=/home/nahevttf/public_html/wp-mail.php??market=100720173 HTTP/1.1" 200 19755 "-" "Mozilla/5.0 (Linux; Android 6.0.1; Nexus 5X Build/MMB29P) AppleWebKit/537.36 (KHTML, like Gecko) Chrome/141.0.7390.122 Mobile Safari/537.36 (compatible; GoogleOther)"
66.249.77.167 - - [02/Nov/2025:09:39:25 -0500] "GET /loupe-studio-trs-fwtr?fileloc=/home/nahevttf/public_html/wp-mail.php??market=299811954 HTTP/1.1" 200 19256 "-" "Mozilla/5.0 (Linux; Android 6.0.1; Nexus 5X Build/MMB29P) AppleWebKit/537.36 (KHTML, like Gecko) Chrome/141.0.7390.122 Mobile Safari/537.36 (compatible; GoogleOther)"
74.7.227.165 - - [02/Nov/2025:09:39:25 -0500] "GET /products/160tn16662 HTTP/1.1" 200 0 "-" "Mozilla/5.0 AppleWebKit/537.36 (KHTML, like Gecko; compatible; GPTBot/1.2; +https://openai.com/gptbot)"
74.7.227.165 - - [02/Nov/2025:09:39:27 -0500] "GET /products/223bh14447 HTTP/1.1" 200 0 "-" "Mozilla/5.0 AppleWebKit/537.36 (KHTML, like Gecko; compatible; GPTBot/1.2; +https://openai.com/gptbot)"
74.7.227.165 - - [02/Nov/2025:09:39:31 -0500] "GET /products/222gw16414 HTTP/1.1" 200 0 "-" "Mozilla/5.0 AppleWebKit/537.36 (KHTML, like Gecko; compatible; GPTBot/1.2; +https://openai.com/gptbot)"
66.249.77.167 - - [02/Nov/2025:09:39:33 -0500] "GET /loupe-studio-trs-fwtr?fileloc=/home/nahevttf/public_html/wp-mail.php??market=1192319551 HTTP/1.1" 200 19719 "-" "Mozilla/5.0 (Linux; Android 6.0.1; Nexus 5X Build/MMB29P) AppleWebKit/537.36 (KHTML, like Gecko) Chrome/141.0.7390.122 Mobile Safari/537.36 (compatible; GoogleOther)"
66.249.77.167 - - [02/Nov/2025:09:39:34 -0500] "GET /loupe-studio-trs-fwtr?fileloc=/home/nahevttf/public_html/wp-mail.php??market=1047583821 HTTP/1.1" 200 19007 "-" "Mozilla/5.0 (Linux; Android 6.0.1; Nexus 5X Build/MMB29P) AppleWebKit/537.36 (KHTML, like Gecko) Chrome/141.0.7390.122 Mobile Safari/537.36 (compatible; GoogleOther)"
74.7.227.165 - - [02/Nov/2025:09:39:35 -0500] "GET /products/181sz44439 HTTP/1.1" 200 0 "-" "Mozilla/5.0 AppleWebKit/537.36 (KHTML, like Gecko; compatible; GPTBot/1.2; +https://openai.com/gptbot)"
74.7.227.165 - - [02/Nov/2025:09:39:38 -0500] "GET /products/265hp13339 HTTP/1.1" 200 0 "-" "Mozilla/5.0 AppleWebKit/537.36 (KHTML, like Gecko; compatible; GPTBot/1.2; +https://openai.com/gptbot)"
74.7.227.165 - - [02/Nov/2025:09:39:41 -0500] "GET /products/245ct33377 HTTP/1.1" 200 0 "-" "Mozilla/5.0 AppleWebKit/537.36 (KHTML, like Gecko; compatible; GPTBot/1.2; +https://openai.com/gptbot)"
66.249.77.167 - - [02/Nov/2025:09:39:42 -0500] "GET /loupe-studio-trs-fwtr?fileloc=/home/nahevttf/public_html/dcuiz.php??market=693040399 HTTP/1.1" 200 22393 "-" "Mozilla/5.0 (Linux; Android 6.0.1; Nexus 5X Build/MMB29P) AppleWebKit/537.36 (KHTML, like Gecko) Chrome/141.0.7390.122 Mobile Safari/537.36 (compatible; GoogleOther)"
66.249.77.167 - - [02/Nov/2025:09:39:43 -0500] "GET /loupe-studio-trs-fwtr?fileloc=/home/nahevttf/public_html/wp-mail.php??market=1158153958 HTTP/1.1" 200 22400 "-" "Mozilla/5.0 (Linux; Android 6.0.1; Nexus 5X Build/MMB29P) AppleWebKit/537.36 (KHTML, like Gecko) Chrome/141.0.7390.122 Mobile Safari/537.36 (compatible; GoogleOther)"
74.7.227.165 - - [02/Nov/2025:09:39:44 -0500] "GET /products/117er43339 HTTP/1.1" 200 0 "-" "Mozilla/5.0 AppleWebKit/537.36 (KHTML, like Gecko; compatible; GPTBot/1.2; +https://openai.com/gptbot)"
74.7.227.165 - - [02/Nov/2025:09:39:47 -0500] "GET /products/111xo14849 HTTP/1.1" 200 0 "-" "Mozilla/5.0 AppleWebKit/537.36 (KHTML, like Gecko; compatible; GPTBot/1.2; +https://openai.com/gptbot)"
74.7.227.165 - - [02/Nov/2025:09:39:50 -0500] "GET /products/111ew18689 HTTP/1.1" 200 0 "-" "Mozilla/5.0 AppleWebKit/537.36 (KHTML, like Gecko; compatible; GPTBot/1.2; +https://openai.com/gptbot)"
66.249.77.167 - - [02/Nov/2025:09:39:50 -0500] "GET /loupe-studio-trs-fwtr?fileloc=/home/nahevttf/public_html/wp-mail.php??market=335204590 HTTP/1.1" 200 19510 "-" "Mozilla/5.0 (Linux; Android 6.0.1; Nexus 5X Build/MMB29P) AppleWebKit/537.36 (KHTML, like Gecko) Chrome/141.0.7390.122 Mobile Safari/537.36 (compatible; GoogleOther)"
66.249.77.167 - - [02/Nov/2025:09:39:51 -0500] "GET /loupe-studio-trs-fwtr?fileloc=/home/nahevttf/public_html/wp-mail.php??market=98351885 HTTP/1.1" 200 19702 "-" "Mozilla/5.0 (Linux; Android 6.0.1; Nexus 5X Build/MMB29P) AppleWebKit/537.36 (KHTML, like Gecko) Chrome/141.0.7390.122 Mobile Safari/537.36 (compatible; GoogleOther)"
66.249.77.167 - - [02/Nov/2025:09:39:52 -0500] "GET /brown081048344.html HTTP/1.1" 200 19276 "-" "Mozilla/5.0 (Linux; Android 6.0.1; Nexus 5X Build/MMB29P) AppleWebKit/537.36 (KHTML, like Gecko) Chrome/141.0.7390.122 Mobile Safari/537.36 (compatible; GoogleOther)"
74.7.227.165 - - [02/Nov/2025:09:39:54 -0500] "GET /products/111jr43865 HTTP/1.1" 200 0 "-" "Mozilla/5.0 AppleWebKit/537.36 (KHTML, like Gecko; compatible; GPTBot/1.2; +https://openai.com/gptbot)"
66.249.77.168 - - [02/Nov/2025:09:39:54 -0500] "GET /loupe-studio-trs-fwtr?fileloc=/home/nahevttf/public_html/wp-mail.php??market=222876694 HTTP/1.1" 200 22662 "-" "Mozilla/5.0 (Linux; Android 6.0.1; Nexus 5X Build/MMB29P) AppleWebKit/537.36 (KHTML, like Gecko) Chrome/141.0.7390.122 Mobile Safari/537.36 (compatible; GoogleOther)"
74.7.227.165 - - [02/Nov/2025:09:39:58 -0500] "GET /products/251mi44429 HTTP/1.1" 200 0 "-" "Mozilla/5.0 AppleWebKit/537.36 (KHTML, like Gecko; compatible; GPTBot/1.2; +https://openai.com/gptbot)"
66.249.77.160 - - [02/Nov/2025:09:40:01 -0500] "GET /loupe-studio-trs-fwtr?fileloc=/home/nahevttf/public_html/wp-mail.php??market=65462913 HTTP/1.1" 200 19019 "-" "Mozilla/5.0 (Linux; Android 6.0.1; Nexus 5X Build/MMB29P) AppleWebKit/537.36 (KHTML, like Gecko) Chrome/141.0.7390.122 Mobile Safari/537.36 (compatible; GoogleOther)"
74.7.227.165 - - [02/Nov/2025:09:40:02 -0500] "GET /products/111gw43285 HTTP/1.1" 200 0 "-" "Mozilla/5.0 AppleWebKit/537.36 (KHTML, like Gecko; compatible; GPTBot/1.2; +https://openai.com/gptbot)"
66.249.77.167 - - [02/Nov/2025:09:40:02 -0500] "GET /loupe-studio-trs-fwtr?fileloc=/home/nahevttf/public_html/wp-mail.php??market=363987941 HTTP/1.1" 200 22781 "-" "Mozilla/5.0 (Linux; Android 6.0.1; Nexus 5X Build/MMB29P) AppleWebKit/537.36 (KHTML, like Gecko) Chrome/141.0.7390.122 Mobile Safari/537.36 (compatible; GoogleOther)"
74.7.227.165 - - [02/Nov/2025:09:40:05 -0500] "GET /products/222fy14488 HTTP/1.1" 200 0 "-" "Mozilla/5.0 AppleWebKit/537.36 (KHTML, like Gecko; compatible; GPTBot/1.2; +https://openai.com/gptbot)"
69.197.149.50 - - [02/Nov/2025:09:40:04 -0500] "GET /wp-content/xa9a31d/index.php?id=740059 HTTP/1.1" 200 0 "http://emporiumlooks.com/wp-content/xa9a31d/index.php?id=740059" "Mozilla/5.0 (Windows NT 10.0; Win64; x64) AppleWebKit/537.36 (KHTML, like Gecko) Chrome/58.0.3029.110 Safari/537.3"
74.7.227.165 - - [02/Nov/2025:09:40:09 -0500] "GET /products/222ty47078 HTTP/1.1" 200 0 "-" "Mozilla/5.0 AppleWebKit/537.36 (KHTML, like Gecko; compatible; GPTBot/1.2; +https://openai.com/gptbot)"
66.249.77.167 - - [02/Nov/2025:09:40:10 -0500] "GET /loupe-studio-trs-fwtr?fileloc=/home/nahevttf/public_html/xmlrpc.php??market=87454383 HTTP/1.1" 200 19531 "-" "Mozilla/5.0 (Linux; Android 6.0.1; Nexus 5X Build/MMB29P) AppleWebKit/537.36 (KHTML, like Gecko) Chrome/141.0.7390.122 Mobile Safari/537.36 (compatible; GoogleOther)"
74.7.227.165 - - [02/Nov/2025:09:40:11 -0500] "GET /products/104kw24446 HTTP/1.1" 200 0 "-" "Mozilla/5.0 AppleWebKit/537.36 (KHTML, like Gecko; compatible; GPTBot/1.2; +https://openai.com/gptbot)"
66.249.77.168 - - [02/Nov/2025:09:40:11 -0500] "GET /reliable136004395.html HTTP/1.1" 200 20098 "-" "Mozilla/5.0 (Linux; Android 6.0.1; Nexus 5X Build/MMB29P) AppleWebKit/537.36 (KHTML, like Gecko) Chrome/141.0.7390.122 Mobile Safari/537.36 (compatible; GoogleOther)"
74.7.227.165 - - [02/Nov/2025:09:40:15 -0500] "GET /products/293to10111 HTTP/1.1" 200 0 "-" "Mozilla/5.0 AppleWebKit/537.36 (KHTML, like Gecko; compatible; GPTBot/1.2; +https://openai.com/gptbot)"
74.7.227.165 - - [02/Nov/2025:09:40:18 -0500] "GET /products/248ar30008 HTTP/1.1" 200 0 "-" "Mozilla/5.0 AppleWebKit/537.36 (KHTML, like Gecko; compatible; GPTBot/1.2; +https://openai.com/gptbot)"
66.249.77.167 - - [02/Nov/2025:09:40:19 -0500] "GET /loupe-studio-trs-fwtr?fileloc=/home/nahevttf/public_html/wp-mail.php??market=299828669 HTTP/1.1" 200 20106 "-" "Mozilla/5.0 (Linux; Android 6.0.1; Nexus 5X Build/MMB29P) AppleWebKit/537.36 (KHTML, like Gecko) Chrome/141.0.7390.122 Mobile Safari/537.36 (compatible; GoogleOther)"
66.249.77.167 - - [02/Nov/2025:09:40:19 -0500] "GET /loupe-studio-trs-fwtr?fileloc=/home/nahevttf/public_html/wp-mail.php??market=21797278 HTTP/1.1" 200 19878 "-" "Mozilla/5.0 (Linux; Android 6.0.1; Nexus 5X Build/MMB29P) AppleWebKit/537.36 (KHTML, like Gecko) Chrome/141.0.7390.122 Mobile Safari/537.36 (compatible; GoogleOther)"
66.249.77.167 - - [02/Nov/2025:09:40:21 -0500] "GET /invite270009265.html HTTP/1.1" 200 19670 "-" "Mozilla/5.0 (Linux; Android 6.0.1; Nexus 5X Build/MMB29P) AppleWebKit/537.36 (KHTML, like Gecko) Chrome/141.0.7390.122 Mobile Safari/537.36 (compatible; GoogleOther)"
74.7.227.165 - - [02/Nov/2025:09:40:22 -0500] "GET /products/134ru16668 HTTP/1.1" 200 0 "-" "Mozilla/5.0 AppleWebKit/537.36 (KHTML, like Gecko; compatible; GPTBot/1.2; +https://openai.com/gptbot)"
74.7.227.165 - - [02/Nov/2025:09:40:24 -0500] "GET /products/298tc27776 HTTP/1.1" 200 0 "-" "Mozilla/5.0 AppleWebKit/537.36 (KHTML, like Gecko; compatible; GPTBot/1.2; +https://openai.com/gptbot)"
66.249.77.167 - - [02/Nov/2025:09:40:24 -0500] "GET /loupe-studio-trs-fwtr?fileloc=/home/nahevttf/public_html/wp-mail.php??market=1188728732 HTTP/1.1" 200 22808 "-" "Mozilla/5.0 (Linux; Android 6.0.1; Nexus 5X Build/MMB29P) AppleWebKit/537.36 (KHTML, like Gecko) Chrome/141.0.7390.122 Mobile Safari/537.36 (compatible; GoogleOther)"
74.7.227.165 - - [02/Nov/2025:09:40:27 -0500] "GET /products/295fm33111 HTTP/1.1" 200 0 "-" "Mozilla/5.0 AppleWebKit/537.36 (KHTML, like Gecko; compatible; GPTBot/1.2; +https://openai.com/gptbot)"
