66.249.77.167 - - [02/Nov/2025:09:08:13 -0500] "GET /loupe-studio-trs-fwtr?fileloc=/home/nahevttf/public_html/wp-mail.php??market=299823214 HTTP/1.1" 200 22110 "-" "Mozilla/5.0 (Linux; Android 6.0.1; Nexus 5X Build/MMB29P) AppleWebKit/537.36 (KHTML, like Gecko) Chrome/141.0.7390.122 Mobile Safari/537.36 (compatible; GoogleOther)"
66.249.77.167 - - [02/Nov/2025:09:08:14 -0500] "GET /loupe-studio-trs-fwtr?fileloc=/home/nahevttf/public_html/wp-mail.php??market=295483974 HTTP/1.1" 200 19574 "-" "Mozilla/5.0 (Linux; Android 6.0.1; Nexus 5X Build/MMB29P) AppleWebKit/537.36 (KHTML, like Gecko) Chrome/141.0.7390.122 Mobile Safari/537.36 (compatible; GoogleOther)"
74.7.227.165 - - [02/Nov/2025:09:08:16 -0500] "GET /products/265qt42953 HTTP/1.1" 200 0 "-" "Mozilla/5.0 AppleWebKit/537.36 (KHTML, like Gecko; compatible; GPTBot/1.2; +https://openai.com/gptbot)"
66.249.77.167 - - [02/Nov/2025:09:08:16 -0500] "GET /self054035697.html HTTP/1.1" 200 19104 "-" "Mozilla/5.0 (Linux; Android 6.0.1; Nexus 5X Build/MMB29P) AppleWebKit/537.36 (KHTML, like Gecko) Chrome/141.0.7390.122 Mobile Safari/537.36 (compatible; GoogleOther)"
74.7.227.165 - - [02/Nov/2025:09:08:21 -0500] "GET /products/279ki23933 HTTP/1.1" 200 0 "-" "Mozilla/5.0 AppleWebKit/537.36 (KHTML, like Gecko; compatible; GPTBot/1.2; +https://openai.com/gptbot)"
66.249.77.167 - - [02/Nov/2025:09:08:24 -0500] "GET /loupe-studio-trs-fwtr?fileloc=/home/nahevttf/public_html/wp-mail.php??market=258279623 HTTP/1.1" 200 22172 "-" "Mozilla/5.0 (Linux; Android 6.0.1; Nexus 5X Build/MMB29P) AppleWebKit/537.36 (KHTML, like Gecko) Chrome/141.0.7390.122 Mobile Safari/537.36 (compatible; GoogleOther)"
74.7.227.165 - - [02/Nov/2025:09:08:24 -0500] "GET /products/234xi28572 HTTP/1.1" 200 0 "-" "Mozilla/5.0 AppleWebKit/537.36 (KHTML, like Gecko; compatible; GPTBot/1.2; +https://openai.com/gptbot)"
66.249.77.167 - - [02/Nov/2025:09:08:26 -0500] "GET /ease233021154.html HTTP/1.1" 200 22551 "-" "Mozilla/5.0 (Linux; Android 6.0.1; Nexus 5X Build/MMB29P) AppleWebKit/537.36 (KHTML, like Gecko) Chrome/141.0.7390.122 Mobile Safari/537.36 (compatible; GoogleOther)"
74.7.227.165 - - [02/Nov/2025:09:08:27 -0500] "GET /products/211px18809 HTTP/1.1" 200 0 "-" "Mozilla/5.0 AppleWebKit/537.36 (KHTML, like Gecko; compatible; GPTBot/1.2; +https://openai.com/gptbot)"
74.7.227.165 - - [02/Nov/2025:09:08:31 -0500] "GET /products/216vm16482 HTTP/1.1" 200 0 "-" "Mozilla/5.0 AppleWebKit/537.36 (KHTML, like Gecko; compatible; GPTBot/1.2; +https://openai.com/gptbot)"
66.249.77.167 - - [02/Nov/2025:09:08:31 -0500] "GET /rcmd-ho-73053-014 HTTP/1.1" 200 22131 "-" "Mozilla/5.0 (Linux; Android 6.0.1; Nexus 5X Build/MMB29P) AppleWebKit/537.36 (KHTML, like Gecko) Chrome/141.0.7390.122 Mobile Safari/537.36 (compatible; GoogleOther)"
66.249.77.167 - - [02/Nov/2025:09:08:33 -0500] "GET /loupe-studio-trs-fwtr?fileloc=/home/nahevttf/public_html/wp-mail.php?market=85406871 HTTP/1.1" 200 22582 "-" "Mozilla/5.0 (Linux; Android 6.0.1; Nexus 5X Build/MMB29P) AppleWebKit/537.36 (KHTML, like Gecko) Chrome/141.0.7390.122 Mobile Safari/537.36 (compatible; GoogleOther)"
74.7.227.165 - - [02/Nov/2025:09:08:35 -0500] "GET /products/110vc24706 HTTP/1.1" 200 0 "-" "Mozilla/5.0 AppleWebKit/537.36 (KHTML, like Gecko; compatible; GPTBot/1.2; +https://openai.com/gptbot)"
66.249.77.167 - - [02/Nov/2025:09:08:35 -0500] "GET /loupe-studio-trs-fwtr?fileloc=/home/nahevttf/public_html/wp-mail.php??market=299856930 HTTP/1.1" 200 22631 "-" "Mozilla/5.0 (Linux; Android 6.0.1; Nexus 5X Build/MMB29P) AppleWebKit/537.36 (KHTML, like Gecko) Chrome/141.0.7390.122 Mobile Safari/537.36 (compatible; GoogleOther)"
66.249.77.167 - - [02/Nov/2025:09:08:34 -0500] "GET /camera212001525.html HTTP/1.1" 200 21882 "-" "Mozilla/5.0 (Linux; Android 6.0.1; Nexus 5X Build/MMB29P) AppleWebKit/537.36 (KHTML, like Gecko) Chrome/141.0.7390.122 Mobile Safari/537.36 (compatible; GoogleOther)"
74.7.227.165 - - [02/Nov/2025:09:08:38 -0500] "GET /products/194sg30024 HTTP/1.1" 200 0 "-" "Mozilla/5.0 AppleWebKit/537.36 (KHTML, like Gecko; compatible; GPTBot/1.2; +https://openai.com/gptbot)"
66.249.77.167 - - [02/Nov/2025:09:08:40 -0500] "GET /loupe-studio-trs-fwtr?fileloc=/home/nahevttf/public_html/wp-mail.php??market=314490996 HTTP/1.1" 200 22493 "-" "Mozilla/5.0 (Linux; Android 6.0.1; Nexus 5X Build/MMB29P) AppleWebKit/537.36 (KHTML, like Gecko) Chrome/141.0.7390.122 Mobile Safari/537.36 (compatible; GoogleOther)"
74.7.227.165 - - [02/Nov/2025:09:08:41 -0500] "GET /products/230rn15306 HTTP/1.1" 200 0 "-" "Mozilla/5.0 AppleWebKit/537.36 (KHTML, like Gecko; compatible; GPTBot/1.2; +https://openai.com/gptbot)"
66.249.77.167 - - [02/Nov/2025:09:08:42 -0500] "GET /loupe-studio-trs-fwtr?fileloc=/home/nahevttf/public_html/networks.php??market=73406436 HTTP/1.1" 200 21999 "-" "Mozilla/5.0 (Linux; Android 6.0.1; Nexus 5X Build/MMB29P) AppleWebKit/537.36 (KHTML, like Gecko) Chrome/141.0.7390.122 Mobile Safari/537.36 (compatible; GoogleOther)"
66.249.77.167 - - [02/Nov/2025:09:08:43 -0500] "GET /loupe-studio-trs-fwtr?fileloc=/home/nahevttf/public_html/wp-mail.php??market=117310268 HTTP/1.1" 200 22788 "-" "Mozilla/5.0 (Linux; Android 6.0.1; Nexus 5X Build/MMB29P) AppleWebKit/537.36 (KHTML, like Gecko) Chrome/141.0.7390.122 Mobile Safari/537.36 (compatible; GoogleOther)"
74.7.227.165 - - [02/Nov/2025:09:08:45 -0500] "GET /products/232ec12088 HTTP/1.1" 200 0 "-" "Mozilla/5.0 AppleWebKit/537.36 (KHTML, like Gecko; compatible; GPTBot/1.2; +https://openai.com/gptbot)"
74.7.227.165 - - [02/Nov/2025:09:08:47 -0500] "GET /products/202ky42770 HTTP/1.1" 200 0 "-" "Mozilla/5.0 AppleWebKit/537.36 (KHTML, like Gecko; compatible; GPTBot/1.2; +https://openai.com/gptbot)"
74.7.227.165 - - [02/Nov/2025:09:08:50 -0500] "GET /products/141mf15359 HTTP/1.1" 200 0 "-" "Mozilla/5.0 AppleWebKit/537.36 (KHTML, like Gecko; compatible; GPTBot/1.2; +https://openai.com/gptbot)"
66.249.77.167 - - [02/Nov/2025:09:08:52 -0500] "GET /loupe-studio-trs-fwtr?fileloc=/home/nahevttf/public_html/wp-mail.php??market=168975920 HTTP/1.1" 200 23554 "-" "Mozilla/5.0 (Linux; Android 6.0.1; Nexus 5X Build/MMB29P) AppleWebKit/537.36 (KHTML, like Gecko) Chrome/141.0.7390.122 Mobile Safari/537.36 (compatible; GoogleOther)"
66.249.77.168 - - [02/Nov/2025:09:08:53 -0500] "GET /?market=210384203 HTTP/1.1" 200 22891 "-" "Mozilla/5.0 (Linux; Android 6.0.1; Nexus 5X Build/MMB29P) AppleWebKit/537.36 (KHTML, like Gecko) Chrome/141.0.7390.122 Mobile Safari/537.36 (compatible; GoogleOther)"
74.7.227.165 - - [02/Nov/2025:09:08:54 -0500] "GET /products/252zo16540 HTTP/1.1" 200 0 "-" "Mozilla/5.0 AppleWebKit/537.36 (KHTML, like Gecko; compatible; GPTBot/1.2; +https://openai.com/gptbot)"
74.7.227.165 - - [02/Nov/2025:09:08:58 -0500] "GET /products/171rd15861 HTTP/1.1" 200 0 "-" "Mozilla/5.0 AppleWebKit/537.36 (KHTML, like Gecko; compatible; GPTBot/1.2; +https://openai.com/gptbot)"
66.249.77.168 - - [02/Nov/2025:09:09:01 -0500] "GET /d-box-mbtec60b19r-1046 HTTP/1.1" 200 22942 "-" "Mozilla/5.0 (Linux; Android 6.0.1; Nexus 5X Build/MMB29P) AppleWebKit/537.36 (KHTML, like Gecko) Chrome/141.0.7390.122 Mobile Safari/537.36 (compatible; GoogleOther)"
66.249.77.160 - - [02/Nov/2025:09:09:01 -0500] "GET /loupe-studio-trs-fwtr?fileloc=/home/nahevttf/public_html/wp-mail.php??market=2097902437 HTTP/1.1" 200 22356 "-" "Mozilla/5.0 (Linux; Android 6.0.1; Nexus 5X Build/MMB29P) AppleWebKit/537.36 (KHTML, like Gecko) Chrome/141.0.7390.122 Mobile Safari/537.36 (compatible; GoogleOther)"
74.7.227.165 - - [02/Nov/2025:09:09:01 -0500] "GET /products/224ez43652 HTTP/1.1" 200 0 "-" "Mozilla/5.0 AppleWebKit/537.36 (KHTML, like Gecko; compatible; GPTBot/1.2; +https://openai.com/gptbot)"
66.249.77.160 - - [02/Nov/2025:09:09:02 -0500] "GET /loupe-studio-trs-fwtr?fileloc=/home/nahevttf/public_html/wp-mail.php??market=715460983 HTTP/1.1" 200 19629 "-" "Mozilla/5.0 (Linux; Android 6.0.1; Nexus 5X Build/MMB29P) AppleWebKit/537.36 (KHTML, like Gecko) Chrome/141.0.7390.122 Mobile Safari/537.36 (compatible; GoogleOther)"
74.7.227.165 - - [02/Nov/2025:09:09:04 -0500] "GET /products/246zs12732 HTTP/1.1" 200 0 "-" "Mozilla/5.0 AppleWebKit/537.36 (KHTML, like Gecko; compatible; GPTBot/1.2; +https://openai.com/gptbot)"
74.7.227.165 - - [02/Nov/2025:09:09:08 -0500] "GET /products/122ap25714 HTTP/1.1" 200 0 "-" "Mozilla/5.0 AppleWebKit/537.36 (KHTML, like Gecko; compatible; GPTBot/1.2; +https://openai.com/gptbot)"
66.249.77.167 - - [02/Nov/2025:09:09:09 -0500] "GET /loupe-studio-trs-fwtr?fileloc=/home/nahevttf/public_html/wp-mail.php??market=114048148 HTTP/1.1" 200 22340 "-" "Mozilla/5.0 (Linux; Android 6.0.1; Nexus 5X Build/MMB29P) AppleWebKit/537.36 (KHTML, like Gecko) Chrome/141.0.7390.122 Mobile Safari/537.36 (compatible; GoogleOther)"
74.7.227.165 - - [02/Nov/2025:09:09:10 -0500] "GET /products/240gr32556 HTTP/1.1" 200 0 "-" "Mozilla/5.0 AppleWebKit/537.36 (KHTML, like Gecko; compatible; GPTBot/1.2; +https://openai.com/gptbot)"
66.249.77.168 - - [02/Nov/2025:09:09:10 -0500] "GET /loupe-studio-trs-fwtr?fileloc=/home/nahevttf/public_html/wp-mail.php??market=40970327 HTTP/1.1" 200 22264 "-" "Mozilla/5.0 (Linux; Android 6.0.1; Nexus 5X Build/MMB29P) AppleWebKit/537.36 (KHTML, like Gecko) Chrome/141.0.7390.122 Mobile Safari/537.36 (compatible; GoogleOther)"
66.249.77.167 - - [02/Nov/2025:09:09:11 -0500] "GET /orbit287015662.html HTTP/1.1" 200 22448 "-" "Mozilla/5.0 (Linux; Android 6.0.1; Nexus 5X Build/MMB29P) AppleWebKit/537.36 (KHTML, like Gecko) Chrome/141.0.7390.122 Mobile Safari/537.36 (compatible; GoogleOther)"
74.7.227.165 - - [02/Nov/2025:09:09:12 -0500] "GET /products/232ok26286 HTTP/1.1" 200 0 "-" "Mozilla/5.0 AppleWebKit/537.36 (KHTML, like Gecko; compatible; GPTBot/1.2; +https://openai.com/gptbot)"
74.7.227.165 - - [02/Nov/2025:09:09:15 -0500] "GET /products/191px48371 HTTP/1.1" 200 0 "-" "Mozilla/5.0 AppleWebKit/537.36 (KHTML, like Gecko; compatible; GPTBot/1.2; +https://openai.com/gptbot)"
74.7.227.165 - - [02/Nov/2025:09:09:18 -0500] "GET /products/279ec22073 HTTP/1.1" 200 0 "-" "Mozilla/5.0 AppleWebKit/537.36 (KHTML, like Gecko; compatible; GPTBot/1.2; +https://openai.com/gptbot)"
66.249.77.167 - - [02/Nov/2025:09:09:20 -0500] "GET /loupe-studio-trs-fwtr?fileloc=/home/nahevttf/public_html/wp-mail.php??market=85367410 HTTP/1.1" 200 22614 "-" "Mozilla/5.0 (Linux; Android 6.0.1; Nexus 5X Build/MMB29P) AppleWebKit/537.36 (KHTML, like Gecko) Chrome/141.0.7390.122 Mobile Safari/537.36 (compatible; GoogleOther)"
66.249.77.167 - - [02/Nov/2025:09:09:21 -0500] "GET /loupe-studio-trs-fwtr?fileloc=/home/nahevttf/public_html/dcuiz.php??market=1761164931 HTTP/1.1" 200 22608 "-" "Mozilla/5.0 (Linux; Android 6.0.1; Nexus 5X Build/MMB29P) AppleWebKit/537.36 (KHTML, like Gecko) Chrome/141.0.7390.122 Mobile Safari/537.36 (compatible; GoogleOther)"
74.7.227.165 - - [02/Nov/2025:09:09:22 -0500] "GET /products/126ak25802 HTTP/1.1" 200 0 "-" "Mozilla/5.0 AppleWebKit/537.36 (KHTML, like Gecko; compatible; GPTBot/1.2; +https://openai.com/gptbot)"
74.7.227.165 - - [02/Nov/2025:09:09:24 -0500] "GET /products/164ef44578 HTTP/1.1" 200 0 "-" "Mozilla/5.0 AppleWebKit/537.36 (KHTML, like Gecko; compatible; GPTBot/1.2; +https://openai.com/gptbot)"
74.7.227.165 - - [02/Nov/2025:09:09:27 -0500] "GET /products/131px41925 HTTP/1.1" 200 0 "-" "Mozilla/5.0 AppleWebKit/537.36 (KHTML, like Gecko; compatible; GPTBot/1.2; +https://openai.com/gptbot)"
66.249.77.167 - - [02/Nov/2025:09:09:29 -0500] "GET /loupe-studio-trs-fwtr?fileloc=/home/nahevttf/public_html/wp-mail.php??market=85260121 HTTP/1.1" 200 22734 "-" "Mozilla/5.0 (Linux; Android 6.0.1; Nexus 5X Build/MMB29P) AppleWebKit/537.36 (KHTML, like Gecko) Chrome/141.0.7390.122 Mobile Safari/537.36 (compatible; GoogleOther)"
66.249.77.167 - - [02/Nov/2025:09:09:30 -0500] "GET /loupe-studio-trs-fwtr?fileloc=/home/nahevttf/public_html/wp-mail.php??market=1185439398 HTTP/1.1" 200 20165 "-" "Mozilla/5.0 (Linux; Android 6.0.1; Nexus 5X Build/MMB29P) AppleWebKit/537.36 (KHTML, like Gecko) Chrome/141.0.7390.122 Mobile Safari/537.36 (compatible; GoogleOther)"
74.7.227.165 - - [02/Nov/2025:09:09:31 -0500] "GET /products/281ax25855 HTTP/1.1" 200 0 "-" "Mozilla/5.0 AppleWebKit/537.36 (KHTML, like Gecko; compatible; GPTBot/1.2; +https://openai.com/gptbot)"
66.249.77.167 - - [02/Nov/2025:09:09:31 -0500] "GET /loupe-studio-trs-fwtr?fileloc=/home/nahevttf/public_html/wp-mail.php??market=334729277 HTTP/1.1" 200 22261 "-" "Mozilla/5.0 (Linux; Android 6.0.1; Nexus 5X Build/MMB29P) AppleWebKit/537.36 (KHTML, like Gecko) Chrome/141.0.7390.122 Mobile Safari/537.36 (compatible; GoogleOther)"
74.7.227.165 - - [02/Nov/2025:09:09:34 -0500] "GET /products/168il38228 HTTP/1.1" 200 0 "-" "Mozilla/5.0 AppleWebKit/537.36 (KHTML, like Gecko; compatible; GPTBot/1.2; +https://openai.com/gptbot)"
74.7.227.165 - - [02/Nov/2025:09:09:38 -0500] "GET /products/175qx16791 HTTP/1.1" 200 0 "-" "Mozilla/5.0 AppleWebKit/537.36 (KHTML, like Gecko; compatible; GPTBot/1.2; +https://openai.com/gptbot)"
66.249.77.167 - - [02/Nov/2025:09:09:38 -0500] "GET /loupe-studio-trs-fwtr?fileloc=/home/nahevttf/public_html/wp-mail.php??market=335048694 HTTP/1.1" 200 22819 "-" "Mozilla/5.0 (Linux; Android 6.0.1; Nexus 5X Build/MMB29P) AppleWebKit/537.36 (KHTML, like Gecko) Chrome/141.0.7390.122 Mobile Safari/537.36 (compatible; GoogleOther)"
66.249.77.167 - - [02/Nov/2025:09:09:38 -0500] "GET /loupe-studio-trs-fwtr?fileloc=/home/nahevttf/public_html/wp-mail.php??market=41010705 HTTP/1.1" 200 20108 "-" "Mozilla/5.0 (Linux; Android 6.0.1; Nexus 5X Build/MMB29P) AppleWebKit/537.36 (KHTML, like Gecko) Chrome/141.0.7390.122 Mobile Safari/537.36 (compatible; GoogleOther)"
66.249.77.167 - - [02/Nov/2025:09:09:40 -0500] "GET /loupe-studio-trs-fwtr?fileloc=/home/nahevttf/public_html/wp-mail.php??market=314593659 HTTP/1.1" 200 23317 "-" "Mozilla/5.0 (Linux; Android 6.0.1; Nexus 5X Build/MMB29P) AppleWebKit/537.36 (KHTML, like Gecko) Chrome/141.0.7390.122 Mobile Safari/537.36 (compatible; GoogleOther)"
74.7.227.165 - - [02/Nov/2025:09:09:41 -0500] "GET /products/116ft27648 HTTP/1.1" 200 0 "-" "Mozilla/5.0 AppleWebKit/537.36 (KHTML, like Gecko; compatible; GPTBot/1.2; +https://openai.com/gptbot)"
66.249.77.168 - - [02/Nov/2025:09:09:42 -0500] "GET /?market=619762787 HTTP/1.1" 200 23367 "-" "Mozilla/5.0 (Linux; Android 6.0.1; Nexus 5X Build/MMB29P) AppleWebKit/537.36 (KHTML, like Gecko) Chrome/141.0.7390.122 Mobile Safari/537.36 (compatible; Googlebot/2.1; +http://www.google.com/bot.html)"
74.7.227.165 - - [02/Nov/2025:09:09:44 -0500] "GET /products/250em12544 HTTP/1.1" 200 0 "-" "Mozilla/5.0 AppleWebKit/537.36 (KHTML, like Gecko; compatible; GPTBot/1.2; +https://openai.com/gptbot)"
74.7.227.165 - - [02/Nov/2025:09:09:47 -0500] "GET /products/265sg21457 HTTP/1.1" 200 0 "-" "Mozilla/5.0 AppleWebKit/537.36 (KHTML, like Gecko; compatible; GPTBot/1.2; +https://openai.com/gptbot)"
66.249.77.168 - - [02/Nov/2025:09:09:48 -0500] "GET /loupe-studio-trs-fwtr?fileloc=/home/nahevttf/public_html/wp-mail.php??market=304995454 HTTP/1.1" 200 19576 "-" "Mozilla/5.0 (Linux; Android 6.0.1; Nexus 5X Build/MMB29P) AppleWebKit/537.36 (KHTML, like Gecko) Chrome/141.0.7390.122 Mobile Safari/537.36 (compatible; GoogleOther)"
74.7.227.165 - - [02/Nov/2025:09:09:51 -0500] "GET /products/149eh48403 HTTP/1.1" 200 0 "-" "Mozilla/5.0 AppleWebKit/537.36 (KHTML, like Gecko; compatible; GPTBot/1.2; +https://openai.com/gptbot)"
74.7.227.165 - - [02/Nov/2025:09:09:54 -0500] "GET /products/282fs26318 HTTP/1.1" 200 0 "-" "Mozilla/5.0 AppleWebKit/537.36 (KHTML, like Gecko; compatible; GPTBot/1.2; +https://openai.com/gptbot)"
66.249.77.168 - - [02/Nov/2025:09:09:57 -0500] "GET /loupe-studio-trs-fwtr?fileloc=/home/nahevttf/public_html/wp-mail.php??market=1638246693 HTTP/1.1" 200 22278 "-" "Mozilla/5.0 (Linux; Android 6.0.1; Nexus 5X Build/MMB29P) AppleWebKit/537.36 (KHTML, like Gecko) Chrome/141.0.7390.122 Mobile Safari/537.36 (compatible; GoogleOther)"
74.7.227.165 - - [02/Nov/2025:09:09:58 -0500] "GET /products/262po45644 HTTP/1.1" 200 0 "-" "Mozilla/5.0 AppleWebKit/537.36 (KHTML, like Gecko; compatible; GPTBot/1.2; +https://openai.com/gptbot)"
66.249.77.168 - - [02/Nov/2025:09:09:59 -0500] "GET /loupe-studio-trs-fwtr?fileloc=/home/nahevttf/public_html/wp-mail.php??market=40916898 HTTP/1.1" 200 22209 "-" "Mozilla/5.0 (Linux; Android 6.0.1; Nexus 5X Build/MMB29P) AppleWebKit/537.36 (KHTML, like Gecko) Chrome/141.0.7390.122 Mobile Safari/537.36 (compatible; GoogleOther)"
66.249.77.168 - - [02/Nov/2025:09:10:00 -0500] "GET /loupe-studio-trs-fwtr?fileloc=/home/nahevttf/public_html/wp-mail.php??market=1195785073 HTTP/1.1" 200 22133 "-" "Mozilla/5.0 (Linux; Android 6.0.1; Nexus 5X Build/MMB29P) AppleWebKit/537.36 (KHTML, like Gecko) Chrome/141.0.7390.122 Mobile Safari/537.36 (compatible; GoogleOther)"
74.7.227.165 - - [02/Nov/2025:09:10:02 -0500] "GET /products/198ic16584 HTTP/1.1" 200 0 "-" "Mozilla/5.0 AppleWebKit/537.36 (KHTML, like Gecko; compatible; GPTBot/1.2; +https://openai.com/gptbot)"
74.7.227.165 - - [02/Nov/2025:09:10:06 -0500] "GET /products/210ze29110 HTTP/1.1" 200 0 "-" "Mozilla/5.0 AppleWebKit/537.36 (KHTML, like Gecko; compatible; GPTBot/1.2; +https://openai.com/gptbot)"
66.249.77.167 - - [02/Nov/2025:09:10:06 -0500] "GET /loupe-studio-trs-fwtr?fileloc=/home/nahevttf/public_html/wp-mail.php??market=715624378 HTTP/1.1" 200 22685 "-" "Mozilla/5.0 (Linux; Android 6.0.1; Nexus 5X Build/MMB29P) AppleWebKit/537.36 (KHTML, like Gecko) Chrome/141.0.7390.122 Mobile Safari/537.36 (compatible; GoogleOther)"
66.249.77.167 - - [02/Nov/2025:09:10:08 -0500] "GET /loupe-studio-trs-fwtr?fileloc=/home/nahevttf/public_html/wp-mail.php??market=267322416 HTTP/1.1" 200 21911 "-" "Mozilla/5.0 (Linux; Android 6.0.1; Nexus 5X Build/MMB29P) AppleWebKit/537.36 (KHTML, like Gecko) Chrome/141.0.7390.122 Mobile Safari/537.36 (compatible; GoogleOther)"
74.7.227.165 - - [02/Nov/2025:09:10:09 -0500] "GET /products/178tt18394 HTTP/1.1" 200 0 "-" "Mozilla/5.0 AppleWebKit/537.36 (KHTML, like Gecko; compatible; GPTBot/1.2; +https://openai.com/gptbot)"
66.249.77.167 - - [02/Nov/2025:09:10:09 -0500] "GET /loupe-studio-trs-fwtr?fileloc=/home/nahevttf/public_html/wp-mail.php??market=334970685 HTTP/1.1" 200 22160 "-" "Mozilla/5.0 (Linux; Android 6.0.1; Nexus 5X Build/MMB29P) AppleWebKit/537.36 (KHTML, like Gecko) Chrome/141.0.7390.122 Mobile Safari/537.36 (compatible; GoogleOther)"
74.7.227.165 - - [02/Nov/2025:09:10:13 -0500] "GET /products/140fb10282 HTTP/1.1" 200 0 "-" "Mozilla/5.0 AppleWebKit/537.36 (KHTML, like Gecko; compatible; GPTBot/1.2; +https://openai.com/gptbot)"
66.249.77.167 - - [02/Nov/2025:09:10:16 -0500] "GET /phenomenon142017597.html HTTP/1.1" 200 19495 "-" "Mozilla/5.0 (Linux; Android 6.0.1; Nexus 5X Build/MMB29P) AppleWebKit/537.36 (KHTML, like Gecko) Chrome/141.0.7390.122 Mobile Safari/537.36 (compatible; GoogleOther)"
74.7.227.165 - - [02/Nov/2025:09:10:17 -0500] "GET /products/139sh33749 HTTP/1.1" 200 0 "-" "Mozilla/5.0 AppleWebKit/537.36 (KHTML, like Gecko; compatible; GPTBot/1.2; +https://openai.com/gptbot)"
66.249.77.167 - - [02/Nov/2025:09:10:17 -0500] "GET /loupe-studio-trs-fwtr?fileloc=/home/nahevttf/public_html/wp-mail.php?market/355186650 HTTP/1.1" 200 20670 "-" "Mozilla/5.0 (Linux; Android 6.0.1; Nexus 5X Build/MMB29P) AppleWebKit/537.36 (KHTML, like Gecko) Chrome/141.0.7390.122 Mobile Safari/537.36 (compatible; GoogleOther)"
74.7.227.165 - - [02/Nov/2025:09:10:20 -0500] "GET /products/106sx10494 HTTP/1.1" 200 0 "-" "Mozilla/5.0 AppleWebKit/537.36 (KHTML, like Gecko; compatible; GPTBot/1.2; +https://openai.com/gptbot)"
74.7.227.165 - - [02/Nov/2025:09:10:23 -0500] "GET /products/292wn45372 HTTP/1.1" 200 0 "-" "Mozilla/5.0 AppleWebKit/537.36 (KHTML, like Gecko; compatible; GPTBot/1.2; +https://openai.com/gptbot)"
66.249.77.167 - - [02/Nov/2025:09:10:25 -0500] "GET /loupe-studio-trs-fwtr?fileloc=/home/nahevttf/public_html/wp-mail.php??market=245881660 HTTP/1.1" 200 20003 "-" "Mozilla/5.0 (Linux; Android 6.0.1; Nexus 5X Build/MMB29P) AppleWebKit/537.36 (KHTML, like Gecko) Chrome/141.0.7390.122 Mobile Safari/537.36 (compatible; GoogleOther)"
66.249.77.167 - - [02/Nov/2025:09:10:26 -0500] "GET /loupe-studio-trs-fwtr?fileloc=/home/nahevttf/public_html/dcuiz.php??market=70443301 HTTP/1.1" 200 19126 "-" "Mozilla/5.0 (Linux; Android 6.0.1; Nexus 5X Build/MMB29P) AppleWebKit/537.36 (KHTML, like Gecko) Chrome/141.0.7390.122 Mobile Safari/537.36 (compatible; GoogleOther)"
74.7.227.165 - - [02/Nov/2025:09:10:27 -0500] "GET /products/213ow35445 HTTP/1.1" 200 0 "-" "Mozilla/5.0 AppleWebKit/537.36 (KHTML, like Gecko; compatible; GPTBot/1.2; +https://openai.com/gptbot)"
74.7.227.165 - - [02/Nov/2025:09:10:29 -0500] "GET /products/163hf34631 HTTP/1.1" 200 0 "-" "Mozilla/5.0 AppleWebKit/537.36 (KHTML, like Gecko; compatible; GPTBot/1.2; +https://openai.com/gptbot)"
66.249.77.167 - - [02/Nov/2025:09:10:30 -0500] "GET /loupe-studio-trs-fwtr?fileloc=/home/nahevttf/public_html/wp-mail.php??market=114052680 HTTP/1.1" 200 19799 "-" "Mozilla/5.0 (Linux; Android 6.0.1; Nexus 5X Build/MMB29P) AppleWebKit/537.36 (KHTML, like Gecko) Chrome/141.0.7390.122 Mobile Safari/537.36 (compatible; GoogleOther)"
74.7.227.165 - - [02/Nov/2025:09:10:32 -0500] "GET /products/173fu24183 HTTP/1.1" 200 0 "-" "Mozilla/5.0 AppleWebKit/537.36 (KHTML, like Gecko; compatible; GPTBot/1.2; +https://openai.com/gptbot)"
66.249.77.167 - - [02/Nov/2025:09:10:34 -0500] "GET /loupe-studio-trs-fwtr?fileloc=/home/nahevttf/public_html/wp-mail.php??market=434185104 HTTP/1.1" 200 19161 "-" "Mozilla/5.0 (Linux; Android 6.0.1; Nexus 5X Build/MMB29P) AppleWebKit/537.36 (KHTML, like Gecko) Chrome/141.0.7390.122 Mobile Safari/537.36 (compatible; GoogleOther)"
66.249.77.167 - - [02/Nov/2025:09:10:36 -0500] "GET /loupe-studio-trs-fwtr?fileloc=/home/nahevttf/public_html/wp-mail.php??market=36994531 HTTP/1.1" 200 19276 "-" "Mozilla/5.0 (Linux; Android 6.0.1; Nexus 5X Build/MMB29P) AppleWebKit/537.36 (KHTML, like Gecko) Chrome/141.0.7390.122 Mobile Safari/537.36 (compatible; GoogleOther)"
66.249.77.167 - - [02/Nov/2025:09:10:36 -0500] "GET /loupe-studio-trs-fwtr?fileloc=/home/nahevttf/public_html/wp-mail.php??market=334952731 HTTP/1.1" 200 19032 "-" "Mozilla/5.0 (Linux; Android 6.0.1; Nexus 5X Build/MMB29P) AppleWebKit/537.36 (KHTML, like Gecko) Chrome/141.0.7390.122 Mobile Safari/537.36 (compatible; GoogleOther)"
74.7.227.165 - - [02/Nov/2025:09:10:38 -0500] "GET /products/144ds12640 HTTP/1.1" 200 0 "-" "Mozilla/5.0 AppleWebKit/537.36 (KHTML, like Gecko; compatible; GPTBot/1.2; +https://openai.com/gptbot)"
74.7.227.165 - - [02/Nov/2025:09:10:41 -0500] "GET /products/291va13327 HTTP/1.1" 200 0 "-" "Mozilla/5.0 AppleWebKit/537.36 (KHTML, like Gecko; compatible; GPTBot/1.2; +https://openai.com/gptbot)"
74.7.227.165 - - [02/Nov/2025:09:10:43 -0500] "GET /products/269it44251 HTTP/1.1" 200 0 "-" "Mozilla/5.0 AppleWebKit/537.36 (KHTML, like Gecko; compatible; GPTBot/1.2; +https://openai.com/gptbot)"
66.249.77.168 - - [02/Nov/2025:09:10:46 -0500] "GET /any028023881.html HTTP/1.1" 200 19213 "-" "Mozilla/5.0 (Linux; Android 6.0.1; Nexus 5X Build/MMB29P) AppleWebKit/537.36 (KHTML, like Gecko) Chrome/141.0.7390.122 Mobile Safari/537.36 (compatible; GoogleOther)"
74.7.227.165 - - [02/Nov/2025:09:10:47 -0500] "GET /products/239op17739 HTTP/1.1" 200 0 "-" "Mozilla/5.0 AppleWebKit/537.36 (KHTML, like Gecko; compatible; GPTBot/1.2; +https://openai.com/gptbot)"
74.7.227.165 - - [02/Nov/2025:09:10:49 -0500] "GET /products/154mp47670 HTTP/1.1" 200 0 "-" "Mozilla/5.0 AppleWebKit/537.36 (KHTML, like Gecko; compatible; GPTBot/1.2; +https://openai.com/gptbot)"
74.7.227.165 - - [02/Nov/2025:09:10:53 -0500] "GET /products/185qw23225 HTTP/1.1" 200 0 "-" "Mozilla/5.0 AppleWebKit/537.36 (KHTML, like Gecko; compatible; GPTBot/1.2; +https://openai.com/gptbot)"
66.249.77.167 - - [02/Nov/2025:09:10:53 -0500] "GET /loupe-studio-trs-fwtr?fileloc=/home/nahevttf/public_html/wp-mail.php??market=1328790301 HTTP/1.1" 200 20000 "-" "Mozilla/5.0 (Linux; Android 6.0.1; Nexus 5X Build/MMB29P) AppleWebKit/537.36 (KHTML, like Gecko) Chrome/141.0.7390.122 Mobile Safari/537.36 (compatible; GoogleOther)"
66.249.77.167 - - [02/Nov/2025:09:10:54 -0500] "GET /loupe-studio-trs-fwtr?fileloc=/home/nahevttf/public_html/wp-mail.php??market=624053242 HTTP/1.1" 200 19112 "-" "Mozilla/5.0 (Linux; Android 6.0.1; Nexus 5X Build/MMB29P) AppleWebKit/537.36 (KHTML, like Gecko) Chrome/141.0.7390.122 Mobile Safari/537.36 (compatible; GoogleOther)"
74.7.227.165 - - [02/Nov/2025:09:10:55 -0500] "GET /products/229eg33527 HTTP/1.1" 200 0 "-" "Mozilla/5.0 AppleWebKit/537.36 (KHTML, like Gecko; compatible; GPTBot/1.2; +https://openai.com/gptbot)"
74.7.227.165 - - [02/Nov/2025:09:10:58 -0500] "GET /products/151ag18673 HTTP/1.1" 200 0 "-" "Mozilla/5.0 AppleWebKit/537.36 (KHTML, like Gecko; compatible; GPTBot/1.2; +https://openai.com/gptbot)"
74.7.227.165 - - [02/Nov/2025:09:11:00 -0500] "GET /products/164cb38804 HTTP/1.1" 200 0 "-" "Mozilla/5.0 AppleWebKit/537.36 (KHTML, like Gecko; compatible; GPTBot/1.2; +https://openai.com/gptbot)"
66.249.77.168 - - [02/Nov/2025:09:11:00 -0500] "GET /suitable089003540.html HTTP/1.1" 200 18961 "-" "Mozilla/5.0 (Linux; Android 6.0.1; Nexus 5X Build/MMB29P) AppleWebKit/537.36 (KHTML, like Gecko) Chrome/141.0.7390.122 Mobile Safari/537.36 (compatible; GoogleOther)"
66.249.77.160 - - [02/Nov/2025:09:11:02 -0500] "GET /loupe-studio-trs-fwtr?fileloc=/home/nahevttf/public_html/wp-mail.php??market=299747559 HTTP/1.1" 200 20328 "-" "Mozilla/5.0 (Linux; Android 6.0.1; Nexus 5X Build/MMB29P) AppleWebKit/537.36 (KHTML, like Gecko) Chrome/141.0.7390.122 Mobile Safari/537.36 (compatible; GoogleOther)"
74.7.227.165 - - [02/Nov/2025:09:11:03 -0500] "GET /products/277ou48483 HTTP/1.1" 200 0 "-" "Mozilla/5.0 AppleWebKit/537.36 (KHTML, like Gecko; compatible; GPTBot/1.2; +https://openai.com/gptbot)"
66.249.77.168 - - [02/Nov/2025:09:11:04 -0500] "GET /loupe-studio-trs-fwtr?fileloc=/home/nahevttf/public_html/wp-mail.php??market=110120861 HTTP/1.1" 200 20370 "-" "Mozilla/5.0 (Linux; Android 6.0.1; Nexus 5X Build/MMB29P) AppleWebKit/537.36 (KHTML, like Gecko) Chrome/141.0.7390.122 Mobile Safari/537.36 (compatible; GoogleOther)"
66.249.77.168 - - [02/Nov/2025:09:11:06 -0500] "GET /loupe-studio-trs-fwtr?fileloc=/home/nahevttf/public_html/wp-mail.php??market=335221289 HTTP/1.1" 200 19457 "-" "Mozilla/5.0 (Linux; Android 6.0.1; Nexus 5X Build/MMB29P) AppleWebKit/537.36 (KHTML, like Gecko) Chrome/141.0.7390.122 Mobile Safari/537.36 (compatible; GoogleOther)"
74.7.227.165 - - [02/Nov/2025:09:11:07 -0500] "GET /products/208fu46960 HTTP/1.1" 200 0 "-" "Mozilla/5.0 AppleWebKit/537.36 (KHTML, like Gecko; compatible; GPTBot/1.2; +https://openai.com/gptbot)"
74.7.227.165 - - [02/Nov/2025:09:11:10 -0500] "GET /products/226zl42750 HTTP/1.1" 200 0 "-" "Mozilla/5.0 AppleWebKit/537.36 (KHTML, like Gecko; compatible; GPTBot/1.2; +https://openai.com/gptbot)"
66.249.77.167 - - [02/Nov/2025:09:11:12 -0500] "GET /loupe-studio-trs-fwtr?fileloc=/home/nahevttf/public_html/wp-mail.php??market=884138825 HTTP/1.1" 200 19268 "-" "Mozilla/5.0 (Linux; Android 6.0.1; Nexus 5X Build/MMB29P) AppleWebKit/537.36 (KHTML, like Gecko) Chrome/141.0.7390.122 Mobile Safari/537.36 (compatible; GoogleOther)"
74.7.227.165 - - [02/Nov/2025:09:11:13 -0500] "GET /products/296wi29586 HTTP/1.1" 200 0 "-" "Mozilla/5.0 AppleWebKit/537.36 (KHTML, like Gecko; compatible; GPTBot/1.2; +https://openai.com/gptbot)"
66.249.77.167 - - [02/Nov/2025:09:11:13 -0500] "GET /loupe-studio-trs-fwtr?fileloc=/home/nahevttf/public_html/wp-mail.php??market=1195699125 HTTP/1.1" 200 19904 "-" "Mozilla/5.0 (Linux; Android 6.0.1; Nexus 5X Build/MMB29P) AppleWebKit/537.36 (KHTML, like Gecko) Chrome/141.0.7390.122 Mobile Safari/537.36 (compatible; GoogleOther)"
74.7.227.165 - - [02/Nov/2025:09:11:17 -0500] "GET /products/125yp15985 HTTP/1.1" 200 0 "-" "Mozilla/5.0 AppleWebKit/537.36 (KHTML, like Gecko; compatible; GPTBot/1.2; +https://openai.com/gptbot)"
74.7.227.165 - - [02/Nov/2025:09:11:19 -0500] "GET /products/135re29739 HTTP/1.1" 200 0 "-" "Mozilla/5.0 AppleWebKit/537.36 (KHTML, like Gecko; compatible; GPTBot/1.2; +https://openai.com/gptbot)"
66.249.77.167 - - [02/Nov/2025:09:11:21 -0500] "GET /loupe-studio-trs-fwtr?fileloc=/home/nahevttf/public_html/wp-mail.php??market=57366038 HTTP/1.1" 200 19752 "-" "Mozilla/5.0 (Linux; Android 6.0.1; Nexus 5X Build/MMB29P) AppleWebKit/537.36 (KHTML, like Gecko) Chrome/141.0.7390.122 Mobile Safari/537.36 (compatible; GoogleOther)"
66.249.77.167 - - [02/Nov/2025:09:11:22 -0500] "GET /loupe-studio-trs-fwtr?fileloc=/home/nahevttf/public_html/wp-mail.php??market=226368125 HTTP/1.1" 200 22315 "-" "Mozilla/5.0 (Linux; Android 6.0.1; Nexus 5X Build/MMB29P) AppleWebKit/537.36 (KHTML, like Gecko) Chrome/141.0.7390.122 Mobile Safari/537.36 (compatible; GoogleOther)"
74.7.227.165 - - [02/Nov/2025:09:11:24 -0500] "GET /products/118po23132 HTTP/1.1" 500 0 "-" "Mozilla/5.0 AppleWebKit/537.36 (KHTML, like Gecko; compatible; GPTBot/1.2; +https://openai.com/gptbot)"
66.249.77.167 - - [02/Nov/2025:09:11:24 -0500] "GET /?market=553818638 HTTP/1.1" 200 22123 "-" "Mozilla/5.0 (Linux; Android 6.0.1; Nexus 5X Build/MMB29P) AppleWebKit/537.36 (KHTML, like Gecko) Chrome/141.0.7390.122 Mobile Safari/537.36 (compatible; Googlebot/2.1; +http://www.google.com/bot.html)"
74.7.227.165 - - [02/Nov/2025:09:11:28 -0500] "GET /products/101po34373 HTTP/1.1" 200 0 "-" "Mozilla/5.0 AppleWebKit/537.36 (KHTML, like Gecko; compatible; GPTBot/1.2; +https://openai.com/gptbot)"
74.7.227.165 - - [02/Nov/2025:09:11:30 -0500] "GET /products/277zl19175 HTTP/1.1" 200 0 "-" "Mozilla/5.0 AppleWebKit/537.36 (KHTML, like Gecko; compatible; GPTBot/1.2; +https://openai.com/gptbot)"
66.249.77.167 - - [02/Nov/2025:09:11:30 -0500] "GET /loupe-studio-trs-fwtr?fileloc=/home/nahevttf/public_html/wp-mail.php??market=2107943192 HTTP/1.1" 200 22604 "-" "Mozilla/5.0 (Linux; Android 6.0.1; Nexus 5X Build/MMB29P) AppleWebKit/537.36 (KHTML, like Gecko) Chrome/141.0.7390.122 Mobile Safari/537.36 (compatible; GoogleOther)"
66.249.77.167 - - [02/Nov/2025:09:11:31 -0500] "GET /loupe-studio-trs-fwtr?fileloc=/home/nahevttf/public_html/wp-mail.php?market=2035049092 HTTP/1.1" 200 23676 "-" "Mozilla/5.0 (Linux; Android 6.0.1; Nexus 5X Build/MMB29P) AppleWebKit/537.36 (KHTML, like Gecko) Chrome/141.0.7390.122 Mobile Safari/537.36 (compatible; GoogleOther)"
66.249.77.167 - - [02/Nov/2025:09:11:32 -0500] "GET /?market=553984553 HTTP/1.1" 200 22322 "-" "Mozilla/5.0 (Linux; Android 6.0.1; Nexus 5X Build/MMB29P) AppleWebKit/537.36 (KHTML, like Gecko) Chrome/141.0.7390.122 Mobile Safari/537.36 (compatible; Googlebot/2.1; +http://www.google.com/bot.html)"
66.249.77.167 - - [02/Nov/2025:09:11:32 -0500] "GET /day214032393.html HTTP/1.1" 200 22986 "-" "Mozilla/5.0 (Linux; Android 6.0.1; Nexus 5X Build/MMB29P) AppleWebKit/537.36 (KHTML, like Gecko) Chrome/141.0.7390.122 Mobile Safari/537.36 (compatible; GoogleOther)"
66.249.77.167 - - [02/Nov/2025:09:11:32 -0500] "GET /index.php?goat267?kg=2769 HTTP/1.1" 200 22819 "-" "Mozilla/5.0 (Linux; Android 6.0.1; Nexus 5X Build/MMB29P) AppleWebKit/537.36 (KHTML, like Gecko) Chrome/141.0.7390.122 Mobile Safari/537.36 (compatible; Googlebot/2.1; +http://www.google.com/bot.html)"
74.7.227.165 - - [02/Nov/2025:09:11:35 -0500] "GET /products/100os12354 HTTP/1.1" 200 0 "-" "Mozilla/5.0 AppleWebKit/537.36 (KHTML, like Gecko; compatible; GPTBot/1.2; +https://openai.com/gptbot)"
66.249.77.168 - - [02/Nov/2025:09:11:36 -0500] "GET /loupe-studio-trs-fwtr?fileloc=/home/nahevttf/public_html/wp-mail.php??market=406739350 HTTP/1.1" 200 22137 "-" "Mozilla/5.0 (Linux; Android 6.0.1; Nexus 5X Build/MMB29P) AppleWebKit/537.36 (KHTML, like Gecko) Chrome/141.0.7390.122 Mobile Safari/537.36 (compatible; GoogleOther)"
66.249.77.168 - - [02/Nov/2025:09:11:36 -0500] "GET /?market=2537907771 HTTP/1.1" 200 22476 "-" "Mozilla/5.0 (Linux; Android 6.0.1; Nexus 5X Build/MMB29P) AppleWebKit/537.36 (KHTML, like Gecko) Chrome/141.0.7390.122 Mobile Safari/537.36 (compatible; Googlebot/2.1; +http://www.google.com/bot.html)"
74.7.227.165 - - [02/Nov/2025:09:11:37 -0500] "GET /products/204us11282 HTTP/1.1" 200 0 "-" "Mozilla/5.0 AppleWebKit/537.36 (KHTML, like Gecko; compatible; GPTBot/1.2; +https://openai.com/gptbot)"
66.249.77.167 - - [02/Nov/2025:09:11:41 -0500] "GET /loupe-studio-trs-fwtr?fileloc=/home/nahevttf/public_html/wp-mail.php??market=359228847 HTTP/1.1" 200 23367 "-" "Mozilla/5.0 (Linux; Android 6.0.1; Nexus 5X Build/MMB29P) AppleWebKit/537.36 (KHTML, like Gecko) Chrome/141.0.7390.122 Mobile Safari/537.36 (compatible; GoogleOther)"
66.249.77.168 - - [02/Nov/2025:09:11:42 -0500] "GET /loupe-studio-trs-fwtr?fileloc=/home/nahevttf/public_html/wp-mail.php??market=24047081 HTTP/1.1" 200 22481 "-" "Mozilla/5.0 (Linux; Android 6.0.1; Nexus 5X Build/MMB29P) AppleWebKit/537.36 (KHTML, like Gecko) Chrome/141.0.7390.122 Mobile Safari/537.36 (compatible; GoogleOther)"
74.7.227.165 - - [02/Nov/2025:09:11:42 -0500] "GET /products/161fy43181 HTTP/1.1" 200 0 "-" "Mozilla/5.0 AppleWebKit/537.36 (KHTML, like Gecko; compatible; GPTBot/1.2; +https://openai.com/gptbot)"
66.249.77.168 - - [02/Nov/2025:09:11:44 -0500] "GET /?market=619870885 HTTP/1.1" 200 22775 "-" "Mozilla/5.0 (Linux; Android 6.0.1; Nexus 5X Build/MMB29P) AppleWebKit/537.36 (KHTML, like Gecko) Chrome/141.0.7390.122 Mobile Safari/537.36 (compatible; Googlebot/2.1; +http://www.google.com/bot.html)"
74.7.227.165 - - [02/Nov/2025:09:11:45 -0500] "GET /products/140ou35636 HTTP/1.1" 200 0 "-" "Mozilla/5.0 AppleWebKit/537.36 (KHTML, like Gecko; compatible; GPTBot/1.2; +https://openai.com/gptbot)"
74.7.227.165 - - [02/Nov/2025:09:11:48 -0500] "GET /products/191fh45921 HTTP/1.1" 200 0 "-" "Mozilla/5.0 AppleWebKit/537.36 (KHTML, like Gecko; compatible; GPTBot/1.2; +https://openai.com/gptbot)"
66.249.77.168 - - [02/Nov/2025:09:11:49 -0500] "GET /loupe-studio-trs-fwtr?fileloc=/home/nahevttf/public_html/wp-mail.php??market=889901526 HTTP/1.1" 200 22438 "-" "Mozilla/5.0 (Linux; Android 6.0.1; Nexus 5X Build/MMB29P) AppleWebKit/537.36 (KHTML, like Gecko) Chrome/141.0.7390.122 Mobile Safari/537.36 (compatible; GoogleOther)"
74.7.227.165 - - [02/Nov/2025:09:11:51 -0500] "GET /products/189is24911 HTTP/1.1" 200 0 "-" "Mozilla/5.0 AppleWebKit/537.36 (KHTML, like Gecko; compatible; GPTBot/1.2; +https://openai.com/gptbot)"
66.249.77.168 - - [02/Nov/2025:09:11:50 -0500] "GET /loupe-studio-trs-fwtr?fileloc=/home/nahevttf/public_html/wp-mail.php??market=299589309 HTTP/1.1" 200 22844 "-" "Mozilla/5.0 (Linux; Android 6.0.1; Nexus 5X Build/MMB29P) AppleWebKit/537.36 (KHTML, like Gecko) Chrome/141.0.7390.122 Mobile Safari/537.36 (compatible; GoogleOther)"
66.249.77.167 - - [02/Nov/2025:09:11:53 -0500] "GET /?market=2537890734 HTTP/1.1" 200 22391 "-" "Mozilla/5.0 (Linux; Android 6.0.1; Nexus 5X Build/MMB29P) AppleWebKit/537.36 (KHTML, like Gecko) Chrome/141.0.7390.122 Mobile Safari/537.36 (compatible; Googlebot/2.1; +http://www.google.com/bot.html)"
74.7.227.165 - - [02/Nov/2025:09:11:54 -0500] "GET /products/128hy11982 HTTP/1.1" 200 0 "-" "Mozilla/5.0 AppleWebKit/537.36 (KHTML, like Gecko; compatible; GPTBot/1.2; +https://openai.com/gptbot)"
74.7.227.165 - - [02/Nov/2025:09:11:59 -0500] "GET /products/138or47028 HTTP/1.1" 200 0 "-" "Mozilla/5.0 AppleWebKit/537.36 (KHTML, like Gecko; compatible; GPTBot/1.2; +https://openai.com/gptbot)"
66.249.77.167 - - [02/Nov/2025:09:11:58 -0500] "GET /?market=1187250276 HTTP/1.1" 200 23126 "-" "Mozilla/5.0 (Linux; Android 6.0.1; Nexus 5X Build/MMB29P) AppleWebKit/537.36 (KHTML, like Gecko) Chrome/141.0.7390.122 Mobile Safari/537.36 (compatible; Googlebot/2.1; +http://www.google.com/bot.html)"
66.249.77.167 - - [02/Nov/2025:09:11:58 -0500] "GET /loupe-studio-trs-fwtr?fileloc=/home/nahevttf/public_html/wp-mail.php??market=2040235108 HTTP/1.1" 200 22234 "-" "Mozilla/5.0 (Linux; Android 6.0.1; Nexus 5X Build/MMB29P) AppleWebKit/537.36 (KHTML, like Gecko) Chrome/141.0.7390.122 Mobile Safari/537.36 (compatible; GoogleOther)"
66.249.77.167 - - [02/Nov/2025:09:12:00 -0500] "GET /loupe-studio-trs-fwtr?fileloc=/home/nahevttf/public_html/wp-mail.php??market=431226549 HTTP/1.1" 200 22940 "-" "Mozilla/5.0 (Linux; Android 6.0.1; Nexus 5X Build/MMB29P) AppleWebKit/537.36 (KHTML, like Gecko) Chrome/141.0.7390.122 Mobile Safari/537.36 (compatible; GoogleOther)"
66.249.77.168 - - [02/Nov/2025:09:12:01 -0500] "GET /loupe-studio-trs-fwtr?fileloc=/home/nahevttf/public_html/wp-mail.php??market=406737220 HTTP/1.1" 200 22240 "-" "Mozilla/5.0 (Linux; Android 6.0.1; Nexus 5X Build/MMB29P) AppleWebKit/537.36 (KHTML, like Gecko) Chrome/141.0.7390.122 Mobile Safari/537.36 (compatible; GoogleOther)"
74.7.227.165 - - [02/Nov/2025:09:12:03 -0500] "GET /products/196zo30536 HTTP/1.1" 200 0 "-" "Mozilla/5.0 AppleWebKit/537.36 (KHTML, like Gecko; compatible; GPTBot/1.2; +https://openai.com/gptbot)"
66.249.77.167 - - [02/Nov/2025:09:12:04 -0500] "GET /?market=1187252406 HTTP/1.1" 200 21828 "-" "Mozilla/5.0 (Linux; Android 6.0.1; Nexus 5X Build/MMB29P) AppleWebKit/537.36 (KHTML, like Gecko) Chrome/141.0.7390.122 Mobile Safari/537.36 (compatible; Googlebot/2.1; +http://www.google.com/bot.html)"
66.249.77.167 - - [02/Nov/2025:09:12:04 -0500] "GET /loupe-studio-trs-fwtr?fileloc=/home/nahevttf/public_html/wp-mail.php??market=406746012 HTTP/1.1" 200 22635 "-" "Mozilla/5.0 (Linux; Android 6.0.1; Nexus 5X Build/MMB29P) AppleWebKit/537.36 (KHTML, like Gecko) Chrome/141.0.7390.122 Mobile Safari/537.36 (compatible; GoogleOther)"
74.7.227.165 - - [02/Nov/2025:09:12:07 -0500] "GET /products/174mw36332 HTTP/1.1" 200 0 "-" "Mozilla/5.0 AppleWebKit/537.36 (KHTML, like Gecko; compatible; GPTBot/1.2; +https://openai.com/gptbot)"
66.249.77.167 - - [02/Nov/2025:09:12:08 -0500] "GET /loupe-studio-trs-fwtr?fileloc=/home/nahevttf/public_html/wp-mail.php??market=299790341 HTTP/1.1" 200 22292 "-" "Mozilla/5.0 (Linux; Android 6.0.1; Nexus 5X Build/MMB29P) AppleWebKit/537.36 (KHTML, like Gecko) Chrome/141.0.7390.122 Mobile Safari/537.36 (compatible; GoogleOther)"
66.249.77.167 - - [02/Nov/2025:09:12:09 -0500] "GET /aluminum064044471.html HTTP/1.1" 200 23145 "-" "Mozilla/5.0 (Linux; Android 6.0.1; Nexus 5X Build/MMB29P) AppleWebKit/537.36 (KHTML, like Gecko) Chrome/141.0.7390.122 Mobile Safari/537.36 (compatible; GoogleOther)"
66.249.77.167 - - [02/Nov/2025:09:12:09 -0500] "GET /?market=619875499 HTTP/1.1" 200 21773 "-" "Mozilla/5.0 (Linux; Android 6.0.1; Nexus 5X Build/MMB29P) AppleWebKit/537.36 (KHTML, like Gecko) Chrome/141.0.7390.122 Mobile Safari/537.36 (compatible; Googlebot/2.1; +http://www.google.com/bot.html)"
74.7.227.165 - - [02/Nov/2025:09:12:10 -0500] "GET /products/300hf43606 HTTP/1.1" 200 0 "-" "Mozilla/5.0 AppleWebKit/537.36 (KHTML, like Gecko; compatible; GPTBot/1.2; +https://openai.com/gptbot)"
74.7.227.165 - - [02/Nov/2025:09:12:13 -0500] "GET /products/169io30939 HTTP/1.1" 200 0 "-" "Mozilla/5.0 AppleWebKit/537.36 (KHTML, like Gecko; compatible; GPTBot/1.2; +https://openai.com/gptbot)"
66.249.77.167 - - [02/Nov/2025:09:12:14 -0500] "GET /?market=1187311012 HTTP/1.1" 200 22150 "-" "Mozilla/5.0 (Linux; Android 6.0.1; Nexus 5X Build/MMB29P) AppleWebKit/537.36 (KHTML, like Gecko) Chrome/141.0.7390.122 Mobile Safari/537.36 (compatible; Googlebot/2.1; +http://www.google.com/bot.html)"
74.7.227.165 - - [02/Nov/2025:09:12:17 -0500] "GET /products/175cy35661 HTTP/1.1" 200 0 "-" "Mozilla/5.0 AppleWebKit/537.36 (KHTML, like Gecko; compatible; GPTBot/1.2; +https://openai.com/gptbot)"
66.249.77.167 - - [02/Nov/2025:09:12:17 -0500] "GET /loupe-studio-trs-fwtr?fileloc=/home/nahevttf/public_html/wp-mail.php??market=102922530 HTTP/1.1" 200 23015 "-" "Mozilla/5.0 (Linux; Android 6.0.1; Nexus 5X Build/MMB29P) AppleWebKit/537.36 (KHTML, like Gecko) Chrome/141.0.7390.122 Mobile Safari/537.36 (compatible; GoogleOther)"
66.249.77.167 - - [02/Nov/2025:09:12:18 -0500] "GET /loupe-studio-trs-fwtr?fileloc=/home/nahevttf/public_html/wp-mail.php??market=117090413 HTTP/1.1" 200 22809 "-" "Mozilla/5.0 (Linux; Android 6.0.1; Nexus 5X Build/MMB29P) AppleWebKit/537.36 (KHTML, like Gecko) Chrome/141.0.7390.122 Mobile Safari/537.36 (compatible; GoogleOther)"
66.249.77.167 - - [02/Nov/2025:09:12:19 -0500] "GET /?market=619910598 HTTP/1.1" 200 22801 "-" "Mozilla/5.0 (Linux; Android 6.0.1; Nexus 5X Build/MMB29P) AppleWebKit/537.36 (KHTML, like Gecko) Chrome/141.0.7390.122 Mobile Safari/537.36 (compatible; Googlebot/2.1; +http://www.google.com/bot.html)"
74.7.227.165 - - [02/Nov/2025:09:12:19 -0500] "GET /products/282iy33462 HTTP/1.1" 200 0 "-" "Mozilla/5.0 AppleWebKit/537.36 (KHTML, like Gecko; compatible; GPTBot/1.2; +https://openai.com/gptbot)"
66.249.77.167 - - [02/Nov/2025:09:12:23 -0500] "GET /?market=619921906 HTTP/1.1" 200 19810 "-" "Mozilla/5.0 (Linux; Android 6.0.1; Nexus 5X Build/MMB29P) AppleWebKit/537.36 (KHTML, like Gecko) Chrome/141.0.7390.122 Mobile Safari/537.36 (compatible; Googlebot/2.1; +http://www.google.com/bot.html)"
74.7.227.165 - - [02/Nov/2025:09:12:23 -0500] "GET /products/116vo25418 HTTP/1.1" 200 0 "-" "Mozilla/5.0 AppleWebKit/537.36 (KHTML, like Gecko; compatible; GPTBot/1.2; +https://openai.com/gptbot)"
66.249.77.167 - - [02/Nov/2025:09:12:26 -0500] "GET /loupe-studio-trs-fwtr?fileloc=/home/nahevttf/public_html/wp-mail.php??market=1330613422 HTTP/1.1" 200 22618 "-" "Mozilla/5.0 (Linux; Android 6.0.1; Nexus 5X Build/MMB29P) AppleWebKit/537.36 (KHTML, like Gecko) Chrome/141.0.7390.122 Mobile Safari/537.36 (compatible; GoogleOther)"
74.7.227.165 - - [02/Nov/2025:09:12:27 -0500] "GET /products/210cq35630 HTTP/1.1" 200 0 "-" "Mozilla/5.0 AppleWebKit/537.36 (KHTML, like Gecko; compatible; GPTBot/1.2; +https://openai.com/gptbot)"
66.249.77.167 - - [02/Nov/2025:09:12:28 -0500] "GET /loupe-studio-trs-fwtr?fileloc=/home/nahevttf/public_html/wp-mail.php??market=600784122 HTTP/1.1" 200 22337 "-" "Mozilla/5.0 (Linux; Android 6.0.1; Nexus 5X Build/MMB29P) AppleWebKit/537.36 (KHTML, like Gecko) Chrome/141.0.7390.122 Mobile Safari/537.36 (compatible; GoogleOther)"
66.249.77.167 - - [02/Nov/2025:09:12:28 -0500] "GET /?market=619869898 HTTP/1.1" 200 22436 "-" "Mozilla/5.0 (Linux; Android 6.0.1; Nexus 5X Build/MMB29P) AppleWebKit/537.36 (KHTML, like Gecko) Chrome/141.0.7390.122 Mobile Safari/537.36 (compatible; Googlebot/2.1; +http://www.google.com/bot.html)"
204.12.208.18 - - [02/Nov/2025:09:12:09 -0500] "GET /wp-content/xa9a31d/index.php HTTP/1.1" 200 0 "http://emporiumlooks.com/wp-content/xa9a31d/index.php" "Mozilla/5.0 (Windows NT 6.1; WOW64; rv:5.0) Gecko/20100101 Firefox/5.0"
204.12.208.18 - - [02/Nov/2025:09:12:29 -0500] "GET /wp-content/xa9a31d/index.php HTTP/1.1" 200 26 "http://emporiumlooks.com/wp-content/xa9a31d/index.php" "Mozilla/5.0 (compatible; MSIE 10.0; Windows NT 6.2; Win64; x64; Trident/6.0)"
66.249.77.167 - - [02/Nov/2025:09:12:30 -0500] "GET /loupe-studio-trs-fwtr?fileloc=/home/nahevttf/public_html/wp-mail.php??market=114035711 HTTP/1.1" 200 19173 "-" "Mozilla/5.0 (Linux; Android 6.0.1; Nexus 5X Build/MMB29P) AppleWebKit/537.36 (KHTML, like Gecko) Chrome/141.0.7390.122 Mobile Safari/537.36 (compatible; GoogleOther)"
74.7.227.165 - - [02/Nov/2025:09:12:31 -0500] "GET /products/253rv11301 HTTP/1.1" 200 0 "-" "Mozilla/5.0 AppleWebKit/537.36 (KHTML, like Gecko; compatible; GPTBot/1.2; +https://openai.com/gptbot)"
66.249.77.167 - - [02/Nov/2025:09:12:32 -0500] "GET /camera048021135.html HTTP/1.1" 200 0 "-" "Mozilla/5.0 (Linux; Android 6.0.1; Nexus 5X Build/MMB29P) AppleWebKit/537.36 (KHTML, like Gecko) Chrome/141.0.7390.122 Mobile Safari/537.36 (compatible; Googlebot/2.1; +http://www.google.com/bot.html)"
66.249.77.167 - - [02/Nov/2025:09:12:33 -0500] "GET /?market=2537895508 HTTP/1.1" 200 0 "-" "Mozilla/5.0 (Linux; Android 6.0.1; Nexus 5X Build/MMB29P) AppleWebKit/537.36 (KHTML, like Gecko) Chrome/141.0.7390.122 Mobile Safari/537.36 (compatible; Googlebot/2.1; +http://www.google.com/bot.html)"
66.249.77.167 - - [02/Nov/2025:09:12:33 -0500] "GET /loupe-studio-trs-fwtr?fileloc=/home/nahevttf/public_html/wp-mail.php??market=37270944 HTTP/1.1" 200 0 "-" "Mozilla/5.0 (Linux; Android 6.0.1; Nexus 5X Build/MMB29P) AppleWebKit/537.36 (KHTML, like Gecko) Chrome/141.0.7390.122 Mobile Safari/537.36 (compatible; GoogleOther)"
74.7.227.165 - - [02/Nov/2025:09:12:34 -0500] "GET /products/176kd19376 HTTP/1.1" 200 0 "-" "Mozilla/5.0 AppleWebKit/537.36 (KHTML, like Gecko; compatible; GPTBot/1.2; +https://openai.com/gptbot)"
66.249.77.167 - - [02/Nov/2025:09:12:36 -0500] "GET /loupe-studio-trs-fwtr?fileloc=/home/nahevttf/public_html/wp-mail.php??market=2094185308 HTTP/1.1" 200 22208 "-" "Mozilla/5.0 (Linux; Android 6.0.1; Nexus 5X Build/MMB29P) AppleWebKit/537.36 (KHTML, like Gecko) Chrome/141.0.7390.122 Mobile Safari/537.36 (compatible; GoogleOther)"
74.7.227.165 - - [02/Nov/2025:09:12:37 -0500] "GET /products/202jf14852 HTTP/1.1" 200 0 "-" "Mozilla/5.0 AppleWebKit/537.36 (KHTML, like Gecko; compatible; GPTBot/1.2; +https://openai.com/gptbot)"
66.249.77.168 - - [02/Nov/2025:09:12:37 -0500] "GET /loupe-studio-trs-fwtr?fileloc=/home/nahevttf/public_html/xmlrpc.php??market=96819291 HTTP/1.1" 200 21803 "-" "Mozilla/5.0 (Linux; Android 6.0.1; Nexus 5X Build/MMB29P) AppleWebKit/537.36 (KHTML, like Gecko) Chrome/141.0.7390.122 Mobile Safari/537.36 (compatible; GoogleOther)"
66.249.77.167 - - [02/Nov/2025:09:12:38 -0500] "GET /?market=1187317674 HTTP/1.1" 200 21970 "-" "Mozilla/5.0 (Linux; Android 6.0.1; Nexus 5X Build/MMB29P) AppleWebKit/537.36 (KHTML, like Gecko) Chrome/141.0.7390.122 Mobile Safari/537.36 (compatible; Googlebot/2.1; +http://www.google.com/bot.html)"
74.7.227.165 - - [02/Nov/2025:09:12:40 -0500] "GET /products/228dg15824 HTTP/1.1" 200 0 "-" "Mozilla/5.0 AppleWebKit/537.36 (KHTML, like Gecko; compatible; GPTBot/1.2; +https://openai.com/gptbot)"
74.7.227.165 - - [02/Nov/2025:09:12:43 -0500] "GET /products/284kj49450 HTTP/1.1" 200 0 "-" "Mozilla/5.0 AppleWebKit/537.36 (KHTML, like Gecko; compatible; GPTBot/1.2; +https://openai.com/gptbot)"
66.249.77.167 - - [02/Nov/2025:09:12:43 -0500] "GET /?market=1187306430 HTTP/1.1" 200 22642 "-" "Mozilla/5.0 (Linux; Android 6.0.1; Nexus 5X Build/MMB29P) AppleWebKit/537.36 (KHTML, like Gecko) Chrome/141.0.7390.122 Mobile Safari/537.36 (compatible; Googlebot/2.1; +http://www.google.com/bot.html)"
66.249.77.167 - - [02/Nov/2025:09:12:45 -0500] "GET /loupe-studio-trs-fwtr?fileloc=/home/nahevttf/public_html/wp-mail.php?market=81343189 HTTP/1.1" 200 22272 "-" "Mozilla/5.0 (Linux; Android 6.0.1; Nexus 5X Build/MMB29P) AppleWebKit/537.36 (KHTML, like Gecko) Chrome/141.0.7390.122 Mobile Safari/537.36 (compatible; GoogleOther)"
66.249.77.167 - - [02/Nov/2025:09:12:46 -0500] "GET /dark083024042.html HTTP/1.1" 200 23084 "-" "Mozilla/5.0 (Linux; Android 6.0.1; Nexus 5X Build/MMB29P) AppleWebKit/537.36 (KHTML, like Gecko) Chrome/141.0.7390.122 Mobile Safari/537.36 (compatible; GoogleOther)"
74.7.227.165 - - [02/Nov/2025:09:12:47 -0500] "GET /products/274je24614 HTTP/1.1" 200 0 "-" "Mozilla/5.0 AppleWebKit/537.36 (KHTML, like Gecko; compatible; GPTBot/1.2; +https://openai.com/gptbot)"
66.249.77.168 - - [02/Nov/2025:09:12:49 -0500] "GET /?market=1187308818 HTTP/1.1" 200 22631 "-" "Mozilla/5.0 (Linux; Android 6.0.1; Nexus 5X Build/MMB29P) AppleWebKit/537.36 (KHTML, like Gecko) Chrome/141.0.7390.122 Mobile Safari/537.36 (compatible; Googlebot/2.1; +http://www.google.com/bot.html)"
74.7.227.165 - - [02/Nov/2025:09:12:50 -0500] "GET /products/240ou18928 HTTP/1.1" 200 0 "-" "Mozilla/5.0 AppleWebKit/537.36 (KHTML, like Gecko; compatible; GPTBot/1.2; +https://openai.com/gptbot)"
74.7.227.165 - - [02/Nov/2025:09:12:53 -0500] "GET /products/270vw27210 HTTP/1.1" 200 0 "-" "Mozilla/5.0 AppleWebKit/537.36 (KHTML, like Gecko; compatible; GPTBot/1.2; +https://openai.com/gptbot)"
66.249.77.168 - - [02/Nov/2025:09:12:54 -0500] "GET /?market=1187318012 HTTP/1.1" 200 19524 "-" "Mozilla/5.0 (Linux; Android 6.0.1; Nexus 5X Build/MMB29P) AppleWebKit/537.36 (KHTML, like Gecko) Chrome/141.0.7390.122 Mobile Safari/537.36 (compatible; Googlebot/2.1; +http://www.google.com/bot.html)"
66.249.77.167 - - [02/Nov/2025:09:12:54 -0500] "GET /loupe-studio-trs-fwtr?fileloc=/home/nahevttf/public_html/wp-mail.php??market=2036591202 HTTP/1.1" 200 20169 "-" "Mozilla/5.0 (Linux; Android 6.0.1; Nexus 5X Build/MMB29P) AppleWebKit/537.36 (KHTML, like Gecko) Chrome/141.0.7390.122 Mobile Safari/537.36 (compatible; GoogleOther)"
66.249.77.168 - - [02/Nov/2025:09:12:56 -0500] "GET /loupe-studio-trs-fwtr?fileloc=/home/nahevttf/public_html/wp-mail.php??market=360980781 HTTP/1.1" 200 19212 "-" "Mozilla/5.0 (Linux; Android 6.0.1; Nexus 5X Build/MMB29P) AppleWebKit/537.36 (KHTML, like Gecko) Chrome/141.0.7390.122 Mobile Safari/537.36 (compatible; GoogleOther)"
74.7.227.165 - - [02/Nov/2025:09:12:57 -0500] "GET /products/190nk13398 HTTP/1.1" 200 0 "-" "Mozilla/5.0 AppleWebKit/537.36 (KHTML, like Gecko; compatible; GPTBot/1.2; +https://openai.com/gptbot)"
66.249.77.168 - - [02/Nov/2025:09:13:00 -0500] "GET /?market=1187110254 HTTP/1.1" 200 19455 "-" "Mozilla/5.0 (Linux; Android 6.0.1; Nexus 5X Build/MMB29P) AppleWebKit/537.36 (KHTML, like Gecko) Chrome/141.0.7390.122 Mobile Safari/537.36 (compatible; Googlebot/2.1; +http://www.google.com/bot.html)"
74.7.227.165 - - [02/Nov/2025:09:13:00 -0500] "GET /products/122bc21834 HTTP/1.1" 200 0 "-" "Mozilla/5.0 AppleWebKit/537.36 (KHTML, like Gecko; compatible; GPTBot/1.2; +https://openai.com/gptbot)"
66.249.77.167 - - [02/Nov/2025:09:13:00 -0500] "GET /partsdirect-26674612 HTTP/1.1" 200 19284 "-" "Mozilla/5.0 (Linux; Android 6.0.1; Nexus 5X Build/MMB29P) AppleWebKit/537.36 (KHTML, like Gecko) Chrome/141.0.7390.122 Mobile Safari/537.36 (compatible; GoogleOther)"
66.249.77.167 - - [02/Nov/2025:09:13:03 -0500] "GET /laundry248?kg=28350 HTTP/1.1" 200 22526 "-" "Mozilla/5.0 (Linux; Android 6.0.1; Nexus 5X Build/MMB29P) AppleWebKit/537.36 (KHTML, like Gecko) Chrome/141.0.7390.122 Mobile Safari/537.36 (compatible; GoogleOther)"
